{"id":3344,"date":"2017-11-27T15:28:57","date_gmt":"2017-11-27T14:28:57","guid":{"rendered":"http:\/\/semmelweis.hu\/magtud\/?page_id=3344"},"modified":"2023-06-23T08:55:18","modified_gmt":"2023-06-23T06:55:18","slug":"institut","status":"publish","type":"page","link":"https:\/\/semmelweis.hu\/magtud\/de\/institut\/","title":{"rendered":"Institut"},"content":{"rendered":"<h4><strong>Das Leitbild des Instituts f\u00fcr Verhaltenswissenschaften an der Semmelweis-Universit\u00e4t, Budapest<\/strong><\/h4>\n<p>Die grundlegende Aufgabe des Instituts f\u00fcr Verhaltensforschung ist das Zusammenkn\u00fcpfen von Lehre, Forschung und Heilung in den Verhaltenswissenschaften an der Semmelweis Universit\u00e4t. Das Institut betrachtet die praktische Anwendung der neuesten Forschungsergebnisse des Fachgebietes auch als seine Verantwortung.<\/p>\n<p>Bedeutende Rollen des Instituts bestehen in der Entwicklung und Lehre der F\u00e4cher in einer biopsychosozialen Sicht im graduellen und postgraduellen Studium, sowie in der F\u00f6rderung der Pers\u00f6nlichkeit hinsichtlich der Profession. Das Institut wirkt durch kommunale Projekte, und mit der Ausarbeitung von dem fachlichen Hintergrund gesundheitspolitischer Entscheidungen an der Gestaltung der \u00f6ffentlichen Gesundheit mit.<\/p>\n<p>Das Institut ber\u00fccksichtigt die Medizin als eine Wissenschaft, die sowohl zu den Natur- als auch zu den Sozialwissenschaften geh\u00f6rt. Die Anforderungen der \u2019evidenzbasierten Medizin\u2019, sowie der \u2019wertorientierten Gesundheitsversorgung\u2019 (value-based healthcare) werden gleichfalls vertreten. Das Ziel von dem Institut besteht in der Vermittlung von einer Sichtweise, die die Erkennung und Anerkennung der Rechte der Patienten, \u00c4rzte und anderer Mitarbeiter im Gesundheitswesen erm\u00f6glicht. In der Heilung kommen die gesundheitspsychologische und psychosomatische Perspektiven zur Geltung.<\/p>\n<p>Das Institut h\u00e4lt die Vertretung einer Anschauung, die sowohl biopsychosoziale als auch spirituelle Aspekte zusammenkn\u00fcpt, im \u00f6ffentlichen Leben der Gesundheitsversorgung, sowie die F\u00f6rderung der Gesundheitsbewusstheit und der Verbesserung der Lebensqualit\u00e4t in Ungarn f\u00fcr seine Mission.<\/p>\n<p>Die St\u00e4rke des Instituts bildet die multidisziplin\u00e4re Fachschaft, deren Vertreter f\u00e4hig sind, die auf unterschiedlichen Fachgebieten angeh\u00e4uften Wissenselemente zu integrieren.<\/p>\n<ul style=\"list-style-type: square;\">\n<li><a href=\"https:\/\/semmelweis.hu\/magtud\/de\/institut\/fachschaft\/\" target=\"_blank\" rel=\"noopener noreferrer\">Fachschaft<\/a><\/li>\n<li><a href=\"https:\/\/semmelweis.hu\/magtud\/de\/institut\/zoom-umgangsformen-mit-online-vorlesungen-und-praktikas\/\" target=\"_blank\" rel=\"noopener noreferrer\">ZOOM Umgangsformen mit Online-Vorlesungen und Praktikas<\/a> (<a href=\"https:\/\/semmelweis.hu\/magtud\/files\/2020\/04\/Zoom-Umgangsformen-DE.docx\">doc<\/a>)<\/li>\n<li><a href=\"https:\/\/semmelweis.hu\/magtud\/en\/institute\/harkai-schiller-library\/\" target=\"_blank\" rel=\"noopener noreferrer\">Harkai Schiller Bibliothek<\/a><\/li>\n<li><a href=\"https:\/\/semmelweis.hu\/magtud\/de\/institut\/deutschsprachige-gastvorlesung-26-april-2021\/\" target=\"_blank\" rel=\"noopener noreferrer\">Deutschsprachige Gastvorlesung 26. April 2021<\/a><\/li>\n<\/ul>\n","protected":false},"excerpt":{"rendered":"<p>Das Leitbild des Instituts f\u00fcr Verhaltenswissenschaften an der Semmelweis-Universit\u00e4t, Budapest Die grundlegende Aufgabe des Instituts f\u00fcr Verhaltensforschung ist das Zusammenkn\u00fcpfen von Lehre, Forschung und Heilung in den Verhaltenswissenschaften an der Semmelweis Universit\u00e4t. Das Institut betrachtet die praktische Anwendung der neuesten Forschungsergebnisse des Fachgebietes auch als seine Verantwortung. Bedeutende Rollen des Instituts bestehen in der Entwicklung &hellip;<\/p>\n","protected":false},"author":110,"featured_media":11844,"parent":0,"menu_order":1,"comment_status":"closed","ping_status":"closed","template":"","meta":{"_acf_changed":false,"footnotes":""},"categories":[],"tags":[],"class_list":["post-3344","page","type-page","status-publish","has-post-thumbnail","hentry"],"acf":[],"_links":{"self":[{"href":"https:\/\/semmelweis.hu\/magtud\/wp-json\/wp\/v2\/pages\/3344","targetHints":{"allow":["GET"]}}],"collection":[{"href":"https:\/\/semmelweis.hu\/magtud\/wp-json\/wp\/v2\/pages"}],"about":[{"href":"https:\/\/semmelweis.hu\/magtud\/wp-json\/wp\/v2\/types\/page"}],"author":[{"embeddable":true,"href":"https:\/\/semmelweis.hu\/magtud\/wp-json\/wp\/v2\/users\/110"}],"replies":[{"embeddable":true,"href":"https:\/\/semmelweis.hu\/magtud\/wp-json\/wp\/v2\/comments?post=3344"}],"version-history":[{"count":10,"href":"https:\/\/semmelweis.hu\/magtud\/wp-json\/wp\/v2\/pages\/3344\/revisions"}],"predecessor-version":[{"id":11852,"href":"https:\/\/semmelweis.hu\/magtud\/wp-json\/wp\/v2\/pages\/3344\/revisions\/11852"}],"wp:featuredmedia":[{"embeddable":true,"href":"https:\/\/semmelweis.hu\/magtud\/wp-json\/wp\/v2\/media\/11844"}],"wp:attachment":[{"href":"https:\/\/semmelweis.hu\/magtud\/wp-json\/wp\/v2\/media?parent=3344"}],"wp:term":[{"taxonomy":"category","embeddable":true,"href":"https:\/\/semmelweis.hu\/magtud\/wp-json\/wp\/v2\/categories?post=3344"},{"taxonomy":"post_tag","embeddable":true,"href":"https:\/\/semmelweis.hu\/magtud\/wp-json\/wp\/v2\/tags?post=3344"}],"curies":[{"name":"wp","href":"https:\/\/api.w.org\/{rel}","templated":true}]}}