{"id":2186,"date":"2017-11-13T00:00:00","date_gmt":"2017-11-12T23:00:00","guid":{"rendered":"http:\/\/semmelweis.hu\/magtud\/50-nehany-szo-a-nalunk-folyo-terapiakrol\/"},"modified":"2023-06-09T11:45:12","modified_gmt":"2023-06-09T09:45:12","slug":"terapiak","status":"publish","type":"page","link":"https:\/\/semmelweis.hu\/magtud\/gyogyitas\/terapiak\/","title":{"rendered":"A ter\u00e1pi\u00e1s kezel\u00e9sekr\u0151l r\u00f6viden"},"content":{"rendered":"<p><strong><a href=\"https:\/\/semmelweis.hu\/magtud\/gyogyitas\/szakrendelo\/\">Szakrendel\u0151nk alapvet\u0151en pszichoter\u00e1pi\u00e1ra szakosodott<\/a>. Indokolt esetben a pszichoter\u00e1pi\u00e1t gy\u00f3gyszeres kezel\u00e9s javaslat\u00e1val is kieg\u00e9sz\u00edtj\u00fck. <\/strong><\/p>\n<h4><strong>A pszichoter\u00e1pi\u00e1s kezel\u00e9s n\u00e9h\u00e1ny alapelve\u00a0<\/strong><\/h4>\n<p><strong>I. A pszichoter\u00e1pia hat\u00e9konys\u00e1g\u00e1nak alapja a p\u00e1ciens szem\u00e9lyes motiv\u00e1lts\u00e1ga a v\u00e1ltoz\u00e1sra.<\/strong> Nem tudunk teh\u00e1t el\u0151jegyz\u00e9st adni hozz\u00e1tartoz\u00f3k, bar\u00e1tok k\u00e9r\u00e9s\u00e9re, csak akkor, ha a p\u00e1ciens maga jelentkezik be, \u00e9s\u00a0 elj\u00f6n az \u00e1llapotfelm\u00e9r\u0151 besz\u00e9lget\u00e9sre.<\/p>\n<p><strong>II. A pszichoter\u00e1pia olyan gy\u00f3gy\u00edt\u00e1si folyamat, amely bizonyos id\u0151t vesz ig\u00e9nybe \u00e9s a p\u00e1ciens rendszeres megjelen\u00e9s\u00e9t k\u00edv\u00e1nja a ter\u00e1pi\u00e1s \u00f3r\u00e1kon.<\/strong> Ez szakrendel\u0151nk keretei k\u00f6z\u00f6tt \u00e1ltal\u00e1ban hetenk\u00e9nti (ritk\u00e1bban k\u00e9thetenk\u00e9nti) megjelen\u00e9st jelent. (Mivel) szakrendel\u0151nk r\u00f6vid ter\u00e1pi\u00e1kat v\u00e9gez, <strong>egy ter\u00e1pia \u00e1tlagosan kb. 15 -20 alkalomb\u00f3l \u00e1ll<\/strong>. A ter\u00e1pia egyes esetekben sz\u00e1m\u00edt\u00f3g\u00e9pes kapcsolaton kereszt\u00fcl (telemedicina form\u00e1j\u00e1ban) is t\u00f6rt\u00e9nhet.<\/p>\n<p><strong>III.<\/strong> A betegek nagy sz\u00e1ma miatt egy\u00e9ni id\u0151pont-ig\u00e9nyeket csup\u00e1n korl\u00e1tozottan tudunk figyelembe venni. <strong>A ter\u00e1pi\u00e1s \u00fcl\u00e9sek\u00a0 (ritka kiv\u00e9telekt\u0151l eltekintve) h\u00e9tk\u00f6znapokon 08.00-17.00 \u00f3ra k\u00f6z\u00f6tt zajlanak.<\/strong><\/p>\n<p><strong>IV. A 3. pszichoter\u00e1pi\u00e1s \u00fcl\u00e9st k\u00f6vet\u0151en a terapeuta \u00e9s p\u00e1ciens k\u00f6z\u00f6sen fel\u00fclvizsg\u00e1lj\u00e1k a ter\u00e1pi\u00e1t.<\/strong> Amennyiben \u00fagy \u00edt\u00e9lik meg, hogy a szakrendel\u0151 \u00e1ltal ny\u00fajthat\u00f3 ter\u00e1pi\u00e1s lehet\u0151s\u00e9gek nem elegend\u0151ek a p\u00e1ciens probl\u00e9m\u00e1j\u00e1nak megold\u00e1s\u00e1hoz, a terapeuta \u00e1tir\u00e1ny\u00edtja a p\u00e1cienst olyan int\u00e9zm\u00e9nybe, ahol hat\u00e9konyabb kezel\u00e9sre van lehet\u0151s\u00e9g. Minderre az\u00e9rt van sz\u00fcks\u00e9g, mert el\u0151fordulhat, hogy valamilyen, ambulanci\u00e1nk pszichoter\u00e1pi\u00e1s profilj\u00e1t\u00f3l elt\u00e9r\u0151 kezel\u00e9st ig\u00e9nyl\u0151 t\u00e9nyez\u0151 nem der\u00fcl ki a ter\u00e1pia kezdet\u00e9n.<\/p>\n<p>A pszichoter\u00e1pi\u00e1s kezel\u00e9st vagy t\u00e1mogat\u00f3 seg\u00edts\u00e9gny\u00fajt\u00e1st a ter\u00e1pi\u00e1s ill. \u00f6nk\u00e9ntes seg\u00edt\u0151i\u00a0 szerz\u0151d\u00e9sek szab\u00e1lyozz\u00e1k, melyek meghat\u00e1rozz\u00e1k a beteg \u00e9s a seg\u00edt\u0151\/terapeuta egy\u00fcttm\u0171k\u00f6d\u00e9s\u00e9nek kereteit.<\/p>\n<p><strong>V.\u00a0<\/strong> K\u00e9t ter\u00e1pi\u00e1s \u00fcl\u00e9s k\u00f6z\u00f6tt a p\u00e1ciens gyakran \u201e<strong>h\u00e1zi feladat<\/strong>okat\u201d kap: p\u00e9ld\u00e1ul k\u00e9rd\u0151\u00edveket kell kit\u00f6ltenie, gyakorlatokat v\u00e9geznie vagy napl\u00f3t vezetni \u00e1llapot\u00e1r\u00f3l, probl\u00e9m\u00e1ir\u00f3l.<\/p>\n","protected":false},"excerpt":{"rendered":"<p><a href=\"https:\/\/semmelweis.hu\/magtud\/gyogyitas\/szakrendelo\/\">Szakrendel\u0151nk alapvet\u0151en pszichoter\u00e1pi\u00e1ra szakosodott<\/a> . Indokolt esetben a pszichoter\u00e1pi\u00e1t gy\u00f3gyszeres kezel\u00e9s javaslat\u00e1val is kieg\u00e9sz\u00edtj\u00fck. A pszichoter\u00e1pi\u00e1s kezel\u00e9s n\u00e9h\u00e1ny alapelve\u00a0 I. A pszichoter\u00e1pia hat\u00e9konys\u00e1g\u00e1nak alapja a p\u00e1ciens szem\u00e9lyes motiv\u00e1lts\u00e1ga a v\u00e1ltoz\u00e1sra. Nem tudunk teh\u00e1t el\u0151jegyz\u00e9st adni hozz\u00e1tartoz\u00f3k, bar\u00e1tok k\u00e9r\u00e9s\u00e9re, csak akkor, ha a p\u00e1ciens maga jelentkezik be, \u00e9s\u00a0 elj\u00f6n az \u00e1llapotfelm\u00e9r\u0151 besz\u00e9lget\u00e9sre. II. A pszichoter\u00e1pia olyan gy\u00f3gy\u00edt\u00e1si folyamat, amely bizonyos &hellip;<\/p>\n","protected":false},"author":110,"featured_media":0,"parent":2391,"menu_order":1,"comment_status":"closed","ping_status":"closed","template":"","meta":{"_acf_changed":false,"footnotes":""},"categories":[],"tags":[],"class_list":["post-2186","page","type-page","status-publish","hentry"],"acf":[],"_links":{"self":[{"href":"https:\/\/semmelweis.hu\/magtud\/wp-json\/wp\/v2\/pages\/2186","targetHints":{"allow":["GET"]}}],"collection":[{"href":"https:\/\/semmelweis.hu\/magtud\/wp-json\/wp\/v2\/pages"}],"about":[{"href":"https:\/\/semmelweis.hu\/magtud\/wp-json\/wp\/v2\/types\/page"}],"author":[{"embeddable":true,"href":"https:\/\/semmelweis.hu\/magtud\/wp-json\/wp\/v2\/users\/110"}],"replies":[{"embeddable":true,"href":"https:\/\/semmelweis.hu\/magtud\/wp-json\/wp\/v2\/comments?post=2186"}],"version-history":[{"count":11,"href":"https:\/\/semmelweis.hu\/magtud\/wp-json\/wp\/v2\/pages\/2186\/revisions"}],"predecessor-version":[{"id":11781,"href":"https:\/\/semmelweis.hu\/magtud\/wp-json\/wp\/v2\/pages\/2186\/revisions\/11781"}],"up":[{"embeddable":true,"href":"https:\/\/semmelweis.hu\/magtud\/wp-json\/wp\/v2\/pages\/2391"}],"wp:attachment":[{"href":"https:\/\/semmelweis.hu\/magtud\/wp-json\/wp\/v2\/media?parent=2186"}],"wp:term":[{"taxonomy":"category","embeddable":true,"href":"https:\/\/semmelweis.hu\/magtud\/wp-json\/wp\/v2\/categories?post=2186"},{"taxonomy":"post_tag","embeddable":true,"href":"https:\/\/semmelweis.hu\/magtud\/wp-json\/wp\/v2\/tags?post=2186"}],"curies":[{"name":"wp","href":"https:\/\/api.w.org\/{rel}","templated":true}]}}