{"id":2168,"date":"2017-11-13T00:00:00","date_gmt":"2017-11-12T23:00:00","guid":{"rendered":"http:\/\/semmelweis.hu\/magtud\/65-orvosi-kommunikacio-kutatocsoport\/"},"modified":"2022-04-11T10:49:02","modified_gmt":"2022-04-11T08:49:02","slug":"orvosi-kommunikacio-kutatocsoport","status":"publish","type":"page","link":"https:\/\/semmelweis.hu\/magtud\/kutatas\/kutatasi-teruletek\/orvosi-kommunikacio-kutatocsoport\/","title":{"rendered":"Orvosi kommunik\u00e1ci\u00f3 kutat\u00f3csoport"},"content":{"rendered":"<p><strong>Vezet\u0151: <\/strong>Dr. Pilling J\u00e1nos, PhD, egyetemi docens<\/p>\n<p>E-mail:<img decoding=\"async\" src=\"\/magtud\/files\/2017\/11\/email\/pilling_janos.png\" height=\"30\" \/><\/p>\n<p><strong>Tagok:<br \/>\n<\/strong>Dr. Babusa Bernadett, egyetemi adjunktus<br \/>\nDr. Balog Piroska, PhD, egyetemi adjunktus<br \/>\nDr. Heged\u0171s Katalin, PhD, habil. egyetemi docens<br \/>\nDr. Koll\u00e1r J\u00e1nos, PhD, egyetemi docens<br \/>\nDr. Major J\u00e1nos, PhD, egyetemi tan\u00e1rseg\u00e9d<br \/>\nDr. N\u00e9meth Adrienn, klinikai szakorvos<br \/>\nDr. S\u00e1ndor Imola, PhD, klinikai szakpszichol\u00f3gus<br \/>\nDr. Stauder Adrienne, PhD, egyetemi docens<br \/>\nDr. Sz\u00e9pe Orsolya, egyetemi adjunktus<br \/>\nDr. T\u00f3th M\u00f3nika Ditta, egyetemi adjunktus<\/p>\n<p><strong>Kutat\u00e1si ter\u00fclet<\/strong><\/p>\n<p>A kutat\u00f3csoport c\u00e9lja az orvosi kommunik\u00e1ci\u00f3 k\u00fcl\u00f6nb\u00f6z\u0151 aspektusainak vizsg\u00e1lata, k\u00fcl\u00f6n\u00f6s tekintettel a betegoktat\u00e1sra, a ter\u00e1pi\u00e1s egy\u00fcttm\u0171k\u00f6d\u00e9s fejleszt\u00e9s\u00e9re, a szomatiz\u00e1l\u00f3 betegekkel val\u00f3 kapcsolatra, a betegbiztons\u00e1g kommunik\u00e1ci\u00f3s vonatkoz\u00e1saira, az eg\u00e9szs\u00e9g\u00fcgyi team-en bel\u00fcli kommunik\u00e1ci\u00f3ra \u00e9s az interkultur\u00e1lis kommunik\u00e1ci\u00f3ra. Az interperszon\u00e1lis kommunik\u00e1ci\u00f3 kutat\u00e1sa mellett a kutat\u00f3csoport foglalkozik az orvosi kommunik\u00e1ci\u00f3 \u00faj oktat\u00e1si m\u00f3dszereinek vizsg\u00e1lat\u00e1val is.<\/p>\n<p><strong>Az elm\u00falt 5 \u00e9v legfontosabb publik\u00e1ci\u00f3i<\/strong><\/p>\n<p>F\u00f6ldesi E, Hauser P, Heged\u0171s K: Az orvosi kommunik\u00e1ci\u00f3 saj\u00e1toss\u00e1gai a gyermekonkol\u00f3gia ter\u00fclet\u00e9n, k\u00fcl\u00f6n\u00f6s tekintettel a palliat\u00edv ell\u00e1t\u00e1sra. ORVOSI HETILAP 169 : 9 pp. 323-329. , 7 p. (2020)<\/p>\n<p>Fritz \u00c1d\u00e1m, T\u00f3th M\u00f3nika Ditta, Sus\u00e1nszky \u00c9va: A gy\u00f3gyszer\u00e9sz kapu\u0151r szerepe a depresszi\u00f3 felismer\u00e9s\u00e9ben \u00e9s az \u00f6ngyilkoss\u00e1g megel\u0151z\u00e9s\u00e9ben \u2013 1. r\u00e9sz. GY\u00d3GYSZER\u00c9SZET 64 : 1-4 pp. 1-4. , 4 p. (2020)<\/p>\n<p>Fritz \u00c1d\u00e1m, Dr. T\u00f3th M\u00f3nika Ditta, Dr. Sus\u00e1nszky \u00c9va: A gy\u00f3gyszer\u00e9sz kapu\u0151r szerepe a depresszi\u00f3 felismer\u00e9s\u00e9ben \u00e9s az \u00f6ngyilkoss\u00e1g megel\u0151z\u00e9s\u00e9ben \u2013 2. r\u00e9sz. GY\u00d3GYSZER\u00c9SZET 64 pp. 275-279. , 5 p. (2020)<\/p>\n<p>S\u00e1ndor Imola, Pilling J\u00e1nos (2016): T\u00e9vhitek az orvosi kommunik\u00e1ci\u00f3r\u00f3l. Orvosi Hetilap, 157 (17): 644-648.<\/p>\n<p>Pilling J\u00e1nos, Erd\u00e9lyi Kamilla (2016): Az eg\u00e9szs\u00e9g\u00fcgyi k\u00e1rt\u00e9r\u00edt\u00e9si perek kommunik\u00e1ci\u00f3s vonatkoz\u00e1sai. Orvosi Hetilap, 157 (17): 654-658.<\/p>\n<p>Stauder Adrienne, E\u00f6rsi D\u00e1niel, Pilling J\u00e1nos (2016): Az orvos\u2013beteg kommunik\u00e1ci\u00f3 jelent\u0151s\u00e9ge a szomatiz\u00e1l\u00f3 p\u00e1ciensek ell\u00e1t<br \/>\n\u00e1s\u00e1ban. Orvosi Hetilap, 157 (17): 664-668.<\/p>\n<p>Koll\u00e1r J\u00e1nos (2016): Kommunik\u00e1ci\u00f3 az eg\u00e9szs\u00e9g\u00fcgyi teamen bel\u00fcl: orvosok \u00e9s szakdolgoz\u00f3k. Orvosi Hetilap, 157 (17): 659-663.<\/p>\n<p>Koll\u00e1r J, Babusa B, Stauder A, Pilling J, Cserepes R, Czegl\u00e9di E (2016): Improving teaching efficiency on Medical Universities \u2013 A comparative study of Hungarian and foreign medical university students\u2019 feedbacks regarding learning by KOLLAR method. Journal Of Contemporary Medical Education\u00a04:(1)\u00a01-7<\/p>\n<p>Koll\u00e1r J\u00e1nos (2015): T\u00e1rsasj\u00e1t\u00e9kok az orvosk\u00e9pz\u00e9sben. Lege Artis Medicinae, 25 (06-07): 296-299.<\/p>\n","protected":false},"excerpt":{"rendered":"<p>Vezet\u0151: Dr. Pilling J\u00e1nos, PhD, egyetemi docens E-mail: Tagok: Dr. Babusa Bernadett, egyetemi adjunktus Dr. Balog Piroska, PhD, egyetemi adjunktus Dr. Heged\u0171s Katalin, PhD, habil. egyetemi docens Dr. Koll\u00e1r J\u00e1nos, PhD, egyetemi docens Dr. Major J\u00e1nos, PhD, egyetemi tan\u00e1rseg\u00e9d Dr. N\u00e9meth Adrienn, klinikai szakorvos Dr. S\u00e1ndor Imola, PhD, klinikai szakpszichol\u00f3gus Dr. Stauder Adrienne, PhD, egyetemi &hellip;<\/p>\n","protected":false},"author":110,"featured_media":0,"parent":2059,"menu_order":6,"comment_status":"closed","ping_status":"closed","template":"","meta":{"_acf_changed":false,"footnotes":""},"categories":[],"tags":[],"class_list":["post-2168","page","type-page","status-publish","hentry"],"acf":[],"_links":{"self":[{"href":"https:\/\/semmelweis.hu\/magtud\/wp-json\/wp\/v2\/pages\/2168","targetHints":{"allow":["GET"]}}],"collection":[{"href":"https:\/\/semmelweis.hu\/magtud\/wp-json\/wp\/v2\/pages"}],"about":[{"href":"https:\/\/semmelweis.hu\/magtud\/wp-json\/wp\/v2\/types\/page"}],"author":[{"embeddable":true,"href":"https:\/\/semmelweis.hu\/magtud\/wp-json\/wp\/v2\/users\/110"}],"replies":[{"embeddable":true,"href":"https:\/\/semmelweis.hu\/magtud\/wp-json\/wp\/v2\/comments?post=2168"}],"version-history":[{"count":7,"href":"https:\/\/semmelweis.hu\/magtud\/wp-json\/wp\/v2\/pages\/2168\/revisions"}],"predecessor-version":[{"id":10670,"href":"https:\/\/semmelweis.hu\/magtud\/wp-json\/wp\/v2\/pages\/2168\/revisions\/10670"}],"up":[{"embeddable":true,"href":"https:\/\/semmelweis.hu\/magtud\/wp-json\/wp\/v2\/pages\/2059"}],"wp:attachment":[{"href":"https:\/\/semmelweis.hu\/magtud\/wp-json\/wp\/v2\/media?parent=2168"}],"wp:term":[{"taxonomy":"category","embeddable":true,"href":"https:\/\/semmelweis.hu\/magtud\/wp-json\/wp\/v2\/categories?post=2168"},{"taxonomy":"post_tag","embeddable":true,"href":"https:\/\/semmelweis.hu\/magtud\/wp-json\/wp\/v2\/tags?post=2168"}],"curies":[{"name":"wp","href":"https:\/\/api.w.org\/{rel}","templated":true}]}}