{"id":2166,"date":"2017-11-13T00:00:00","date_gmt":"2017-11-12T23:00:00","guid":{"rendered":"http:\/\/semmelweis.hu\/magtud\/61-csaladi-kapcsolatok-minosege-es-az-egeszsegi-allapot-oesszefueggesei-kutatocsoport\/"},"modified":"2020-09-14T14:59:45","modified_gmt":"2020-09-14T12:59:45","slug":"csaladi-kapcsolatok-minosege-es-az-egeszsegi-allapot-oesszefueggesei-kutatocsoport","status":"publish","type":"page","link":"https:\/\/semmelweis.hu\/magtud\/kutatas\/kutatasi-teruletek\/csaladi-kapcsolatok-minosege-es-az-egeszsegi-allapot-oesszefueggesei-kutatocsoport\/","title":{"rendered":"Csal\u00e1di kapcsolatok min\u0151s\u00e9ge \u00e9s az eg\u00e9szs\u00e9gi \u00e1llapot \u00f6sszef\u00fcgg\u00e9sei &#8211; kutat\u00f3csoport"},"content":{"rendered":"<p><strong>T\u00e9ma: <\/strong>A csal\u00e1di \u00e1llapot (k\u00fcl\u00f6n\u00f6s tekintettel a h\u00e1zast\u00e1rsi\/\u00e9lett\u00e1rsi valamint az elv\u00e1lt csal\u00e1di \u00e1llapotok) \u00e9s az eg\u00e9szs\u00e9gi \u00e1llapot \u00f6sszef\u00fcgg\u00e9sei, valamint a sz\u00fcl\u0151i konfliktusok \u00e9s a gyerekek eg\u00e9szs\u00e9gi \u00e1llapot\u00e1nak vizsg\u00e1lata.<\/p>\n<p><strong>\u00a0T\u00e9mavezet\u0151:<\/strong> Balog Piroska<\/p>\n<p>E-mail: <img decoding=\"async\" src=\"\/magtud\/files\/2017\/11\/baoig_piroska.png\" height=\"30\" \/><\/p>\n<p><em>\u00a0<\/em><strong>Munkacsoport tagjai: <\/strong><\/p>\n<p>Int\u00e9zeti munkat\u00e1rsak: Szepes M\u00e1ria, Kov\u00e1cs \u00c9va (PhD hallgat\u00f3k), Czine Gr\u00e9ta (SE hallgat\u00f3)<\/p>\n<p>K\u00fcls\u0151 munkat\u00e1rsak: M\u00e9sz\u00e1ros Eszter, Szab\u00f3 G\u00e1bor<\/p>\n<p><strong>A kutat\u00e1s c\u00e9lja <\/strong><\/p>\n<p style=\"text-align: justify\">Az eg\u00e9szs\u00e9g s\u00e9r\u00fcl\u00e9se a csal\u00e1di kapcsolatokra is hat\u00e1ssal van, ugyanakkor a h\u00e1zast\u00e1rsi konfliktusok, nemcsak a ment\u00e1lis eg\u00e9szs\u00e9get rontj\u00e1k (n\u00f6velve a szorong\u00e1sos \u00e9s depresszi\u00f3s t\u00fcnetek sz\u00e1m\u00e1t) de fiziol\u00f3giai v\u00e1ltoz\u00e1sokat is okoznak. Kutat\u00e1sunk sor\u00e1n azt vizsg\u00e1juk, hogy a csal\u00e1di \u00e1llapot (k\u00fcl\u00f6n\u00f6s tekintettel a h\u00e1zast\u00e1rsi\/\u00e9lett\u00e1rsi valamint az elv\u00e1lt csal\u00e1di \u00e1llapotok), valamint a h\u00e1zast\u00e1rsi stressz milyen \u00f6sszef\u00fcgg\u00e9seket mutat a (ment\u00e1lis \u00e9s fizikai) eg\u00e9sz\u00e9gi \u00e1llapottal. Ugyanakkor a csal\u00e1di konfliktusok, a v\u00e1l\u00e1s, hat\u00e1ssal vannak a gyermekek eg\u00e9szs\u00e9g\u00e9re, fejl\u0151d\u00e9s\u00e9re. Tervezz\u00fck a nemzetk<br \/>\n\u00f6zileg alkalmazott Sz\u00fcl\u0151i Konfliktusok \u00c9rz\u00e9kel\u00e9s\u00e9t M\u00e9r\u0151 Sk\u00e1la (The Children\u2019s Perception of Interparental Conflict Scale; CPIC) magyar gyermekek k\u00f6r\u00e9ben t\u00f6rt\u00e9n\u0151 valid\u00e1l\u00e1s\u00e1t \u00e9s standardiz\u00e1l\u00e1s\u00e1t.<\/p>\n<p><strong>\u00a0<\/strong><\/p>\n<p><strong>A t\u00e9m\u00e1hoz kapcsol\u00f3d\u00f3 publik\u00e1ci\u00f3k: <\/strong><\/p>\n<p>Czine Gr\u00e9ta: A h\u00e1zast\u00e1rsi konfliktusok \u00e9s a gyermekek eg\u00e9szs\u00e9ge k\u00f6z\u00f6tti \u00f6sszef\u00fcgg\u00e9sek (szakdolgozat) (2017) Semmelweis Egyetem, Magatart\u00e1studom\u00e1nyi Int\u00e9zet, T\u00e9mavezet\u0151: Dr. Balog Piroska<\/p>\n<p>Szepes, M\u00e1ria ; Kov\u00e1cs, \u00c9va ; Balog, Piroska: Kr\u00edzis a csal\u00e1dban &#8211; a csal\u00e1di kapcsolatok min\u0151s\u00e9ge \u00e9s az eg\u00e9szs\u00e9gi \u00e1llapot \u00f6sszef\u00fcgg\u00e9sei. In: Kiss, Enik\u0151 Csilla; Mak\u00f3, Hajnalka (szerk.) A gy\u00e1sz, kr\u00edzis, trauma \u00e9s a megk\u00fczd\u00e9s l\u00e9lektana. P\u00e9cs: Pro Pannonia Kiad\u00f3, (2015) pp. 166-181. , 16 p.<\/p>\n<p>Konkoly, Thege Barna ; Kov\u00e1cs, \u00c9va ; Balog, Piroska (2014): A bifactor model of the Posttraumatic Growth Inventory. HEALTH PSYCHOLOGY AND BEHAVIORAL MEDICINE 2 : 1 pp. 529-540. , 12 p. (2014)<\/p>\n<p>P. Balog, P. Falger, G. Szab\u00f3, Cs L. D\u00e9gi, \u00c9va K\u00e1llay, A. Stauder, A Sz\u00e9kely, M S. Kopp, 2013): Marital distress, treatment for hypertension and depression &#8211; gender differences. Journal of Cognitive and Behavioral Psychotherapies, Vol. 13, No. 2, September 2013, 371-384.<\/p>\n<p>Kov\u00e1cs \u00c9, Balog P, M\u00e9sz\u00e1ros E, Kopp M (2013): A h\u00e1zast\u00e1rsi, \u00e9lett\u00e1rsi \u00e9s elv\u00e1lt csal\u00e1di \u00e1llapot \u00f6sszef\u00fcgg\u00e9sei a ment\u00e1lis eg\u00e9szs\u00e9ggel. Ment\u00e1lhigi\u00e9n\u00e9 \u00e9s Pszichoszomatika 14 (3), 205\u2014230, DOI: 10.1556\/Mental.14.2013.3.2<\/p>\n<p>Balog P, Sz\u00e9kely A, Szab\u00f3 G, Kopp M (2006) A R\u00f6vid\u00edtett H\u00e1zast\u00e1rsi Stressz Sk\u00e1la pszichometriai jellemz\u0151i. Ment\u00e1lhigi\u00e9n\u00e9 \u00e9s Pszichoszomatika. 7 (3): 193-203.<\/p>\n","protected":false},"excerpt":{"rendered":"<p>T\u00e9ma: A csal\u00e1di \u00e1llapot (k\u00fcl\u00f6n\u00f6s tekintettel a h\u00e1zast\u00e1rsi\/\u00e9lett\u00e1rsi valamint az elv\u00e1lt csal\u00e1di \u00e1llapotok) \u00e9s az eg\u00e9szs\u00e9gi \u00e1llapot \u00f6sszef\u00fcgg\u00e9sei, valamint a sz\u00fcl\u0151i konfliktusok \u00e9s a gyerekek eg\u00e9szs\u00e9gi \u00e1llapot\u00e1nak vizsg\u00e1lata. \u00a0T\u00e9mavezet\u0151: Balog Piroska E-mail: \u00a0Munkacsoport tagjai: Int\u00e9zeti munkat\u00e1rsak: Szepes M\u00e1ria, Kov\u00e1cs \u00c9va (PhD hallgat\u00f3k), Czine Gr\u00e9ta (SE hallgat\u00f3) K\u00fcls\u0151 munkat\u00e1rsak: M\u00e9sz\u00e1ros Eszter, Szab\u00f3 G\u00e1bor A kutat\u00e1s c\u00e9lja &hellip;<\/p>\n","protected":false},"author":110,"featured_media":0,"parent":2059,"menu_order":13,"comment_status":"closed","ping_status":"closed","template":"","meta":{"_acf_changed":false,"footnotes":""},"categories":[],"tags":[],"class_list":["post-2166","page","type-page","status-publish","hentry"],"acf":[],"_links":{"self":[{"href":"https:\/\/semmelweis.hu\/magtud\/wp-json\/wp\/v2\/pages\/2166","targetHints":{"allow":["GET"]}}],"collection":[{"href":"https:\/\/semmelweis.hu\/magtud\/wp-json\/wp\/v2\/pages"}],"about":[{"href":"https:\/\/semmelweis.hu\/magtud\/wp-json\/wp\/v2\/types\/page"}],"author":[{"embeddable":true,"href":"https:\/\/semmelweis.hu\/magtud\/wp-json\/wp\/v2\/users\/110"}],"replies":[{"embeddable":true,"href":"https:\/\/semmelweis.hu\/magtud\/wp-json\/wp\/v2\/comments?post=2166"}],"version-history":[{"count":4,"href":"https:\/\/semmelweis.hu\/magtud\/wp-json\/wp\/v2\/pages\/2166\/revisions"}],"predecessor-version":[{"id":9126,"href":"https:\/\/semmelweis.hu\/magtud\/wp-json\/wp\/v2\/pages\/2166\/revisions\/9126"}],"up":[{"embeddable":true,"href":"https:\/\/semmelweis.hu\/magtud\/wp-json\/wp\/v2\/pages\/2059"}],"wp:attachment":[{"href":"https:\/\/semmelweis.hu\/magtud\/wp-json\/wp\/v2\/media?parent=2166"}],"wp:term":[{"taxonomy":"category","embeddable":true,"href":"https:\/\/semmelweis.hu\/magtud\/wp-json\/wp\/v2\/categories?post=2166"},{"taxonomy":"post_tag","embeddable":true,"href":"https:\/\/semmelweis.hu\/magtud\/wp-json\/wp\/v2\/tags?post=2166"}],"curies":[{"name":"wp","href":"https:\/\/api.w.org\/{rel}","templated":true}]}}