{"id":2165,"date":"2017-11-13T00:00:00","date_gmt":"2017-11-12T23:00:00","guid":{"rendered":"http:\/\/semmelweis.hu\/magtud\/60-biomedicina-es-alternativ-gyogyitas-kutatocsoport\/"},"modified":"2020-09-10T10:48:27","modified_gmt":"2020-09-10T08:48:27","slug":"biomedicina-es-alternativ-gyogyitas-kutatocsoport","status":"publish","type":"page","link":"https:\/\/semmelweis.hu\/magtud\/kutatas\/kutatasi-teruletek\/biomedicina-es-alternativ-gyogyitas-kutatocsoport\/","title":{"rendered":"Biomedicina \u00e9s alternat\u00edv gy\u00f3gy\u00edt\u00e1s kutat\u00f3csoport"},"content":{"rendered":"<p><strong>Kutat\u00f3csoport tagjai:<\/strong> Dr. L\u0151rincz Jen\u0151, Dr. Gy\u0151rffy Zsuzsa Ph.D., Dr. Moln\u00e1r L\u00e1szl\u00f3, Dr. Z\u00f6rg\u0151 Szilvia PhD., Dr. Szvath Petra, Dr. Bar\u00e1th Szandra, Dr. \u00d3nody-Moln\u00e1r Veronika, Petr\u00f3 Eszter PhD., Pech\u00e1n Eszter, Farkas Cec\u00edlia, Nyitrai Petra<\/p>\n<p><strong>Vezet\u0151je:<\/strong> Dr. Zana \u00c1gnes Ph.D.<\/p>\n<p>A kutat\u00f3csoport c\u00e9lja a nyugati t\u00edpus\u00fa t\u00e1rsadalmak gy\u00f3gy\u00edt\u00f3 rendszereinek interdiszciplin\u00e1ris, \u00f6sszehasonl\u00edt\u00f3 vizsg\u00e1lata, az orvosi antropol\u00f3gia, pszichol\u00f3gia, orvosl\u00e1s, jog szempontrendszer\u00e9n kereszt\u00fcl, azok m\u00f3dszertani elemeit alkalmazva. Az orvos- beteg viszony, a t\u00e1rsadalmi norm\u00e1k, az alternat\u00edv\/komplementer rendszerekhez val\u00f3 laikus \u00e9s professzion\u00e1lis hozz\u00e1\u00e1ll\u00e1s megv\u00e1ltoz\u00e1sa, a gy\u00f3gy\u00edt\u00f3 rendszerek szimult\u00e1n alkalmaz\u00e1sa, az orvosi\/gy\u00f3gy\u00edt\u00f3i identit\u00e1s v\u00e1ltoz\u00e1sa \u00e9s annak t\u00e1rsadalmi kontextusa \u00e1ll kutat\u00e1saink homlokter\u00e9ben. Rem\u00e9nyeink szerint munk\u00e1nk hozz\u00e1j\u00e1rul az orvosi hivat\u00e1s, a beteg-gy\u00f3gy\u00edt\u00f3 viszony, \u00e9s az eg\u00e9szs\u00e9g-betegs\u00e9gfogalom \u00fajra\u00e9rtelmez\u00e9s\u00e9hez.<\/p>\n<p><strong>Munkacsoportok:<\/strong><\/p>\n<p><strong><em>\u00c1llat assziszt\u00e1lt intervenci\u00f3 munkacsoport;<\/em><\/strong><\/p>\n<p><strong><em>Multidiszciplin\u00e1ris team munkacsoport;<\/em><\/strong><\/p>\n<p><strong>Jelenleg fut\u00f3 kutat\u00e1sok:<\/strong><\/p>\n<ul>\n<li>\u00c1llat assziszt\u00e1lt intervenci\u00f3 hat\u00e1sai stroke-on \u00e1tesett p\u00e1ciensek k\u00f6r\u00e9ben;<\/li>\n<li>Do as I do m\u00f3dszer hat\u00e9konys\u00e1g\u00e1nak m\u00e9r\u00e9se k\u00f6zepesen s\u00falyos \u00e9rtelmileg akad\u00e1lyozott fiatalok k\u00f6r\u00e9ben;<\/li>\n<li>Multidiszciplin\u00e1ris team az intenz\u00edv ter\u00e1pi\u00e1s ell\u00e1t\u00e1sban;<\/li>\n<li>Multidiszciplin\u00e1ris teamek vizsg\u00e1lata a pszichi\u00e1triai \u00e9s pszichoter\u00e1pi\u00e1s ell\u00e1t\u00e1sban;<\/li>\n<\/ul>\n<p><strong>T\u00e9m\u00e1ban megjelent fontosabb publik\u00e1ci\u00f3k:<\/strong><\/p>\n<p>Pethe O, Tuza E, Zana \u00c1 (2020): Az \u00e1llatassziszt\u00e1lt intervenci\u00f3 gyakorlati alkalmaz\u00e1s\u00e1nak hat\u00e1sai \u00e9s lehet\u0151s\u00e9gei a palliat\u00edv ell\u00e1t\u00e1sban. KHAR\u00d3N Thanatol\u00f3giai Szemle XXIII. \u00e9vfolyam 2019\/4 sz. 12-27.<\/p>\n<p>Z\u00f6rg\u0151 Szilvia, Purebl Gy\u00f6rgy, Zana \u00c1gnes (2018): A qualitative study of culturally embedded factors in complementary and alternative medicine use, BMC COMPLEMENTARY AND ALTERNATIVE MEDICINE 18: (1) 25.<\/p>\n<p>Zana (2018): Mit mondjak, hogyan mondjam? Kossuth Kiad\u00f3.<\/p>\n<p>Z\u00f6rg\u0151 Sz, Purebl Gy, Zana \u00c1 (2016): A komplementer \u00e9s alternat\u00edv medicina fel\u00e9 orient\u00e1l\u00f3d\u00f3 ter\u00e1piav\u00e1laszt\u00e1st meghat\u00e1roz\u00f3 t\u00e9nyez\u0151k. Orv. Hetil., 2016, 157(15), 584\u2013592.<\/p>\n<p>Zsoldos Amanda, S\u00e1tori \u00c1gnes, Zana \u00c1gnes (2014):\u00a0<strong>Az \u00e1llatassziszt\u00e1lt intervenci\u00f3 hat\u00e1sa gerincvel\u0151s\u00e9r\u00fclt szem\u00e9lyek rehabilit\u00e1ci\u00f3j\u00e1ban<\/strong>, ORVOSI HETILAP 155: (39) pp. 1549-1557.<\/p>\n<p>Zana \u00c1, Zsink\u00f3-Szab\u00f3 Z (2013): &#8222;Olykor \u00fagy \u00e9reztem, \u00e9n jobban \u00e9rtem m\u00e9g, mit akar a beteg mondani&#8221;: Orvosi antropol\u00f3gia &#8211; orvostanhallgat\u00f3k terepmunka-tapasztalatai. LEGE ARTIS MEDICINAE 23:(7-8) pp. 360-367.<\/p>\n<p>L\u0151rincz J (2000): &#8222;N\u00e9pi betegs\u00e9gek&#8221;: t\u00fcnet, viselked\u00e9s, jelent\u00e9s. In: Lexik\u00e1lis jelent\u00e9s, aktu\u00e1lis jelent\u00e9s. Seg\u00e9dk\u00f6nyvek a nyelv\u00e9szet tanulm\u00e1nyoz\u00e1s\u00e1hoz. (Szerk. Gecs\u0151 Tam\u00e1s.) Tinta K\u00f6nyvkiad\u00f3, Budapest. 191-193<\/p>\n","protected":false},"excerpt":{"rendered":"<p>Kutat\u00f3csoport tagjai: Dr. L\u0151rincz Jen\u0151, Dr. Gy\u0151rffy Zsuzsa Ph.D., Dr. Moln\u00e1r L\u00e1szl\u00f3, Dr. Z\u00f6rg\u0151 Szilvia PhD., Dr. Szvath Petra, Dr. Bar\u00e1th Szandra, Dr. \u00d3nody-Moln\u00e1r Veronika, Petr\u00f3 Eszter PhD., Pech\u00e1n Eszter, Farkas Cec\u00edlia, Nyitrai Petra Vezet\u0151je: Dr. Zana \u00c1gnes Ph.D. A kutat\u00f3csoport c\u00e9lja a nyugati t\u00edpus\u00fa t\u00e1rsadalmak gy\u00f3gy\u00edt\u00f3 rendszereinek interdiszciplin\u00e1ris, \u00f6sszehasonl\u00edt\u00f3 vizsg\u00e1lata, az orvosi antropol\u00f3gia, pszichol\u00f3gia, &hellip;<\/p>\n","protected":false},"author":110,"featured_media":0,"parent":2059,"menu_order":4,"comment_status":"closed","ping_status":"closed","template":"","meta":{"_acf_changed":false,"footnotes":""},"categories":[],"tags":[],"class_list":["post-2165","page","type-page","status-publish","hentry"],"acf":[],"_links":{"self":[{"href":"https:\/\/semmelweis.hu\/magtud\/wp-json\/wp\/v2\/pages\/2165","targetHints":{"allow":["GET"]}}],"collection":[{"href":"https:\/\/semmelweis.hu\/magtud\/wp-json\/wp\/v2\/pages"}],"about":[{"href":"https:\/\/semmelweis.hu\/magtud\/wp-json\/wp\/v2\/types\/page"}],"author":[{"embeddable":true,"href":"https:\/\/semmelweis.hu\/magtud\/wp-json\/wp\/v2\/users\/110"}],"replies":[{"embeddable":true,"href":"https:\/\/semmelweis.hu\/magtud\/wp-json\/wp\/v2\/comments?post=2165"}],"version-history":[{"count":3,"href":"https:\/\/semmelweis.hu\/magtud\/wp-json\/wp\/v2\/pages\/2165\/revisions"}],"predecessor-version":[{"id":9028,"href":"https:\/\/semmelweis.hu\/magtud\/wp-json\/wp\/v2\/pages\/2165\/revisions\/9028"}],"up":[{"embeddable":true,"href":"https:\/\/semmelweis.hu\/magtud\/wp-json\/wp\/v2\/pages\/2059"}],"wp:attachment":[{"href":"https:\/\/semmelweis.hu\/magtud\/wp-json\/wp\/v2\/media?parent=2165"}],"wp:term":[{"taxonomy":"category","embeddable":true,"href":"https:\/\/semmelweis.hu\/magtud\/wp-json\/wp\/v2\/categories?post=2165"},{"taxonomy":"post_tag","embeddable":true,"href":"https:\/\/semmelweis.hu\/magtud\/wp-json\/wp\/v2\/tags?post=2165"}],"curies":[{"name":"wp","href":"https:\/\/api.w.org\/{rel}","templated":true}]}}