{"id":2064,"date":"2017-11-13T00:00:00","date_gmt":"2017-11-12T23:00:00","guid":{"rendered":"http:\/\/semmelweis.hu\/magtud\/diaktanacsado\/"},"modified":"2026-03-20T13:44:57","modified_gmt":"2026-03-20T12:44:57","slug":"diaktanacsado","status":"publish","type":"page","link":"https:\/\/semmelweis.hu\/magtud\/gyogyitas\/diaktanacsado\/","title":{"rendered":"Hallgat\u00f3i Pszichol\u00f3giai Konzult\u00e1ci\u00f3s Szolg\u00e1lat"},"content":{"rendered":"<ul>\n<li id=\"menu-item-13407\" class=\"menu-item menu-item-type-post_type menu-item-object-page menu-item-13407\"><a href=\"https:\/\/semmelweis.hu\/magtud\/gyogyitas\/diaktanacsado\/egyeni-tanacsadas\/\">Egy\u00e9ni tan\u00e1csad\u00e1s<\/a><\/li>\n<li id=\"menu-item-13411\" class=\"menu-item menu-item-type-post_type menu-item-object-page menu-item-13411\"><a href=\"https:\/\/semmelweis.hu\/magtud\/gyogyitas\/diaktanacsado\/csoportok\/\">Csoportok<\/a><\/li>\n<li id=\"menu-item-13415\" class=\"menu-item menu-item-type-post_type menu-item-object-page menu-item-13415\"><a href=\"https:\/\/semmelweis.hu\/magtud\/gyogyitas\/diaktanacsado\/hasznos-informaciok\/\">Hasznos inform\u00e1ci\u00f3k<\/a><\/li>\n<li id=\"menu-item-13424\" class=\"menu-item menu-item-type-post_type menu-item-object-page menu-item-13424\"><a href=\"https:\/\/semmelweis.hu\/magtud\/gyogyitas\/diaktanacsado\/surgos-esetben\/\">S\u00fcrg\u0151s esetben<\/a><\/li>\n<li id=\"menu-item-13423\" class=\"menu-item menu-item-type-post_type menu-item-object-page menu-item-13423\"><a href=\"https:\/\/semmelweis.hu\/magtud\/gyogyitas\/diaktanacsado\/szabadon-valaszthato-targyak\/\">Szabadon v\u00e1laszthat\u00f3 t\u00e1rgyak<\/a><\/li>\n<li id=\"menu-item-13422\" class=\"menu-item menu-item-type-post_type menu-item-object-page menu-item-13422\"><a href=\"https:\/\/semmelweis.hu\/magtud\/gyogyitas\/diaktanacsado\/munkatarsaink\/\">Munkat\u00e1rsaink<\/a><\/li>\n<\/ul>\n","protected":false},"excerpt":{"rendered":"<p><a href=\"https:\/\/semmelweis.hu\/magtud\/gyogyitas\/diaktanacsado\/egyeni-tanacsadas\/\">Egy\u00e9ni tan\u00e1csad\u00e1s<\/a><br \/>\n<a href=\"https:\/\/semmelweis.hu\/magtud\/gyogyitas\/diaktanacsado\/csoportok\/\">Csoportok<\/a><br \/>\n<a href=\"https:\/\/semmelweis.hu\/magtud\/gyogyitas\/diaktanacsado\/hasznos-informaciok\/\">Hasznos inform\u00e1ci\u00f3k<\/a><br \/>\n<a href=\"https:\/\/semmelweis.hu\/magtud\/gyogyitas\/diaktanacsado\/surgos-esetben\/\">S\u00fcrg\u0151s esetben<\/a><br \/>\n<a href=\"https:\/\/semmelweis.hu\/magtud\/gyogyitas\/diaktanacsado\/szabadon-valaszthato-targyak\/\">Szabadon v\u00e1laszthat\u00f3 t\u00e1rgyak<\/a><br \/>\n<a href=\"https:\/\/semmelweis.hu\/magtud\/gyogyitas\/diaktanacsado\/munkatarsaink\/\">Munkat\u00e1rsaink<\/a><\/p>\n","protected":false},"author":110,"featured_media":0,"parent":2391,"menu_order":1,"comment_status":"closed","ping_status":"closed","template":"","meta":{"_acf_changed":false,"footnotes":""},"categories":[],"tags":[],"class_list":["post-2064","page","type-page","status-publish","hentry"],"acf":[],"_links":{"self":[{"href":"https:\/\/semmelweis.hu\/magtud\/wp-json\/wp\/v2\/pages\/2064","targetHints":{"allow":["GET"]}}],"collection":[{"href":"https:\/\/semmelweis.hu\/magtud\/wp-json\/wp\/v2\/pages"}],"about":[{"href":"https:\/\/semmelweis.hu\/magtud\/wp-json\/wp\/v2\/types\/page"}],"author":[{"embeddable":true,"href":"https:\/\/semmelweis.hu\/magtud\/wp-json\/wp\/v2\/users\/110"}],"replies":[{"embeddable":true,"href":"https:\/\/semmelweis.hu\/magtud\/wp-json\/wp\/v2\/comments?post=2064"}],"version-history":[{"count":13,"href":"https:\/\/semmelweis.hu\/magtud\/wp-json\/wp\/v2\/pages\/2064\/revisions"}],"predecessor-version":[{"id":13442,"href":"https:\/\/semmelweis.hu\/magtud\/wp-json\/wp\/v2\/pages\/2064\/revisions\/13442"}],"up":[{"embeddable":true,"href":"https:\/\/semmelweis.hu\/magtud\/wp-json\/wp\/v2\/pages\/2391"}],"wp:attachment":[{"href":"https:\/\/semmelweis.hu\/magtud\/wp-json\/wp\/v2\/media?parent=2064"}],"wp:term":[{"taxonomy":"category","embeddable":true,"href":"https:\/\/semmelweis.hu\/magtud\/wp-json\/wp\/v2\/categories?post=2064"},{"taxonomy":"post_tag","embeddable":true,"href":"https:\/\/semmelweis.hu\/magtud\/wp-json\/wp\/v2\/tags?post=2064"}],"curies":[{"name":"wp","href":"https:\/\/api.w.org\/{rel}","templated":true}]}}