{"id":2060,"date":"2017-11-13T00:00:00","date_gmt":"2017-11-12T23:00:00","guid":{"rendered":"http:\/\/semmelweis.hu\/magtud\/tdk\/"},"modified":"2026-02-25T13:10:02","modified_gmt":"2026-02-25T12:10:02","slug":"tdk","status":"publish","type":"page","link":"https:\/\/semmelweis.hu\/magtud\/kutatas\/tdk\/tdk\/","title":{"rendered":"Jelentkez\u00e9s TDK munk\u00e1ra"},"content":{"rendered":"<p><strong>\u00d6r\u00f6mmel \u00fcdv\u00f6zl\u00fcnk T\u00e9ged a Magatart\u00e1studom\u00e1nyi Int\u00e9zet Tudom\u00e1nyos Di\u00e1kk\u00f6r\u00e9ben!<\/strong><\/p>\n<p>Az ut\u00f3bbi \u00e9vekben a di\u00e1kok k\u00f6z\u00f6tt a k\u00fcl\u00f6nb\u00f6z\u0151 tudom\u00e1nyos kutat\u00e1sokban val\u00f3 r\u00e9szv\u00e9tel egyre n\u00e9pszer\u0171bb\u00e9 v\u00e1lik. Amellett, hogy a TDK-munka tant\u00e1rgyk\u00e9nt is felvehet\u0151, illetve az ezzel kapcsolatos eredm\u00e9nyek mind a rezidens mind a PHD-felv\u00e9teli pontoz\u00e1s\u00e1nak fontos r\u00e9sze, a di\u00e1kok sz\u00e1m\u00e1ra\u00a0 nagy vonzer\u0151t jelent a kutat\u00e1s, hiszen ez alkalomb\u00f3l a k\u00f6nyvek bemagol\u00e1sa \u00e9s a gyakorlatokon val\u00f3 szorgalmas jegyzetel\u00e9s mellett m\u00e1s m\u00f3don tehetik pr\u00f3b\u00e1ra magukat. Sokszor a kutat\u00f3csoport bar\u00e1ti k\u00f6rt is jelent, a t\u00e9mavezet\u0151 pedig a k\u00e9s\u0151bbiekben szakmai \u00e9s emberi p\u00e9ldak\u00e9pet is jelenthet sz\u00e1munkra. Ezenk\u00edv\u00fcl az elsaj\u00e1t\u00edtott kutat\u00e1stechnikai alapismereteknek a hallgat\u00f3k k\u00e9s\u0151bbi munk\u00e1juk sor\u00e1n is egyre t\u00f6bb haszn\u00e1t l\u00e1tj\u00e1k majd.<\/p>\n<p>Az Egyetem int\u00e9zm\u00e9nyei k\u00f6z\u00f6tt a Magatart\u00e1studom\u00e1nyi Int\u00e9zet speci\u00e1lis helyet foglal el, hiszen egyszerre tekintj\u00fck az orvosl\u00e1st term\u00e9szet-\u00e9s t\u00e1rsadalomtudom\u00e1nynak. Az Int\u00e9zet k\u00fcl\u00f6n hangs\u00falyt fektet a biopszichoszoci\u00e1lis szeml\u00e9let \u00e1tad\u00e1s\u00e1ra. Az itt foly\u00f3 kutat\u00f3munka rendk\u00edv\u00fcl sz\u00ednes: akupunkt\u00fara, kr\u00f3nikus betegek \u00e9letmin\u0151s\u00e9ge, alv\u00e1skutat\u00e1s, gyermekv\u00e1llal\u00e1ssal kapcsolatos t\u00e1rsadalmi k\u00e9rd\u00e9sek, p\u00e1lyaszocializ\u00e1ci\u00f3s kutat\u00e1sok \u00e9s m\u00e9g sok m\u00e1s t\u00e9ma j\u00f3l megf\u00e9rnek egym\u00e1ssal.<\/p>\n<p>A regisztr\u00e1ci\u00f3 \u00e9s a kutat\u00f3munka kereteit az al\u00e1bbiakban ismertetj\u00fck:<\/p>\n<p>Mivel a TDK-munka <strong>kredites t\u00e1rgy<\/strong>nak min\u0151s\u00fcl, ez\u00e9rt a f\u00e9l\u00e9v elfogad\u00e1snak ugyan\u00fagy felt\u00e9telei vannak, mint a t\u00f6bbi tant\u00e1rgy eset\u00e9ben. K\u00fcl\u00f6n felh\u00edvn\u00e1m a figyelmet a <strong>kutat\u00e1si terv<\/strong> lead\u00e1s\u00e1ra.<\/p>\n<p><strong>A regisztr\u00e1ci\u00f3\/jelentkez\u00e9s l\u00e9p\u00e9sei:<\/strong><\/p>\n<ol>\n<li><em> Egyeztet\u00e9s a leend\u0151 t\u00e9mavezet\u0151vel (<a href=\"https:\/\/semmelweis.hu\/magtud\/kutatas\/tdk\/tdk-temak\/\" target=\"_blank\" rel=\"noopener noreferrer\">TDK t\u00e9ma v\u00e1laszt\u00e1s<\/a> \u00e9s TDK munka)<br \/>\n<\/em><\/li>\n<li><em>Regisztr\u00e1ci\u00f3 szem\u00e9lyesen a Magatart\u00e1studom\u00e1nyi Int\u00e9zetben (NET XX.em. 2013-as irod\u00e1ban Raduch Csill\u00e1n\u00e1l), vagy a <\/em><em><strong>raduch.csilla@semmelweis.hu<\/strong> e-mail c\u00edmen az innen let\u00f6lthet\u0151\u00a0<\/em><em>\u00a0<\/em><em><a href=\"https:\/\/semmelweis.hu\/magtud\/files\/2021\/09\/TDK_jelentkezesi_lap_2021_2022_magyar.doc\">TDK jelentkezesi lap<\/a> kit\u00f6lt\u00e9se \u00e9s visszak\u00fcld\u00e9se r\u00e9v\u00e9n<\/em><\/li>\n<li><em>A t\u00e9mavezet\u0151vel val\u00f3 egyeztet\u00e9s \u00e9s az int\u00e9zetben val\u00f3 regisztr\u00e1l\u00e1st k\u00f6vet\u0151en\u00a0 a hallgat\u00f3nak fel kell vennie a TDK munka t\u00e1rgyat a Neptun rendszerben is.<\/em><\/li>\n<\/ol>\n<p>A fent le\u00edrt regisztr\u00e1ci\u00f3s folyamat a TDK-munka \u00e9s a f\u00e9l\u00e9v elfogad\u00e1s\u00e1nak felt\u00e9tele.<\/p>\n<p><a href=\"\/magtud\/kutatas\/tdk\/tdk-temak\/\" rel=\"alternate\">TDK-t\u00e9m\u00e1k 2025\/2026 tan\u00e9vre.<\/a><\/p>\n<p>Eredm\u00e9nyes \u00e9s munk\u00e1t, \u00e9s kellemes, hasznos id\u0151t\u00f6lt\u00e9st k\u00edv\u00e1nunk!<\/p>\n<p>\u00dcdv\u00f6zlettel: Dr. B\u00f3dizs R\u00f3bert int\u00e9zeti TDK-felel\u0151s<\/p>\n<p>El\u00e9rhet\u0151s\u00e9geink: Dr. B\u00f3dizs R\u00f3bert,\u00a0 <span style=\"color: #000000\">bodizs<small> [PONT] <\/small>robert<small> [KUKAC] <\/small>semmelweis<small> [PONT] <\/small>hu<\/span><\/p>\n","protected":false},"excerpt":{"rendered":"<p>\u00d6r\u00f6mmel \u00fcdv\u00f6zl\u00fcnk T\u00e9ged a Magatart\u00e1studom\u00e1nyi Int\u00e9zet Tudom\u00e1nyos Di\u00e1kk\u00f6r\u00e9ben! Az ut\u00f3bbi \u00e9vekben a di\u00e1kok k\u00f6z\u00f6tt a k\u00fcl\u00f6nb\u00f6z\u0151 tudom\u00e1nyos kutat\u00e1sokban val\u00f3 r\u00e9szv\u00e9tel egyre n\u00e9pszer\u0171bb\u00e9 v\u00e1lik. Amellett, hogy a TDK-munka tant\u00e1rgyk\u00e9nt is felvehet\u0151, illetve az ezzel kapcsolatos eredm\u00e9nyek mind a rezidens mind a PHD-felv\u00e9teli pontoz\u00e1s\u00e1nak fontos r\u00e9sze, a di\u00e1kok sz\u00e1m\u00e1ra\u00a0 nagy vonzer\u0151t jelent a kutat\u00e1s, hiszen ez alkalomb\u00f3l &hellip;<\/p>\n","protected":false},"author":110,"featured_media":0,"parent":4264,"menu_order":0,"comment_status":"closed","ping_status":"closed","template":"","meta":{"_acf_changed":false,"footnotes":""},"categories":[],"tags":[],"class_list":["post-2060","page","type-page","status-publish","hentry"],"acf":[],"_links":{"self":[{"href":"https:\/\/semmelweis.hu\/magtud\/wp-json\/wp\/v2\/pages\/2060","targetHints":{"allow":["GET"]}}],"collection":[{"href":"https:\/\/semmelweis.hu\/magtud\/wp-json\/wp\/v2\/pages"}],"about":[{"href":"https:\/\/semmelweis.hu\/magtud\/wp-json\/wp\/v2\/types\/page"}],"author":[{"embeddable":true,"href":"https:\/\/semmelweis.hu\/magtud\/wp-json\/wp\/v2\/users\/110"}],"replies":[{"embeddable":true,"href":"https:\/\/semmelweis.hu\/magtud\/wp-json\/wp\/v2\/comments?post=2060"}],"version-history":[{"count":12,"href":"https:\/\/semmelweis.hu\/magtud\/wp-json\/wp\/v2\/pages\/2060\/revisions"}],"predecessor-version":[{"id":13374,"href":"https:\/\/semmelweis.hu\/magtud\/wp-json\/wp\/v2\/pages\/2060\/revisions\/13374"}],"up":[{"embeddable":true,"href":"https:\/\/semmelweis.hu\/magtud\/wp-json\/wp\/v2\/pages\/4264"}],"wp:attachment":[{"href":"https:\/\/semmelweis.hu\/magtud\/wp-json\/wp\/v2\/media?parent=2060"}],"wp:term":[{"taxonomy":"category","embeddable":true,"href":"https:\/\/semmelweis.hu\/magtud\/wp-json\/wp\/v2\/categories?post=2060"},{"taxonomy":"post_tag","embeddable":true,"href":"https:\/\/semmelweis.hu\/magtud\/wp-json\/wp\/v2\/tags?post=2060"}],"curies":[{"name":"wp","href":"https:\/\/api.w.org\/{rel}","templated":true}]}}