{"id":2040,"date":"2017-11-13T00:00:00","date_gmt":"2017-11-12T23:00:00","guid":{"rendered":"http:\/\/semmelweis.hu\/magtud\/orvosi-kommunikacio\/"},"modified":"2023-08-18T12:51:04","modified_gmt":"2023-08-18T10:51:04","slug":"orvosi-kommunikacio","status":"publish","type":"page","link":"https:\/\/semmelweis.hu\/magtud\/reszlegek\/orvosi-kommunikacio\/","title":{"rendered":"Orvosi kommunik\u00e1ci\u00f3"},"content":{"rendered":"<h4><strong>A r\u00e9szleg munkat\u00e1rsai<\/strong><\/h4>\n<p><em>Vezet\u0151: <\/em><a href=\"&quot;\/magtud\/kuldetes\/munkatarsak\/dr-pilling-janos\/\">Dr. Pilling J\u00e1nos<\/a><br \/>\n<em>K\u00f6zalkalmazott munkat\u00e1rsak: <\/em><a href=\"\/magtud\/kuldetes\/munkatarsak\/dr-babusa-bernadett\">Dr. Babusa Bernadett<\/a>, <a href=\"https:\/\/semmelweis.hu\/magtud\/intezet\/munkatarsak\/balog-piroska\/\" target=\"_blank\" rel=\"noopener\">Dr. Balog Piroska<\/a>, <a href=\"\/magtud\/kuldetes\/munkatarsak\/dr-kollar-janos\">Dr. Koll\u00e1r J\u00e1nos<\/a>, <a href=\"\/magtud\/kuldetes\/munkatarsak\/sandor-imola\/\">S\u00e1ndor Imola<\/a>, <a href=\"&quot;\/magtud\/kuldetes\/munkatarsak\/dr-stauder-adrienne\/\">Dr. Stauder Adrienne<\/a>, <a href=\"\/magtud\/kuldetes\/munkatarsak\/dr-toth-monika-ditta\" rel=\"alternate\">Dr. T\u00f3th M\u00f3nika Ditta<\/a><\/p>\n<h4><strong>Az oktat\u00e1s c\u00e9lja<\/strong><\/h4>\n<p><strong>Orvosi kommunik\u00e1ci\u00f3<\/strong><\/p>\n<p>A hat\u00e9kony gy\u00f3gy\u00edt\u00e1s n\u00e9lk\u00fcl\u00f6zhetetlen eleme a megfelel\u0151 kommunik\u00e1ci\u00f3. Ez teremti meg az orvos \u00e9s a p\u00e1ciens k\u00f6z\u00f6tti bizalomteljes kapcsolatot, ez teszi lehet\u0151v\u00e9, hogy az orvos megismerje a diagn\u00f3zist megalapoz\u00f3 inform\u00e1ci\u00f3kat, s ez sz\u00fcks\u00e9ges ahhoz is, hogy a beteg megfelel\u0151en egy\u00fcttm\u0171k\u00f6dj\u00f6n az orvossal. Az oktat\u00e1s c\u00e9lja r\u00e9szben azoknak a kommunik\u00e1ci\u00f3s m\u00f3dszereknek az \u00e1tad\u00e1sa, amelyekkel hat\u00e9konyabb\u00e1 v\u00e1lhatnak az orvosok mindennapos feladatai: a betegek meghallgat\u00e1sa, kik\u00e9rdez\u00e9se, t\u00e1j\u00e9koztat\u00e1sa, egy\u00fcttm\u0171k\u00f6d\u00e9s\u00fck kialak\u00edt\u00e1sa. Az oktat\u00e1s t\u00e1rgyai a mindennapi orvos-beteg kapcsolat olyan \u2013 az ut\u00f3bbi id\u0151ben el\u0151t\u00e9rbe ker\u00fclt \u2013 elemei is, mint pl. a k\u00f6z\u00f6s d\u00f6nt\u00e9shozatal, a ter\u00e1pi\u00e1s betegoktat\u00e1s, az orvosi kommunik\u00e1ci\u00f3 szuggeszt\u00edv hat\u00e1sai.<\/p>\n<p>Az orvosi kommunik\u00e1ci\u00f3 \u00e1ltal\u00e1nos szab\u00e1lyszer\u0171s\u00e9geinek ismertet\u00e9se mellett a tant\u00e1rgy a gy\u00f3gy\u00edt\u00e1s k\u00fcl\u00f6nb\u00f6z\u0151 sz\u00edntereinek kommunik\u00e1ci\u00f3s saj\u00e1toss\u00e1gait is bemutatja. \u00cdgy t\u00f6bbek k\u00f6z\u00f6tt foglalkozunk a gyermekekkel, az id\u0151sekkel, a balesetet \u00e1t\u00e9ltekkel, a szenved\u00e9lybetegekkel val\u00f3 kommunik\u00e1ci\u00f3 saj\u00e1toss\u00e1gaival, a szexu\u00e1lis t\u00e9m\u00e1k megbesz\u00e9l\u00e9s\u00e9nek k\u00e9rd\u00e9sk\u00f6r\u00e9vel, s az interkultur\u00e1lis kommunik\u00e1ci\u00f3 saj\u00e1toss\u00e1gaival. Oktat\u00e1sunkban nagy hangs\u00falyt helyez\u00fcnk az orvos-beteg kapcsolat neh\u00e9z k\u00e9rd\u00e9seire, \u00edgy foglalkozunk a rossz h\u00edrek k\u00f6zl\u00e9s\u00e9vel, az agresszi\u00f3 kommunikat\u00edv kezel\u00e9si lehet\u0151s\u00e9geivel \u00e9s az \u00f6ngyilkoss\u00e1g t\u00e9mak\u00f6r\u00e9r\u0151l val\u00f3 besz\u00e9lget\u00e9s saj\u00e1toss\u00e1gaival.<br \/>\nA t\u00e1rgy oktat\u00e1s\u00e1nak f\u0151 c\u00e9lja, hogy az orvosi hivat\u00e1sra k\u00e9sz\u00fcl\u0151 hallgat\u00f3k olyan kommunik\u00e1ci\u00f3s ismereteket saj\u00e1t\u00edtsanak el, amelyek el\u0151seg\u00edtik a megfelel\u0151 orvos-beteg kapcsolat kialak\u00edt\u00e1s\u00e1t, s amelyeket a mindennapi gyakorlatukban alkalmazva hat\u00e9konyabb\u00e1 tehetik gy\u00f3gy\u00edt\u00f3 munk\u00e1jukat.<\/p>\n<p><strong>Gy\u00f3gyszer\u00e9szi kommunik\u00e1ci\u00f3<\/strong><\/p>\n<p>A gy\u00f3gyszer\u00e9szi kommunik\u00e1ci\u00f3s ismeretek oktat\u00e1s\u00e1nak h\u00e1rom f\u0151 c\u00e9lja van:<\/p>\n<ul>\n<li>azoknak a kommunik\u00e1ci\u00f3s k\u00e9szs\u00e9geknek a fejleszt\u00e9se, amelyek hat\u00e9konyabb\u00e1 tehetik a gy\u00f3gyszer\u00e9szek alapvet\u0151 kommunik\u00e1ci\u00f3s feladatait: a betegek\/kliensek \u00e9rt\u0151 meghallgat\u00e1s\u00e1t, kik\u00e9rdez\u00e9s\u00e9t, t\u00e1j\u00e9koztat\u00e1s\u00e1t.<\/li>\n<li>azoknak a kommunik\u00e1ci\u00f3s k\u00e9szs\u00e9geknek az elsaj\u00e1t\u00edt\u00e1sa, amelyek el\u0151seg\u00edtik a neh\u00e9z kommunik\u00e1ci\u00f3 helyzetek kezel\u00e9s\u00e9t, \u00edgy pl. a fesz\u00fclt, indulatos emberekkel val\u00f3 kommunik\u00e1ci\u00f3t, az intim k\u00e9rd\u00e9sekr\u0151l val\u00f3 besz\u00e9lget\u00e9st stb.<\/li>\n<li>azoknak a kommunik\u00e1ci\u00f3s m\u00f3dszereknek a megismer\u00e9se, amelyek hozz\u00e1j\u00e1rulhatnak a gy\u00f3gyszer\u00e9szi team sikeress\u00e9g\u00e9hez, pl. team-en bel\u00fcli kommunik\u00e1ci\u00f3 fejleszt\u00e9s\u00e9vel illetve marketing kommunik\u00e1ci\u00f3s eszk\u00f6z\u00f6kkel<\/li>\n<\/ul>\n<h4><strong>Oktatott t\u00e1rgyak<\/strong><\/h4>\n<p><em>K\u00f6telez\u0151 t\u00e1rgyak:<\/em><br \/>\n&#8211; Orvosi kommunik\u00e1ci\u00f3<br \/>\n&#8211; Kommunik\u00e1ci\u00f3 \u00e9s k\u00f6z\u00f6ss\u00e9gi m\u00e9dia<br \/>\n&#8211; Gy\u00f3gyszer\u00e9szi kommunik\u00e1ci\u00f3 \u00e9s integr\u00e1lt tan\u00e1csad\u00e1s<\/p>\n","protected":false},"excerpt":{"rendered":"<p>A r\u00e9szleg munkat\u00e1rsai Vezet\u0151: <a href=\"&quot;\/magtud\/kuldetes\/munkatarsak\/dr-pilling-janos\/\">Dr. Pilling J\u00e1nos<\/a> K\u00f6zalkalmazott munkat\u00e1rsak: <a href=\"\/magtud\/kuldetes\/munkatarsak\/dr-babusa-bernadett\">Dr. Babusa Bernadett<\/a> , <a href=\"https:\/\/semmelweis.hu\/magtud\/intezet\/munkatarsak\/balog-piroska\/\" target=\"_blank\" rel=\"noopener\">Dr. Balog Piroska<\/a> , <a href=\"\/magtud\/kuldetes\/munkatarsak\/dr-kollar-janos\">Dr. Koll\u00e1r J\u00e1nos<\/a> , <a href=\"\/magtud\/kuldetes\/munkatarsak\/sandor-imola\/\">S\u00e1ndor Imola<\/a> , <a href=\"&quot;\/magtud\/kuldetes\/munkatarsak\/dr-stauder-adrienne\/\">Dr. Stauder Adrienne<\/a> , <a href=\"\/magtud\/kuldetes\/munkatarsak\/dr-toth-monika-ditta\" rel=\"alternate\">Dr. T\u00f3th M\u00f3nika Ditta<\/a> Az oktat\u00e1s c\u00e9lja Orvosi kommunik\u00e1ci\u00f3 A hat\u00e9kony gy\u00f3gy\u00edt\u00e1s n\u00e9lk\u00fcl\u00f6zhetetlen eleme a megfelel\u0151 kommunik\u00e1ci\u00f3. Ez teremti meg az orvos \u00e9s a p\u00e1ciens k\u00f6z\u00f6tti bizalomteljes kapcsolatot, ez teszi lehet\u0151v\u00e9, hogy az orvos megismerje a diagn\u00f3zist megalapoz\u00f3 inform\u00e1ci\u00f3kat, s ez sz\u00fcks\u00e9ges ahhoz is, hogy a beteg megfelel\u0151en &hellip;<\/p>\n","protected":false},"author":110,"featured_media":0,"parent":2343,"menu_order":2,"comment_status":"closed","ping_status":"closed","template":"","meta":{"_acf_changed":false,"footnotes":""},"categories":[],"tags":[],"class_list":["post-2040","page","type-page","status-publish","hentry"],"acf":[],"_links":{"self":[{"href":"https:\/\/semmelweis.hu\/magtud\/wp-json\/wp\/v2\/pages\/2040","targetHints":{"allow":["GET"]}}],"collection":[{"href":"https:\/\/semmelweis.hu\/magtud\/wp-json\/wp\/v2\/pages"}],"about":[{"href":"https:\/\/semmelweis.hu\/magtud\/wp-json\/wp\/v2\/types\/page"}],"author":[{"embeddable":true,"href":"https:\/\/semmelweis.hu\/magtud\/wp-json\/wp\/v2\/users\/110"}],"replies":[{"embeddable":true,"href":"https:\/\/semmelweis.hu\/magtud\/wp-json\/wp\/v2\/comments?post=2040"}],"version-history":[{"count":11,"href":"https:\/\/semmelweis.hu\/magtud\/wp-json\/wp\/v2\/pages\/2040\/revisions"}],"predecessor-version":[{"id":11978,"href":"https:\/\/semmelweis.hu\/magtud\/wp-json\/wp\/v2\/pages\/2040\/revisions\/11978"}],"up":[{"embeddable":true,"href":"https:\/\/semmelweis.hu\/magtud\/wp-json\/wp\/v2\/pages\/2343"}],"wp:attachment":[{"href":"https:\/\/semmelweis.hu\/magtud\/wp-json\/wp\/v2\/media?parent=2040"}],"wp:term":[{"taxonomy":"category","embeddable":true,"href":"https:\/\/semmelweis.hu\/magtud\/wp-json\/wp\/v2\/categories?post=2040"},{"taxonomy":"post_tag","embeddable":true,"href":"https:\/\/semmelweis.hu\/magtud\/wp-json\/wp\/v2\/tags?post=2040"}],"curies":[{"name":"wp","href":"https:\/\/api.w.org\/{rel}","templated":true}]}}