{"id":2035,"date":"2017-11-13T00:00:00","date_gmt":"2017-11-12T23:00:00","guid":{"rendered":"http:\/\/semmelweis.hu\/magtud\/munkatarsak\/"},"modified":"2026-03-11T10:31:23","modified_gmt":"2026-03-11T09:31:23","slug":"munkatarsak","status":"publish","type":"page","link":"https:\/\/semmelweis.hu\/magtud\/intezet\/munkatarsak\/","title":{"rendered":"Munkat\u00e1rsak"},"content":{"rendered":"<p><strong><a href=\"https:\/\/semmelweis.hu\/magtud\/intezet\/munkatarsak\/dr-purebl-gyorgy-igazgato\/\">Dr. Purebl Gy\u00f6rgy, igazgat\u00f3<\/a><br \/>\n<a href=\"https:\/\/semmelweis.hu\/magtud\/intezet\/munkatarsak\/dr-dosa-agnes-altalanos-igazgatohelyettes\/\">Dr. D\u00f3sa \u00c1gnes, \u00e1ltal\u00e1nos igazgat\u00f3helyettes<\/a><br \/>\n<a href=\"https:\/\/semmelweis.hu\/magtud\/intezet\/munkatarsak\/dr-kovacs-jozsef\/\">Dr. Kov\u00e1cs J\u00f3zsef, \u00e1ltal\u00e1nos igazgat\u00f3helyettes<\/a><br \/>\n<\/strong><strong><a href=\"https:\/\/semmelweis.hu\/magtud\/intezet\/munkatarsak\/dr-bodizs-robert-kutatasi-igazgatohelyettes\/\">Dr. B\u00f3dizs R\u00f3bert, kutat\u00e1si igazgat\u00f3helyettes<\/a><\/strong><\/p>\n<p>\n<a href=\"https:\/\/semmelweis.hu\/magtud\/dr-bai-nagy-katalin-maria\/\">Dr. Bai-Nagy Katalin<\/a><br \/>\n<a href=\"https:\/\/semmelweis.hu\/magtud\/intezet\/munkatarsak\/balog-piroska\/\">Dr. Balog Piroska<\/a><br \/>\n<a href=\"https:\/\/semmelweis.hu\/magtud\/files\/2024\/10\/Balint-Eszter.pdf\">B\u00e1lint Eszter<\/a><br \/>\n<a href=\"https:\/\/semmelweis.hu\/magtud\/intezet\/munkatarsak\/barkasz-helena\/\">Bark\u00e1sz Hel\u00e9na<\/a> (tart\u00f3san t\u00e1vol)<br \/>\n<a href=\"https:\/\/semmelweis.hu\/magtud\/intezet\/munkatarsak\/dr-berta-gergely\/\" target=\"_blank\" rel=\"noopener\">Dr. Berta Gergely<\/a><br \/>\n<a href=\"https:\/\/semmelweis.hu\/magtud\/intezet\/munkatarsak\/dr-birkas-emma\/\">Dr. Birk\u00e1s Emma<\/a><br \/>\n<a href=\"https:\/\/semmelweis.hu\/magtud\/intezet\/munkatarsak\/dr-bognar-virag-katalin\/\">Dr. Bogn\u00e1r Vir\u00e1g Katalin<\/a><br \/>\n<a href=\"https:\/\/semmelweis.hu\/magtud\/intezet\/munkatarsak\/dr-boros-julianna\/\">Dr. Boros Julianna<\/a><br \/>\n<a href=\"https:\/\/semmelweis.hu\/magtud\/intezet\/munkatarsak\/dr-czegledi-edit\/\">Dr. Czegl\u00e9di Edit<\/a><br \/>\n<a href=\"https:\/\/semmelweis.hu\/magtud\/intezet\/munkatarsak\/dr-csapody-tamas\/\">Dr. Csapody Tam\u00e1s<\/a><br \/>\n<a href=\"https:\/\/semmelweis.hu\/magtud\/intezet\/munkatarsak\/csecsy-vera-vanda\/\">Cs\u00e9csy Vera Vanda<\/a><br \/>\n<a href=\"https:\/\/semmelweis.hu\/magtud\/intezet\/munkatarsak\/dobrossy-bence\/\">D\u00f6br\u00f6ssy Bence<\/a><br \/>\n<a href=\"https:\/\/semmelweis.hu\/magtud\/intezet\/munkatarsak\/foldesi-eniko\/\">Dr. F\u00f6ldesi Enik\u0151<\/a><br \/>\n<a href=\"https:\/\/semmelweis.hu\/magtud\/intezet\/munkatarsak\/gazdag-gabriella\/\">Gazdag Gabriella<\/a><br \/>\n<a href=\"https:\/\/semmelweis.hu\/magtud\/intezet\/munkatarsak\/dr-gati-fekete-kata\/\" target=\"_blank\" rel=\"noopener\">Dr. G\u00e1ti-Fekete Kata<\/a><br \/>\n<a href=\"https:\/\/semmelweis.hu\/magtud\/intezet\/munkatarsak\/dr-girasek-edmond\/\">Dr. Girasek Edmond<\/a><br \/>\n<a href=\"https:\/\/semmelweis.hu\/magtud\/intezet\/munkatarsak\/dr-gyorffy-zsuzsa\/\">Dr. Gy\u0151rffy Zsuzsa<\/a><br \/>\n<a href=\"https:\/\/semmelweis.hu\/magtud\/intezet\/munkatarsak\/illyes-zoltan\/\">Illy\u00e9s Zolt\u00e1n<\/a><br \/>\n<a href=\"https:\/\/semmelweis.hu\/magtud\/intezet\/munkatarsak\/dr-kegye-adrienne\/\">Dr. Kegye Adrienne<\/a><br \/>\n<a href=\"https:\/\/semmelweis.hu\/magtud\/intezet\/munkatarsak\/kemeny-viktor\/\" target=\"_blank\" rel=\"noopener\">Kem\u00e9ny Viktor<\/a><br \/>\n<a href=\"https:\/\/semmelweis.hu\/magtud\/intezet\/munkatarsak\/dr-kollar-janos\/\">Dr. Koll\u00e1r J\u00e1nos<\/a><br \/>\nDr. Kussinszky Anik\u00f3<br \/>\n<a href=\"https:\/\/semmelweis.hu\/magtud\/intezet\/munkatarsak\/dr-lajtai-laszlo\/\">Dr. Lajtai L\u00e1szl\u00f3 <\/a>(tart\u00f3san t\u00e1vol)<br \/>\n<a href=\"https:\/\/semmelweis.hu\/magtud\/files\/2026\/02\/Laki_Beata_CV_2026.pdf\" target=\"_blank\" rel=\"noopener\">Dr Laki Be\u00e1ta<\/a><br \/>\n<a href=\"https:\/\/semmelweis.hu\/magtud\/intezet\/munkatarsak\/dr-major-janos\/\">Dr. Major J\u00e1nos<\/a><br \/>\n<a href=\"https:\/\/semmelweis.hu\/magtud\/intezet\/munkatarsak\/mezei-agnes\/\">Mezei \u00c1gnes<\/a><br \/>\n<a href=\"https:\/\/semmelweis.hu\/magtud\/intezet\/munkatarsak\/dr-nemes-laszlo\/\">Dr. Nemes L\u00e1szl\u00f3<\/a><br \/>\n<a href=\"https:\/\/semmelweis.hu\/magtud\/intezet\/munkatarsak\/11536-2\/\">Dr. Pilling J\u00e1nos<\/a><br \/>\n<a href=\"https:\/\/semmelweis.hu\/magtud\/intezet\/munkatarsak\/pinter-gabriella-marta\/\" target=\"_blank\" rel=\"noopener\">Pint\u00e9r Gabriella M\u00e1rta<\/a><br \/>\n<a href=\"https:\/\/semmelweis.hu\/magtud\/intezet\/munkatarsak\/dr-metz-ruszkai-szilvia\/\" target=\"_blank\" rel=\"noopener\">Dr. Ruszkai Szilvia \u00c9va<\/a><br \/>\n<a href=\"https:\/\/semmelweis.hu\/magtud\/intezet\/munkatarsak\/sandor-imola\/\">Dr. S\u00e1ndor Imola<\/a><br \/>\n<a href=\"https:\/\/semmelweis.hu\/magtud\/dr-simor-peter\/\">Dr. Simor P\u00e9ter<\/a><br \/>\n<a href=\"https:\/\/semmelweis.hu\/magtud\/intezet\/munkatarsak\/dr-stauder-adrienne\/\">Dr. Stauder Adrienne<\/a><br \/>\n<a href=\"https:\/\/semmelweis.hu\/magtud\/intezet\/munkatarsak\/susanszky-anna\/\">Dr. Sus\u00e1nszky Anna<\/a><br \/>\n<a href=\"https:\/\/semmelweis.hu\/magtud\/intezet\/munkatarsak\/sule-judit\/\">S\u00fcle Judit<\/a><br \/>\n<a href=\"https:\/\/semmelweis.hu\/magtud\/intezet\/munkatarsak\/szalai-tamas-domotor\/\">Dr. Szalai Tam\u00e1s D\u00f6m\u00f6t\u00f6r<\/a><br \/>\n<a href=\"https:\/\/semmelweis.hu\/magtud\/intezet\/munkatarsak\/dr-szalardy-orsolya\/\">Dr. Szal\u00e1rdy Orsolya<\/a><br \/>\n<a href=\"https:\/\/semmelweis.hu\/magtud\/intezet\/munkatarsak\/dr-szebik-imre\/\">Dr. Szebik Imre<\/a><br \/>\n<a href=\"https:\/\/semmelweis.hu\/magtud\/intezet\/munkatarsak\/dr-szumska-irena\/\">Dr. Szumska Irena<\/a><br \/>\n<a href=\"https:\/\/semmelweis.hu\/magtud\/intezet\/munkatarsak\/dr-szucs-anna\/\" target=\"_blank\" rel=\"noopener\">Dr. Sz\u0171cs Anna<\/a><br \/>\n<a href=\"https:\/\/semmelweis.hu\/magtud\/intezet\/munkatarsak\/dr-toth-gabor-attila\/\">Dr. T\u00f3th G\u00e1bor Attila<\/a><br \/>\n<a href=\"https:\/\/semmelweis.hu\/magtud\/intezet\/munkatarsak\/dr-toth-monika-ditta\/\">Dr. T\u00f3th M\u00f3nika Ditta<\/a><br \/>\n<a href=\"https:\/\/semmelweis.hu\/magtud\/intezet\/munkatarsak\/dr-ujma-peter\/\">Dr. Ujma P\u00e9ter<\/a><br \/>\n<a href=\"https:\/\/semmelweis.hu\/magtud\/intezet\/munkatarsak\/dr-zana-agnes\/\">Dr. Zana \u00c1gnes<\/a><\/p>\n<p><strong>Mesteroktat\u00f3k:<\/strong><br \/>\n<a href=\"https:\/\/semmelweis.hu\/magtud\/intezet\/munkatarsak\/dr-lorincz-jeno\/\" target=\"_blank\" rel=\"noopener\">Dr. L\u0151rincz Jen\u0151<\/a><\/p>\n<p><strong>K\u00fcls\u0151 PhD t\u00e9mavezet\u0151:<\/strong><br \/>\nDr. \u00c1d\u00e1m Szilvia<\/p>\n<p><strong>K\u00fcls\u0151 munkat\u00e1rs:<br \/>\n<\/strong><a href=\"https:\/\/semmelweis.hu\/magtud\/intezet\/munkatarsak\/dr-hegedus-katalin\/\">Dr. Heged\u0171s Katalin<\/a><br \/>\nDr. T\u00fary Ferenc<\/p>\n","protected":false},"excerpt":{"rendered":"<p><a href=\"https:\/\/semmelweis.hu\/magtud\/intezet\/munkatarsak\/dr-purebl-gyorgy-igazgato\/\">Dr. Purebl Gy\u00f6rgy, igazgat\u00f3<\/a> <a href=\"https:\/\/semmelweis.hu\/magtud\/intezet\/munkatarsak\/dr-dosa-agnes-altalanos-igazgatohelyettes\/\">Dr. D\u00f3sa \u00c1gnes, \u00e1ltal\u00e1nos igazgat\u00f3helyettes<\/a> <a href=\"https:\/\/semmelweis.hu\/magtud\/intezet\/munkatarsak\/dr-kovacs-jozsef\/\">Dr. Kov\u00e1cs J\u00f3zsef, \u00e1ltal\u00e1nos igazgat\u00f3helyettes<\/a> <a href=\"https:\/\/semmelweis.hu\/magtud\/intezet\/munkatarsak\/dr-bodizs-robert-kutatasi-igazgatohelyettes\/\">Dr. B\u00f3dizs R\u00f3bert, kutat\u00e1si igazgat\u00f3helyettes<\/a> <a href=\"https:\/\/semmelweis.hu\/magtud\/dr-bai-nagy-katalin-maria\/\">Dr. Bai-Nagy Katalin<\/a> <a href=\"https:\/\/semmelweis.hu\/magtud\/intezet\/munkatarsak\/balog-piroska\/\">Dr. Balog Piroska<\/a> <a href=\"https:\/\/semmelweis.hu\/magtud\/files\/2024\/10\/Balint-Eszter.pdf\">B\u00e1lint Eszter<\/a> <a href=\"https:\/\/semmelweis.hu\/magtud\/intezet\/munkatarsak\/barkasz-helena\/\">Bark\u00e1sz Hel\u00e9na<\/a> (tart\u00f3san t\u00e1vol) <a href=\"https:\/\/semmelweis.hu\/magtud\/intezet\/munkatarsak\/dr-berta-gergely\/\" target=\"_blank\" rel=\"noopener\">Dr. Berta Gergely<\/a> <a href=\"https:\/\/semmelweis.hu\/magtud\/intezet\/munkatarsak\/dr-birkas-emma\/\">Dr. Birk\u00e1s Emma<\/a> <a href=\"https:\/\/semmelweis.hu\/magtud\/intezet\/munkatarsak\/dr-bognar-virag-katalin\/\">Dr. Bogn\u00e1r Vir\u00e1g Katalin<\/a> <a href=\"https:\/\/semmelweis.hu\/magtud\/intezet\/munkatarsak\/dr-boros-julianna\/\">Dr. Boros Julianna<\/a> <a href=\"https:\/\/semmelweis.hu\/magtud\/intezet\/munkatarsak\/dr-czegledi-edit\/\">Dr. Czegl\u00e9di Edit<\/a> <a href=\"https:\/\/semmelweis.hu\/magtud\/intezet\/munkatarsak\/dr-csapody-tamas\/\">Dr. Csapody Tam\u00e1s<\/a> <a href=\"https:\/\/semmelweis.hu\/magtud\/intezet\/munkatarsak\/csecsy-vera-vanda\/\">Cs\u00e9csy Vera Vanda<\/a> <a href=\"https:\/\/semmelweis.hu\/magtud\/intezet\/munkatarsak\/dobrossy-bence\/\">D\u00f6br\u00f6ssy Bence<\/a> <a href=\"https:\/\/semmelweis.hu\/magtud\/intezet\/munkatarsak\/foldesi-eniko\/\">Dr. F\u00f6ldesi Enik\u0151<\/a> <a href=\"https:\/\/semmelweis.hu\/magtud\/intezet\/munkatarsak\/gazdag-gabriella\/\">Gazdag Gabriella<\/a> <a href=\"https:\/\/semmelweis.hu\/magtud\/intezet\/munkatarsak\/dr-gati-fekete-kata\/\" target=\"_blank\" rel=\"noopener\">Dr. G\u00e1ti-Fekete Kata<\/a> <a href=\"https:\/\/semmelweis.hu\/magtud\/intezet\/munkatarsak\/dr-girasek-edmond\/\">Dr. Girasek Edmond<\/a> <a href=\"https:\/\/semmelweis.hu\/magtud\/intezet\/munkatarsak\/dr-gyorffy-zsuzsa\/\">Dr. Gy\u0151rffy Zsuzsa<\/a> <a href=\"https:\/\/semmelweis.hu\/magtud\/intezet\/munkatarsak\/illyes-zoltan\/\">Illy\u00e9s Zolt\u00e1n<\/a> <a href=\"https:\/\/semmelweis.hu\/magtud\/intezet\/munkatarsak\/dr-kegye-adrienne\/\">Dr. Kegye Adrienne<\/a> <a href=\"https:\/\/semmelweis.hu\/magtud\/intezet\/munkatarsak\/kemeny-viktor\/\" target=\"_blank\" rel=\"noopener\">Kem\u00e9ny Viktor<\/a> <a href=\"https:\/\/semmelweis.hu\/magtud\/intezet\/munkatarsak\/dr-kollar-janos\/\">Dr. Koll\u00e1r J\u00e1nos<\/a> Dr. Kussinszky Anik\u00f3 <a href=\"https:\/\/semmelweis.hu\/magtud\/intezet\/munkatarsak\/dr-lajtai-laszlo\/\">Dr. Lajtai L\u00e1szl\u00f3 <\/a> (tart\u00f3san t\u00e1vol) <a href=\"https:\/\/semmelweis.hu\/magtud\/files\/2026\/02\/Laki_Beata_CV_2026.pdf\" target=\"_blank\" rel=\"noopener\">Dr Laki Be\u00e1ta<\/a> <a href=\"https:\/\/semmelweis.hu\/magtud\/intezet\/munkatarsak\/dr-major-janos\/\">Dr. Major J\u00e1nos<\/a> <a href=\"https:\/\/semmelweis.hu\/magtud\/intezet\/munkatarsak\/mezei-agnes\/\">Mezei \u00c1gnes<\/a> <a href=\"https:\/\/semmelweis.hu\/magtud\/intezet\/munkatarsak\/dr-nemes-laszlo\/\">Dr. Nemes L\u00e1szl\u00f3<\/a> <a href=\"https:\/\/semmelweis.hu\/magtud\/intezet\/munkatarsak\/11536-2\/\">Dr. Pilling J\u00e1nos<\/a> <a href=\"https:\/\/semmelweis.hu\/magtud\/intezet\/munkatarsak\/pinter-gabriella-marta\/\" target=\"_blank\" rel=\"noopener\">Pint\u00e9r Gabriella M\u00e1rta<\/a> <a href=\"https:\/\/semmelweis.hu\/magtud\/intezet\/munkatarsak\/dr-metz-ruszkai-szilvia\/\" target=\"_blank\" rel=\"noopener\">Dr. Ruszkai Szilvia \u00c9va<\/a> <a href=\"https:\/\/semmelweis.hu\/magtud\/intezet\/munkatarsak\/sandor-imola\/\">Dr. S\u00e1ndor Imola<\/a> <a href=\"https:\/\/semmelweis.hu\/magtud\/dr-simor-peter\/\">Dr. Simor P\u00e9ter<\/a> <a href=\"https:\/\/semmelweis.hu\/magtud\/intezet\/munkatarsak\/dr-stauder-adrienne\/\">Dr. Stauder Adrienne<\/a> <a href=\"https:\/\/semmelweis.hu\/magtud\/intezet\/munkatarsak\/susanszky-anna\/\">Dr. Sus\u00e1nszky Anna<\/a> <a href=\"https:\/\/semmelweis.hu\/magtud\/intezet\/munkatarsak\/sule-judit\/\">S\u00fcle Judit<\/a> <a href=\"https:\/\/semmelweis.hu\/magtud\/intezet\/munkatarsak\/szalai-tamas-domotor\/\">Dr. Szalai Tam\u00e1s D\u00f6m\u00f6t\u00f6r<\/a> <a href=\"https:\/\/semmelweis.hu\/magtud\/intezet\/munkatarsak\/dr-szalardy-orsolya\/\">Dr. Szal\u00e1rdy Orsolya<\/a> <a href=\"https:\/\/semmelweis.hu\/magtud\/intezet\/munkatarsak\/dr-szebik-imre\/\">Dr. Szebik Imre<\/a> <a href=\"https:\/\/semmelweis.hu\/magtud\/intezet\/munkatarsak\/dr-szumska-irena\/\">Dr. Szumska Irena<\/a> <a href=\"https:\/\/semmelweis.hu\/magtud\/intezet\/munkatarsak\/dr-szucs-anna\/\" target=\"_blank\" rel=\"noopener\">Dr. Sz\u0171cs Anna<\/a> <a href=\"https:\/\/semmelweis.hu\/magtud\/intezet\/munkatarsak\/dr-toth-gabor-attila\/\">Dr. T\u00f3th G\u00e1bor Attila<\/a> <a href=\"https:\/\/semmelweis.hu\/magtud\/intezet\/munkatarsak\/dr-toth-monika-ditta\/\">Dr. T\u00f3th M\u00f3nika Ditta<\/a> <a href=\"https:\/\/semmelweis.hu\/magtud\/intezet\/munkatarsak\/dr-ujma-peter\/\">Dr. Ujma P\u00e9ter<\/a> <a href=\"https:\/\/semmelweis.hu\/magtud\/intezet\/munkatarsak\/dr-zana-agnes\/\">Dr. Zana \u00c1gnes<\/a> Mesteroktat\u00f3k: <a href=\"https:\/\/semmelweis.hu\/magtud\/intezet\/munkatarsak\/dr-lorincz-jeno\/\" target=\"_blank\" rel=\"noopener\">Dr. L\u0151rincz Jen\u0151<\/a> K\u00fcls\u0151 PhD t\u00e9mavezet\u0151: Dr. \u00c1d\u00e1m Szilvia K\u00fcls\u0151 munkat\u00e1rs: <a href=\"https:\/\/semmelweis.hu\/magtud\/intezet\/munkatarsak\/dr-hegedus-katalin\/\">Dr. Heged\u0171s Katalin<\/a> Dr. T\u00fary &hellip;<\/p>\n","protected":false},"author":110,"featured_media":0,"parent":4138,"menu_order":21,"comment_status":"closed","ping_status":"closed","template":"","meta":{"_acf_changed":false,"footnotes":""},"categories":[],"tags":[],"class_list":["post-2035","page","type-page","status-publish","hentry"],"acf":[],"_links":{"self":[{"href":"https:\/\/semmelweis.hu\/magtud\/wp-json\/wp\/v2\/pages\/2035","targetHints":{"allow":["GET"]}}],"collection":[{"href":"https:\/\/semmelweis.hu\/magtud\/wp-json\/wp\/v2\/pages"}],"about":[{"href":"https:\/\/semmelweis.hu\/magtud\/wp-json\/wp\/v2\/types\/page"}],"author":[{"embeddable":true,"href":"https:\/\/semmelweis.hu\/magtud\/wp-json\/wp\/v2\/users\/110"}],"replies":[{"embeddable":true,"href":"https:\/\/semmelweis.hu\/magtud\/wp-json\/wp\/v2\/comments?post=2035"}],"version-history":[{"count":11,"href":"https:\/\/semmelweis.hu\/magtud\/wp-json\/wp\/v2\/pages\/2035\/revisions"}],"predecessor-version":[{"id":13394,"href":"https:\/\/semmelweis.hu\/magtud\/wp-json\/wp\/v2\/pages\/2035\/revisions\/13394"}],"up":[{"embeddable":true,"href":"https:\/\/semmelweis.hu\/magtud\/wp-json\/wp\/v2\/pages\/4138"}],"wp:attachment":[{"href":"https:\/\/semmelweis.hu\/magtud\/wp-json\/wp\/v2\/media?parent=2035"}],"wp:term":[{"taxonomy":"category","embeddable":true,"href":"https:\/\/semmelweis.hu\/magtud\/wp-json\/wp\/v2\/categories?post=2035"},{"taxonomy":"post_tag","embeddable":true,"href":"https:\/\/semmelweis.hu\/magtud\/wp-json\/wp\/v2\/tags?post=2035"}],"curies":[{"name":"wp","href":"https:\/\/api.w.org\/{rel}","templated":true}]}}