{"id":13338,"date":"2026-02-16T13:07:54","date_gmt":"2026-02-16T12:07:54","guid":{"rendered":"https:\/\/semmelweis.hu\/magtud\/?page_id=13338"},"modified":"2026-02-16T13:24:30","modified_gmt":"2026-02-16T12:24:30","slug":"pinter-gabriella-marta","status":"publish","type":"page","link":"https:\/\/semmelweis.hu\/magtud\/intezet\/munkatarsak\/pinter-gabriella-marta\/","title":{"rendered":"Pint\u00e9r Gabriella M\u00e1rta"},"content":{"rendered":"<p>Pint\u00e9r Gabriella M\u00e1rta<\/p>\n<p><img loading=\"lazy\" decoding=\"async\" class=\"size-full wp-image-13339 alignright\" src=\"https:\/\/semmelweis.hu\/magtud\/files\/2026\/02\/Honlapra_Pinter_Gabriella_kep.jpg\" alt=\"\" width=\"182\" height=\"261\" \/><\/p>\n<p><a href=\"https:\/\/semmelweis.hu\/magtud\/files\/2026\/02\/Honlapra_Oneletrajz_PinterGabriella_2026.pdf\">szakmai \u00f6n\u00e9letrajz<\/a><\/p>\n","protected":false},"excerpt":{"rendered":"<p>Pint\u00e9r Gabriella M\u00e1rta<\/p>\n<p><a href=\"https:\/\/semmelweis.hu\/magtud\/files\/2026\/02\/Honlapra_Oneletrajz_PinterGabriella_2026.pdf\">szakmai \u00f6n\u00e9letrajz<\/a><\/p>\n","protected":false},"author":101277,"featured_media":0,"parent":2035,"menu_order":28,"comment_status":"closed","ping_status":"closed","template":"","meta":{"_acf_changed":false,"footnotes":""},"categories":[],"tags":[],"class_list":["post-13338","page","type-page","status-publish","hentry"],"acf":[],"_links":{"self":[{"href":"https:\/\/semmelweis.hu\/magtud\/wp-json\/wp\/v2\/pages\/13338","targetHints":{"allow":["GET"]}}],"collection":[{"href":"https:\/\/semmelweis.hu\/magtud\/wp-json\/wp\/v2\/pages"}],"about":[{"href":"https:\/\/semmelweis.hu\/magtud\/wp-json\/wp\/v2\/types\/page"}],"author":[{"embeddable":true,"href":"https:\/\/semmelweis.hu\/magtud\/wp-json\/wp\/v2\/users\/101277"}],"replies":[{"embeddable":true,"href":"https:\/\/semmelweis.hu\/magtud\/wp-json\/wp\/v2\/comments?post=13338"}],"version-history":[{"count":1,"href":"https:\/\/semmelweis.hu\/magtud\/wp-json\/wp\/v2\/pages\/13338\/revisions"}],"predecessor-version":[{"id":13341,"href":"https:\/\/semmelweis.hu\/magtud\/wp-json\/wp\/v2\/pages\/13338\/revisions\/13341"}],"up":[{"embeddable":true,"href":"https:\/\/semmelweis.hu\/magtud\/wp-json\/wp\/v2\/pages\/2035"}],"wp:attachment":[{"href":"https:\/\/semmelweis.hu\/magtud\/wp-json\/wp\/v2\/media?parent=13338"}],"wp:term":[{"taxonomy":"category","embeddable":true,"href":"https:\/\/semmelweis.hu\/magtud\/wp-json\/wp\/v2\/categories?post=13338"},{"taxonomy":"post_tag","embeddable":true,"href":"https:\/\/semmelweis.hu\/magtud\/wp-json\/wp\/v2\/tags?post=13338"}],"curies":[{"name":"wp","href":"https:\/\/api.w.org\/{rel}","templated":true}]}}