{"id":13015,"date":"2025-09-10T14:10:01","date_gmt":"2025-09-10T12:10:01","guid":{"rendered":"https:\/\/semmelweis.hu\/magtud\/?page_id=13015"},"modified":"2026-02-16T13:23:57","modified_gmt":"2026-02-16T12:23:57","slug":"dr-metz-ruszkai-szilvia","status":"publish","type":"page","link":"https:\/\/semmelweis.hu\/magtud\/intezet\/munkatarsak\/dr-metz-ruszkai-szilvia\/","title":{"rendered":"Dr. Ruszkai Szilvia \u00c9va"},"content":{"rendered":"<p><img loading=\"lazy\" decoding=\"async\" class=\"wp-image-13020 alignright\" src=\"https:\/\/semmelweis.hu\/magtud\/files\/2025\/09\/MetzRuszkaiSzilvia_fenykep_Honlapra-313x400.jpg\" alt=\"\" width=\"264\" height=\"337\" srcset=\"https:\/\/semmelweis.hu\/magtud\/files\/2025\/09\/MetzRuszkaiSzilvia_fenykep_Honlapra-313x400.jpg 313w, https:\/\/semmelweis.hu\/magtud\/files\/2025\/09\/MetzRuszkaiSzilvia_fenykep_Honlapra-801x1024.jpg 801w, https:\/\/semmelweis.hu\/magtud\/files\/2025\/09\/MetzRuszkaiSzilvia_fenykep_Honlapra-768x982.jpg 768w, https:\/\/semmelweis.hu\/magtud\/files\/2025\/09\/MetzRuszkaiSzilvia_fenykep_Honlapra-1202x1536.jpg 1202w, https:\/\/semmelweis.hu\/magtud\/files\/2025\/09\/MetzRuszkaiSzilvia_fenykep_Honlapra-1602x2048.jpg 1602w, https:\/\/semmelweis.hu\/magtud\/files\/2025\/09\/MetzRuszkaiSzilvia_fenykep_Honlapra-753x962.jpg 753w, https:\/\/semmelweis.hu\/magtud\/files\/2025\/09\/MetzRuszkaiSzilvia_fenykep_Honlapra-scaled.jpg 2003w\" sizes=\"auto, (max-width: 264px) 100vw, 264px\" \/><\/p>\n<p>&nbsp;<\/p>\n<div class=\"responsive-tabs\">\n<h2 class=\"tabtitle\">\u00d6n\u00e9letrajz<\/h2>\n<div class=\"tabcontent\">\n\n<p><strong>Dr. Ruszkai <u>Szilvia<\/u> \u00c9va<\/strong><\/p>\n<p><strong>Munkahelyek:<\/strong><\/p>\n<p><strong>2025- jelenleg Semmelweis Egyetem \u00c1ltal\u00e1nos Orvostudom\u00e1nyi Kar<\/strong><\/p>\n<p>Egyetemi adjunktus<\/p>\n<p><u>Oktatott tant\u00e1rgyak:<\/u><\/p>\n<ul>\n<li>Orvosi szociol\u00f3gia (magyar nyelven)<\/li>\n<li>Medizinische Psychologie und Soziologie I. (n\u00e9met nyelven)<\/li>\n<li>Medizinische Soziologie II. (n\u00e9met nyelven)<\/li>\n<li>Pharmazeutische Ethik und Soziologie (n\u00e9met nyelven)<\/li>\n<\/ul>\n<p><strong>\u00a0<\/strong><\/p>\n<p><strong>2019-2021 Debreceni Egyetem \u00c1ltal\u00e1nos Orvostudom\u00e1nyi Kar<\/strong><\/p>\n<p>Egyetemi tan\u00e1rseg\u00e9d<\/p>\n<p><u>Oktatott tant\u00e1rgyak:<\/u><\/p>\n<ul>\n<li>Bioetika (magyar nyelven)<\/li>\n<li>Bioethics (angol nyelven)<\/li>\n<li>Devianci\u00e1k<\/li>\n<li>Kutat\u00e1setika<\/li>\n<li>A biotechnol\u00f3gia etikai k\u00e9rd\u00e9sei<\/li>\n<li>Eg\u00e9szs\u00e9g\u00fcgyi menedzsment etikai k\u00e9rd\u00e9sei<\/li>\n<li>Alapvet\u0151 etikai \u00e9s jogi ismeretek a rehabilit\u00e1ci\u00f3ban<\/li>\n<\/ul>\n<p><strong>\u00a0<\/strong><\/p>\n<p><strong>2017-2021 E\u00f6tv\u00f6s Lor\u00e1nd Tudom\u00e1nyegyetem B\u00f6lcs\u00e9szettudom\u00e1nyi Kar<\/strong><\/p>\n<p>\u00c1llami \u00f6szt\u00f6nd\u00edjas PhD hallgat\u00f3; \u00d3raad\u00f3 oktat\u00f3<\/p>\n<p><u>Oktatott tant\u00e1rgyak:<\/u><\/p>\n<ul>\n<li>Hatalom \u00e9s demokr\u00e1cia Hannah Arendt filoz\u00f3fi\u00e1j\u00e1ban<\/li>\n<\/ul>\n<p><strong>\u00a0<\/strong><\/p>\n<p><strong>Tov\u00e1bbi szakmai tev\u00e9kenys\u00e9gek:<\/strong><\/p>\n<p><strong>2025-jelenleg \u00d3raad\u00f3 oktat\u00f3 az \u00c1llatorvostudom\u00e1nyi Egyetemen<\/strong>.<\/p>\n<p><u>Oktatott tant\u00e1rgyak: <\/u><\/p>\n<ul>\n<li>\u00c1llatorvosi bioetika (magyar nyelven)<\/li>\n<li>Veterinary Bioethics (angol nyelven)<\/li>\n<\/ul>\n<p>2018-2024 \u201eExistence and Interpretation\u201d (K 129261) NKFIH\/OTKA kutat\u00f3csoport kutat\u00f3ja<\/p>\n<p>2018-2020 Doktoranduszok Orsz\u00e1gos Sz\u00f6vets\u00e9ge Filoz\u00f3fiatudom\u00e1nyi Oszt\u00e1ly\u00e1nak eln\u00f6ke<\/p>\n<p>2015-2017 \u201eHivat\u00e1sok sz\u00fclet\u00e9se \u2013 Professzionaliz\u00e1ci\u00f3 Magyarorsz\u00e1gon a 19-20. sz\u00e1zadban\u201d multidiszciplin\u00e1ris kutat\u00f3csoport kutat\u00f3ja<\/p>\n<p><strong>\u00a0<\/strong><\/p>\n<p><strong>Oklevelek, egyetemi v\u00e9gzetts\u00e9gek:<\/strong><\/p>\n<p>2017-2023 E\u00f6tv\u00f6s Lor\u00e1nd Tudom\u00e1nyegyetem Filoz\u00f3fiatudom\u00e1nyi Doktori Iskola<\/p>\n<p>PhD. fokozat Etika \u00e9s politikai filoz\u00f3fia szakir\u00e1nyon (summa cum laude)<\/p>\n<p>2014-2016 E\u00f6tv\u00f6s Lor\u00e1nd Tudom\u00e1nyegyetem T\u00e1rsadalomtudom\u00e1nyi Kar<\/p>\n<p>Okleveles szociol\u00f3gus (MA)<\/p>\n<p>2011-2014 E\u00f6tv\u00f6s Lor\u00e1nd Tudom\u00e1nyegyetem T\u00e1rsadalomtudom\u00e1nyi Kar<\/p>\n<p>Szociol\u00f3gia alapszakos szakel\u0151dad\u00f3 (BA)<\/p>\n<p><strong>\u00a0<\/strong><\/p>\n<p><strong>Egy\u00e9b szakk\u00e9pzetts\u00e9gek:<\/strong><\/p>\n<p>2021: HarvardX HLS4X: Bioethics: The Law, Medicine, and Ethics of Reproductive Technologies and Genetics<\/p>\n<p><strong>\u00a0<\/strong><\/p>\n<p><strong>Nyelvtud\u00e1s:<\/strong><\/p>\n<p>2019: \u00d6SD n\u00e9met fels\u0151fok\u00fa nyelvvizsga (C1)<\/p>\n<p>2017: angol fels\u0151fok\u00fa nyelvvizsga (C1)<\/p>\n<p><strong>\u00a0<\/strong><\/p>\n<p><strong>Elnyert d\u00edjak \u00e9s \u00f6szt\u00f6nd\u00edjak:<\/strong><\/p>\n<p>2024: \u201eK\u00f6z\u00f6ss\u00e9g a tudom\u00e1ny\u00e9rt d\u00edj\u201d (Doktoranduszok Orsz\u00e1gos Sz\u00f6vets\u00e9ge)<\/p>\n<p>2024: MCC Posztdoktori K\u00f6nyvkiad\u00e1si Program<\/p>\n<p>2019: Osztr\u00e1k-Magyar Akci\u00f3 Alap\u00edtv\u00e1ny doktori \u00f6szt\u00f6nd\u00edja, 1 h\u00f3nap, Salzburg, Ausztria<\/p>\n<p>2019-2020: \u00daj Nemzeti Kiv\u00e1l\u00f3s\u00e1g Program (\u00daNKP) Fels\u0151oktat\u00e1si Doktori Hallgat\u00f3i, Doktorjel\u00f6lti Kutat\u00f3i \u00d6szt\u00f6nd\u00edj, 10 h\u00f3nap (ELTE)<\/p>\n<p>2017-2021: Magyar \u00c1llami Doktori \u00d6szt\u00f6nd\u00edj (ELTE)<\/p>\n\n<\/div><h2 class=\"tabtitle\">Publik\u00e1ci\u00f3<\/h2>\n<div class=\"tabcontent\">\n\n<p><strong>Publik\u00e1ci\u00f3k:<\/strong><\/p>\n<p>https:\/\/m2.mtmt.hu\/gui2\/?type=authors&#038;mode=browse&#038;sel=10060567<\/p>\n<\/div><\/div>\n<p>&nbsp;<\/p>\n","protected":false},"excerpt":{"rendered":"<p>&nbsp; Dr. Ruszkai Szilvia \u00c9va Munkahelyek: 2025- jelenleg Semmelweis Egyetem \u00c1ltal\u00e1nos Orvostudom\u00e1nyi Kar Egyetemi adjunktus Oktatott tant\u00e1rgyak: Orvosi szociol\u00f3gia (magyar nyelven) Medizinische Psychologie und Soziologie I. (n\u00e9met nyelven) Medizinische Soziologie II. (n\u00e9met nyelven) Pharmazeutische Ethik und Soziologie (n\u00e9met nyelven) \u00a0 2019-2021 Debreceni Egyetem \u00c1ltal\u00e1nos Orvostudom\u00e1nyi Kar Egyetemi tan\u00e1rseg\u00e9d Oktatott tant\u00e1rgyak: Bioetika (magyar nyelven) Bioethics (angol &hellip;<\/p>\n","protected":false},"author":101277,"featured_media":0,"parent":2035,"menu_order":29,"comment_status":"closed","ping_status":"closed","template":"","meta":{"_acf_changed":false,"footnotes":""},"categories":[],"tags":[],"class_list":["post-13015","page","type-page","status-publish","hentry"],"acf":[],"_links":{"self":[{"href":"https:\/\/semmelweis.hu\/magtud\/wp-json\/wp\/v2\/pages\/13015","targetHints":{"allow":["GET"]}}],"collection":[{"href":"https:\/\/semmelweis.hu\/magtud\/wp-json\/wp\/v2\/pages"}],"about":[{"href":"https:\/\/semmelweis.hu\/magtud\/wp-json\/wp\/v2\/types\/page"}],"author":[{"embeddable":true,"href":"https:\/\/semmelweis.hu\/magtud\/wp-json\/wp\/v2\/users\/101277"}],"replies":[{"embeddable":true,"href":"https:\/\/semmelweis.hu\/magtud\/wp-json\/wp\/v2\/comments?post=13015"}],"version-history":[{"count":7,"href":"https:\/\/semmelweis.hu\/magtud\/wp-json\/wp\/v2\/pages\/13015\/revisions"}],"predecessor-version":[{"id":13212,"href":"https:\/\/semmelweis.hu\/magtud\/wp-json\/wp\/v2\/pages\/13015\/revisions\/13212"}],"up":[{"embeddable":true,"href":"https:\/\/semmelweis.hu\/magtud\/wp-json\/wp\/v2\/pages\/2035"}],"wp:attachment":[{"href":"https:\/\/semmelweis.hu\/magtud\/wp-json\/wp\/v2\/media?parent=13015"}],"wp:term":[{"taxonomy":"category","embeddable":true,"href":"https:\/\/semmelweis.hu\/magtud\/wp-json\/wp\/v2\/categories?post=13015"},{"taxonomy":"post_tag","embeddable":true,"href":"https:\/\/semmelweis.hu\/magtud\/wp-json\/wp\/v2\/tags?post=13015"}],"curies":[{"name":"wp","href":"https:\/\/api.w.org\/{rel}","templated":true}]}}