{"id":12859,"date":"2025-06-25T14:50:47","date_gmt":"2025-06-25T12:50:47","guid":{"rendered":"https:\/\/semmelweis.hu\/magtud\/?page_id=12859"},"modified":"2025-11-12T12:15:55","modified_gmt":"2025-11-12T11:15:55","slug":"osszel-indulo-eves-es-testkepzavar-csoport","status":"publish","type":"page","link":"https:\/\/semmelweis.hu\/magtud\/gyogyitas\/osszel-indulo-eves-es-testkepzavar-csoport\/","title":{"rendered":"\u0150sszel indul\u00f3 ev\u00e9s- \u00e9s testk\u00e9pzavar csoport"},"content":{"rendered":"<p style=\"text-align: center\"><strong>Csoport indul ev\u00e9s- testk\u00e9pzavarban \u00e9rintettek sz\u00e1m\u00e1ra<\/strong>!<\/p>\n<p><strong>Helysz\u00edn:<\/strong> Semmelweis Egyetem, Magatart\u00e1studom\u00e1nyi Int\u00e9zet, Pszichoszomatikus Szakrendel\u0151, 1089 Budapest, Nagyv\u00e1rad t\u00e9r 4. f\u00f6ldszint.<\/p>\n<p><strong>Id\u0151pont \u00e9s id\u0151tartam:<\/strong> Szerd\u00e1nk\u00e9nt 15.00-16.30-ig. Hetente 1 db 90 perces alkalom, 12 h\u00e9ten \u00e1t, majd 1 k\u00f6vet\u00e9ses alkalom. Jelentkez\u0151k f\u00fcggv\u00e9ny\u00e9ben 2025. szeptemberi indul\u00e1ssal. Az els\u0151 2 alkalomra j\u00f6het \u00faj r\u00e9sztvev\u0151, illetve lehet hivatalosan elb\u00facs\u00fazni a csoportt\u00f3l, a 3. alkalomt\u00f3l elk\u00f6telez\u0151d\u00e9st ig\u00e9nyl\u0151, z\u00e1rt csoport, a t\u00e9ma szenzitivit\u00e1sa \u00e9s a struktur\u00e1lt m\u00f3dszer miatt.<\/p>\n<p><strong>C\u00e9lcsoport:<\/strong> Olyan nagykor\u00fa szem\u00e9lyek, akik ev\u00e9szavar- vagy testk\u00e9pzavart\u00fcnetekkel k\u00fczdenek, saj\u00e1t sz\u00e1nd\u00e9kukra jelentkeztek be szakrendel\u0151nkbe, \u00e9s pszichi\u00e1ter szakorvossal folytatott els\u0151 interj\u00fa alapj\u00e1n anorexia nervos\u00e1val, bulimia nervos\u00e1val, vagy egy\u00e9b, at\u00edpusos ev\u00e9szavarokkal k\u00fczdenek. Fal\u00e1szavarban \u00e9rintettek sz\u00e1m\u00e1ra az Int\u00e9zet fal\u00e1szavarra specializ\u00e1lt dialektikus viselked\u00e9ster\u00e1pi\u00e1s csoportj\u00e1t javasoljuk.<\/p>\n<p><strong>Csoport c\u00e9lja:<\/strong> A ev\u00e9si \u00e9s testtel kapcsolatos t\u00fcneti magatart\u00e1sok \u00e9s potenci\u00e1lis sz\u00f6v\u0151dm\u00e9nyeik cs\u00f6kkent\u00e9se. A t\u00fcnetek szem\u00e9lyes kiv\u00e1lt\u00f3 \u00e9s fenntart\u00f3 t\u00e9nyez\u0151inek jobb megismer\u00e9se \u2013 bele\u00e9rtve a negat\u00edv testk\u00e9pet, ev\u00e9st\u00fcneteket fokoz\u00f3 szitu\u00e1ci\u00f3k, viselked\u00e9s, gondolatok, hangulatok felismer\u00e9s\u00e9t \u00e9s m\u00f3dos\u00edt\u00e1s\u00e1t. Eg\u00e9szs\u00e9gesebb ev\u00e9si mint\u00e1zat \u00e9s a kapcsol\u00f3d\u00f3 megk\u00fczd\u00e9si k\u00e9szs\u00e9gek, hat\u00e9konyabb \u00e9rzelemszab\u00e1lyoz\u00e1s, szem\u00e9lyk\u00f6zi viszonyul\u00e1s seg\u00edt\u00e9se. <strong>M\u00f3dszerek:<\/strong> A csoport rendszerszeml\u00e9let\u0171, a hajlamos\u00edt\u00f3, kiv\u00e1lt\u00f3 \u00e9s fenntart\u00f3 t\u00e9nyez\u0151k komplex egy\u00fcttm\u0171k\u00f6d\u00e9s\u00e9t felt\u00e9telezi a t\u00fcnetk\u00e9pz\u00e9sben, m\u00f3dszerek tekintet\u00e9ben f\u0151k\u00e9pp az ev\u00e9szavarok kognit\u00edv-viselked\u00e9ster\u00e1pi\u00e1j\u00e1nak (CBT-E) eszk\u00f6zt\u00e1r\u00e1b\u00f3l mer\u00edt. Az alult\u00e1pl\u00e1lt kliensek testt\u00f6meg\u00e9t szepar\u00e1ltan m\u00e9rj\u00fck, s minden \u00fcl\u00e9sen monitorozzuk a hangulatot \u00e9s a t\u00fcnetek szubjekt\u00edv er\u0151ss\u00e9g\u00e9t. Javasoljuk az ev\u00e9szavar ell\u00e1t\u00e1si alapelvek \u00e9s \u00f6nseg\u00edt\u0151 olvasm\u00e1nyok elolvas\u00e1s\u00e1t, a felmer\u00fcl\u0151 k\u00e9rd\u00e9sekben konzult\u00e1ci\u00f3s lehet\u0151s\u00e9get biztos\u00edtva az \u00fcl\u00e9sek alatt. A csoport id\u0151tartama alatt ev\u00e9s- \u00e9s testk\u00e9pnapl\u00f3 vezet\u00e9s\u00e9t k\u00e9rj\u00fck, amiben a hangs\u00faly a t\u00fcnetfokoz\u00f3 szitu\u00e1ci\u00f3kra, gondolatokra, \u00e9rzelmi \u00e9lm\u00e9nyekre ker\u00fcl.<\/p>\n<p><strong>Az egyes csoportalkalmak v\u00e1z\u00e1t n\u00e9gy nagy egys\u00e9g alkotja:<\/strong> 1. T\u00fcnetfelm\u00e9r\u00e9s, v\u00e1ltoz\u00e1sok \u2013 ezekhez kapcsol\u00f3d\u00f3 esem\u00e9nyek. 2. Aktu\u00e1lis t\u00e9ma \u2013 minden h\u00e9ten egy az ev\u00e9s- \u00e9s testk\u00e9pzavart\u00fcnetek szempontj\u00e1b\u00f3l relev\u00e1ns t\u00e9ma ker\u00fcl \u00e1tdolgoz\u00e1sra, ami az aktu\u00e1lis csoportalakalom \u201emagv\u00e1t\u201d jelenti. 3. Gyakorlat \u2013 t\u00f6bb esetben ezt az adott t\u00e9m\u00e1hoz kapcsol\u00f3d\u00f3 gyakorlat k\u00f6veti, pl. testk\u00e9p, \u00e9rzelemszab\u00e1lyoz\u00e1si strat\u00e9gi\u00e1k, asszert\u00edv kommunik\u00e1ci\u00f3. 4. Z\u00e1r\u00e1s \u2013 minden alkalmat a konzekvenci\u00e1k \u00f6sszegz\u00e9s\u00e9vel, meger\u0151s\u00edt\u0151 visszajelz\u00e9sekkel, otthoni feladattal z\u00e1runk.<\/p>\n<p><strong>Csoportvezet\u0151k:<\/strong> Dr. Szalai Tam\u00e1s D\u00f6m\u00f6t\u00f6r klinikai illetve tan\u00e1csad\u00f3 szakpszichol\u00f3gus, csal\u00e1dterapeuta, Cs\u00e9csy Vera Vanda klinikai szakpszichol\u00f3gus-jel\u00f6lt.<\/p>\n<p><strong>Jelentkez\u00e9s felv\u00e9teli interj\u00fara:<\/strong> Magatart\u00e1studom\u00e1ny Int\u00e9zet Pszichoszomatikus Szakambulanci\u00e1j\u00e1n, vezet\u0151 assszisztensn\u0151nkn\u00e9l, K\u0151halmi Andre\u00e1n\u00e1l.<\/p>\n<p><em>\u00a0Telefonon<\/em>: +36-1 459-1500\/56565 mell\u00e9k,<\/p>\n<p><em>Email-ben<\/em>: <a href=\"mailto:szakrendelo.magatartastudomany@semmelweis.hu\">szakrendelo.magatartastudomany@semmelweis.hu<\/a><\/p>\n<p>&nbsp;<\/p>\n","protected":false},"excerpt":{"rendered":"<p>Csoport indul ev\u00e9s- testk\u00e9pzavarban \u00e9rintettek sz\u00e1m\u00e1ra! Helysz\u00edn: Semmelweis Egyetem, Magatart\u00e1studom\u00e1nyi Int\u00e9zet, Pszichoszomatikus Szakrendel\u0151, 1089 Budapest, Nagyv\u00e1rad t\u00e9r 4. f\u00f6ldszint. Id\u0151pont \u00e9s id\u0151tartam: Szerd\u00e1nk\u00e9nt 15.00-16.30-ig. Hetente 1 db 90 perces alkalom, 12 h\u00e9ten \u00e1t, majd 1 k\u00f6vet\u00e9ses alkalom. Jelentkez\u0151k f\u00fcggv\u00e9ny\u00e9ben 2025. szeptemberi indul\u00e1ssal. Az els\u0151 2 alkalomra j\u00f6het \u00faj r\u00e9sztvev\u0151, illetve lehet hivatalosan elb\u00facs\u00fazni a csoportt\u00f3l, &hellip;<\/p>\n","protected":false},"author":110,"featured_media":0,"parent":2391,"menu_order":6,"comment_status":"closed","ping_status":"closed","template":"","meta":{"_acf_changed":false,"footnotes":""},"categories":[],"tags":[],"class_list":["post-12859","page","type-page","status-publish","hentry"],"acf":[],"_links":{"self":[{"href":"https:\/\/semmelweis.hu\/magtud\/wp-json\/wp\/v2\/pages\/12859","targetHints":{"allow":["GET"]}}],"collection":[{"href":"https:\/\/semmelweis.hu\/magtud\/wp-json\/wp\/v2\/pages"}],"about":[{"href":"https:\/\/semmelweis.hu\/magtud\/wp-json\/wp\/v2\/types\/page"}],"author":[{"embeddable":true,"href":"https:\/\/semmelweis.hu\/magtud\/wp-json\/wp\/v2\/users\/110"}],"replies":[{"embeddable":true,"href":"https:\/\/semmelweis.hu\/magtud\/wp-json\/wp\/v2\/comments?post=12859"}],"version-history":[{"count":3,"href":"https:\/\/semmelweis.hu\/magtud\/wp-json\/wp\/v2\/pages\/12859\/revisions"}],"predecessor-version":[{"id":12862,"href":"https:\/\/semmelweis.hu\/magtud\/wp-json\/wp\/v2\/pages\/12859\/revisions\/12862"}],"up":[{"embeddable":true,"href":"https:\/\/semmelweis.hu\/magtud\/wp-json\/wp\/v2\/pages\/2391"}],"wp:attachment":[{"href":"https:\/\/semmelweis.hu\/magtud\/wp-json\/wp\/v2\/media?parent=12859"}],"wp:term":[{"taxonomy":"category","embeddable":true,"href":"https:\/\/semmelweis.hu\/magtud\/wp-json\/wp\/v2\/categories?post=12859"},{"taxonomy":"post_tag","embeddable":true,"href":"https:\/\/semmelweis.hu\/magtud\/wp-json\/wp\/v2\/tags?post=12859"}],"curies":[{"name":"wp","href":"https:\/\/api.w.org\/{rel}","templated":true}]}}