{"id":12591,"date":"2024-11-25T15:48:27","date_gmt":"2024-11-25T14:48:27","guid":{"rendered":"https:\/\/semmelweis.hu\/magtud\/?page_id=12591"},"modified":"2026-02-16T13:17:31","modified_gmt":"2026-02-16T12:17:31","slug":"dr-szucs-anna","status":"publish","type":"page","link":"https:\/\/semmelweis.hu\/magtud\/intezet\/munkatarsak\/dr-szucs-anna\/","title":{"rendered":"Dr. Sz\u0171cs Anna"},"content":{"rendered":"<div class=\"responsive-tabs\">\n<h2 class=\"tabtitle\">\u00d6n\u00e9letrajz<\/h2>\n<div class=\"tabcontent\">\n\n<p><strong>Dr. Sz\u0171cs Anna<\/strong><\/p>\n<p><strong>Szakmai \u00f6n\u00e9letrajz<\/strong><\/p>\n<p>&nbsp;<\/p>\n<p><strong>\u00c1ltal\u00e1nos orvosi diploma:<\/strong> Semmelweis Orvostudom\u00e1nyi Egyetem Budapest, 1978.<\/p>\n<p>Az<strong> Association of British Neurologists <\/strong>tagja<\/p>\n<p><strong>\u00a0<\/strong><\/p>\n<p><strong>Munkahelyek:<\/strong><\/p>\n<p><strong>R\u00f3bert K\u00e1roly k\u00f6r\u00fati k\u00f3rh\u00e1z \u00a0\u00a0\u00a0\u00a0\u00a0\u00a0\u00a0\u00a0\u00a0\u00a0\u00a0\u00a0\u00a0\u00a0\u00a0\u00a0\u00a0\u00a0\u00a0 1978-1979<br \/>\n<\/strong>Pszichi\u00e1triai oszt\u00e1ly \u00e9s Organikus Idegoszt\u00e1ly<\/p>\n<p><strong>Jahn Ferenc D\u00e9l-pesti K\u00f3rh\u00e1z\u00a0 \u00a0\u00a0\u00a0\u00a0\u00a0\u00a0\u00a0\u00a0\u00a0\u00a0\u00a0\u00a0\u00a0\u00a0\u00a0\u00a0\u00a0 1980-1994.\u00a0 <\/strong>\u00a0\u00a0<br \/>\nOrganikus Idegoszt\u00e1ly\/Neurol\u00f3giai oszt\u00e1ly\u00a0<\/p>\n<p>K\u00f6zben (1984-1986): I. Pszichi\u00e1triai Oszt\u00e1ly<br \/>\n5 \u00e9ven \u00e1t az EMG Labor vezet\u0151je\u00a0<\/p>\n<p><strong>Orsz\u00e1gos Pszichi\u00e1triai \u00e9s Neurol\u00f3giai Int\u00e9zet\u00a0 1994- 2007.\u00a0\u00a0\u00a0 <br \/>\n<\/strong>Neurol\u00f3giai oszt\u00e1ly \u00a0\u00a0\u00a01994-97;<br \/>\nNeurol\u00f3giai oszt\u00e1ly\/HIETE Neurol\u00f3giai Tansz\u00e9k\/Orsz\u00e1gos Epilepszia Centrum 1997-2007<br \/>\n\u00a0\u00a0\u00a0\u00a0\u00a0\u00a0\u00a0\u00a0 Az\u00a0 Alv\u00e1sr\u00e9szleg vezet\u0151je<\/p>\n<p><strong>Orsz\u00e1gos Idegseb\u00e9szeti Tudom\u00e1nyos Int\u00e9zet\/ Orsz\u00e1gos Klinikai Idegtudom\u00e1nyi Int\u00e9zet\u00a0 2007-2019<\/strong><br \/>\nNeurol\u00f3giai Oszt\u00e1ly<\/p>\n<p>2007 novembert\u0151l \u00f6nk\u00e9ntes seg\u00edt\u0151, majd<br \/>\n2008 j\u00faniust\u00f3l 2017. febru\u00e1rig f\u0151\u00e1ll\u00e1s\u00fa, oszt\u00e1lyvezet\u0151 helyettes<br \/>\n2008 4 \u00e9ven \u00e1t a Neurol\u00f3giai R\u00e9szleg vezet\u0151je, az Epilepszia Munkacsoport tagja<br \/>\n2008 febru\u00e1rt\u00f3l 2019. novemberig nyugd\u00edjas \u00f6nk\u00e9ntes seg\u00edt\u0151<br \/>\na NAP 1 \u00e9s NAP2 program r\u00e9sztvev\u0151je<\/p>\n<p><strong>Semmelweis Egyetem Magatart\u00e1studom\u00e1nyi Int\u00e9zet\u00a0 2003. \u00f3ta folyamatosan, j<\/strong>elenleg is<br \/>\nk\u00fcls\u0151 munkat\u00e1rs; alv\u00e1srendel\u00e9s, alv\u00e1skutat\u00e1s<\/p>\n<p><strong>\u00a0<\/strong><strong>King\u2019s College Hospital London Egyes\u00fclt Kir\u00e1lys\u00e1g<\/strong> <strong>2008 \u00e1prilis-okt\u00f3ber<br \/>\n<\/strong>\u00a0Neuroscience\u00a0 Centre; Department of\u00a0 Neurophysiology <br \/>\nClinical fellow\u00a0<\/p>\n<p>R\u00e9szv\u00e9tel a Centrum oktat\u00f3 munk\u00e1j\u00e1ban, t\u00f6bb tudom\u00e1nyos el\u0151ad\u00e1s a klinikai epileptol\u00f3gia \u00e9s elektro-encephalogr\u00e1fia t\u00e1rgyk\u00f6r\u00e9ben<\/p>\n<p>2008 \u00f3ta rendszeresen, \u00e9vi 1-6 h\u00f3napig, neurol\u00f3gus konzult\u00e1ns Anglia k\u00fcl\u00f6nb\u00f6z\u0151 k\u00f3rh\u00e1zaiban- fekv\u0151-, \u00e9s j\u00e1r\u00f3beteg ell\u00e1t\u00e1s, rezidensek oktat\u00e1sa.<\/p>\n<p><strong>Az Egyes\u00fclt Kir\u00e1lys\u00e1g Queen Victoria k\u00f3rh\u00e1z\u00e1nak Alv\u00e1scentrum\u00e1ban \u00a02021. november -2023 m\u00e1rciusig <\/strong>konzult\u00e1ns;<br \/>\nfolyamatos online \u00e9s szem\u00e9lyes munka<\/p>\n<p>&nbsp;<\/p>\n<p><strong>MAZSIHISZ Szeretetk\u00f3rh\u00e1z<\/strong>, Ideggy\u00f3gy\u00e1sz konzult\u00e1ns;<\/p>\n<p><strong>Ferencv\u00e1rosi Eg\u00e9szs\u00e9g\u00fcgyi Szolg\u00e1ltat\u00f3<\/strong>: Ideggy\u00f3gy\u00e1szati Szakrendel\u00e9s \u00a0\u00a0\u00a0\u00a0\u00a0\u00a0\u00a0\u00a0\u00a0\u00a0\u00a0\u00a0\u00a0\u00a0\u00a0\u00a0\u00a0\u00a0\u00a0\u00a0\u00a0\u00a0\u00a0\u00a0\u00a0\u00a0\u00a0\u00a0\u00a0\u00a0\u00a0\u00a0\u00a0\u00a0\u00a0\u00a0\u00a0\u00a0\u00a0\u00a0\u00a0\u00a0\u00a0\u00a0\u00a0 \u00a0\u00a0\u00a0\u00a0\u00a0<\/p>\n<ul>\n<li><strong>Szakvizsg\u00e1k, k\u00e9pes\u00edt\u00e9sek:<\/strong><\/li>\n<li>\u00a0\u00a0\u00a0\u00a0\u00a0Neurol\u00f3gia\u00a0\u00a0 (1983.)<\/li>\n<li>Pszichi\u00e1tria (1986.)<\/li>\n<li>EEG (1995.)<\/li>\n<li>Pszichi\u00e1triai rehabilit\u00e1ci\u00f3 (2006.)<\/li>\n<li>Epilepszia specialista c\u00edm (2009)<\/li>\n<li>Szomnol\u00f3gia Licenszvizsga (2016.)<\/li>\n<\/ul>\n<p>&nbsp;<\/p>\n<p><strong>Tudom\u00e1nyos min\u0151s\u00edt\u00e9s:<\/strong><\/p>\n<p>Ph.D. 2002. (\u201eAlv\u00e1szavarok egyes neurol\u00f3giai betegs\u00e9gekben\u201d)<\/p>\n<p>Habilit\u00e1ci\u00f3 2011: (\u201eParoxysmalis zavarok alv\u00e1sban\u201d)<\/p>\n<p>&nbsp;<\/p>\n<p><strong>Tanulm\u00e1nyutak:<\/strong> \u00a0\u00a0\u00a0\u00a0\u00a0<\/p>\n<p>1988 Franciaorsz\u00e1g, Montpellier; Hopital Gui de Chauliac; Alv\u00e1s- \u00e9s epileptol\u00f3giai k\u00f6zpont; 10 h\u00f3nap\u00a0 (Prof M. Billiard)<\/p>\n<p>1995 N\u00e9metorsz\u00e1g, Marburg Egyetemi Alv\u00e1sk\u00f6zpont (Prof H. Peter)<\/p>\n<p>1995 N\u00e9metorsz\u00e1g, N\u00fcrnberg, Neurol\u00f3giai Klinika, Epilepszia K\u00f6zpont <br \/>\n(Prof. Noachtar)<\/p>\n<p>&nbsp;<\/p>\n<p><strong>Oktat\u00e1s: <\/strong>Az International\u00a0League\u00a0Against\u00a0Epilepsy\u00a0(ILAE) Virtual\u00a0Epilepsy\u00a0Academy\u00a0(VIREPA)-j\u00e1nak oktat\u00f3ja 2017 \u00e9s 2022. k\u00f6z\u00f6tt.\u00a0<\/p>\n<p>Szakorvosk\u00e9pz\u0151 OFTEX tanfolyamok, Ph.D kurzusok,\u00a0 egyetemi \u00e9s f\u0151iskolai k\u00e9pz\u00e9sek rendszeres el\u0151ad\u00f3ja az alv\u00e1s-medicina \u00e9s epileptol\u00f3gia t\u00e9mak\u00f6reiben<\/p>\n<p>Sz\u00e1mos PhD. dolgozat h\u00e1zi ill. hivatalos b\u00edr\u00e1l\u00f3ja<\/p>\n<p>Sz\u00e1mos egyetemi szakdolgozat b\u00edr\u00e1l\u00f3ja;<\/p>\n<p>a narcolepsia, Parkinsonismus, alv\u00e1szavarok, epilepszia, vascularis neurol\u00f3gia t\u00e1rgyk\u00f6reiben<\/p>\n<p>&nbsp;<\/p>\n<p><strong>Ph.D. t\u00e9mavezet\u00e9s:<\/strong>\u00a0\u00a0\u00a0 2 v\u00e9gzett Ph.D-s (Dr. Barcs G\u00e1bor \u00e9s Dr. Papp Anik\u00f3),<\/p>\n<p>2 k\u00fclf\u00f6ldi, \u00f6szt\u00f6nd\u00edjas, folyamatban (Vivian Correra- Brazilia; Mengesha Shrahzbu -Eti\u00f3pia)<\/p>\n<p>&nbsp;<\/p>\n<p><strong>Szerkeszt\u0151bizotts\u00e1gi tags\u00e1g:<\/strong> az <strong>EC Neurology c. open access\u00a0 neurol\u00f3giai foly\u00f3irat s<\/strong>zerkeszt\u0151bizotts\u00e1gi tagja;<\/p>\n<p><strong>a Frontiers in Nerology Sleep section associate editor<\/strong><\/p>\n\n<\/div><h2 class=\"tabtitle\">Publik\u00e1ci\u00f3k<\/h2>\n<div class=\"tabcontent\">\n\n<p><strong>Publik\u00e1ci\u00f3s lista az MTMT2 oldalr\u00f3l let\u00f6lthet\u0151 (2024. janu\u00e1r 7-i lista): <a href=\"https:\/\/m2.mtmt.hu\/gui2\/?type=authors&amp;mode=browse&amp;sel=authors10031171\" target=\"_blank\" rel=\"noopener\">itt<\/a><br \/>\n<\/strong><\/p>\n<p>173 publik\u00e1ci\u00f3 itt megjelen\u00edtve,<\/p>\n<p>F\u00fcggetlen id\u00e9zetek sz\u00e1ma 2594, \u00a0<\/p>\n<p>H index:28.<\/p>\n<p><strong>Tudom\u00e1nyos munka:<\/strong>\u00a0 Az alv\u00e1ssal, annak zavaraival \u00e9s funkci\u00f3ival, epilepszi\u00e1val val\u00f3 kapcsolataival, \u00e9s neurol\u00f3giai t\u00e9m\u00e1kkal foglalkozom.<\/p>\n<\/div><\/div>\n","protected":false},"excerpt":{"rendered":"<p>Dr. Sz\u0171cs Anna Szakmai \u00f6n\u00e9letrajz &nbsp; \u00c1ltal\u00e1nos orvosi diploma: Semmelweis Orvostudom\u00e1nyi Egyetem Budapest, 1978. Az Association of British Neurologists tagja \u00a0 Munkahelyek: R\u00f3bert K\u00e1roly k\u00f6r\u00fati k\u00f3rh\u00e1z \u00a0\u00a0\u00a0\u00a0\u00a0\u00a0\u00a0\u00a0\u00a0\u00a0\u00a0\u00a0\u00a0\u00a0\u00a0\u00a0\u00a0\u00a0\u00a0 1978-1979 Pszichi\u00e1triai oszt\u00e1ly \u00e9s Organikus Idegoszt\u00e1ly Jahn Ferenc D\u00e9l-pesti K\u00f3rh\u00e1z\u00a0 \u00a0\u00a0\u00a0\u00a0\u00a0\u00a0\u00a0\u00a0\u00a0\u00a0\u00a0\u00a0\u00a0\u00a0\u00a0\u00a0\u00a0 1980-1994.\u00a0 \u00a0\u00a0 Organikus Idegoszt\u00e1ly\/Neurol\u00f3giai oszt\u00e1ly\u00a0 K\u00f6zben (1984-1986): I. Pszichi\u00e1triai Oszt\u00e1ly 5 \u00e9ven \u00e1t az EMG Labor vezet\u0151je\u00a0 &hellip;<\/p>\n","protected":false},"author":101277,"featured_media":0,"parent":2035,"menu_order":40,"comment_status":"closed","ping_status":"closed","template":"","meta":{"_acf_changed":false,"footnotes":""},"categories":[],"tags":[],"class_list":["post-12591","page","type-page","status-publish","hentry"],"acf":[],"_links":{"self":[{"href":"https:\/\/semmelweis.hu\/magtud\/wp-json\/wp\/v2\/pages\/12591","targetHints":{"allow":["GET"]}}],"collection":[{"href":"https:\/\/semmelweis.hu\/magtud\/wp-json\/wp\/v2\/pages"}],"about":[{"href":"https:\/\/semmelweis.hu\/magtud\/wp-json\/wp\/v2\/types\/page"}],"author":[{"embeddable":true,"href":"https:\/\/semmelweis.hu\/magtud\/wp-json\/wp\/v2\/users\/101277"}],"replies":[{"embeddable":true,"href":"https:\/\/semmelweis.hu\/magtud\/wp-json\/wp\/v2\/comments?post=12591"}],"version-history":[{"count":3,"href":"https:\/\/semmelweis.hu\/magtud\/wp-json\/wp\/v2\/pages\/12591\/revisions"}],"predecessor-version":[{"id":12594,"href":"https:\/\/semmelweis.hu\/magtud\/wp-json\/wp\/v2\/pages\/12591\/revisions\/12594"}],"up":[{"embeddable":true,"href":"https:\/\/semmelweis.hu\/magtud\/wp-json\/wp\/v2\/pages\/2035"}],"wp:attachment":[{"href":"https:\/\/semmelweis.hu\/magtud\/wp-json\/wp\/v2\/media?parent=12591"}],"wp:term":[{"taxonomy":"category","embeddable":true,"href":"https:\/\/semmelweis.hu\/magtud\/wp-json\/wp\/v2\/categories?post=12591"},{"taxonomy":"post_tag","embeddable":true,"href":"https:\/\/semmelweis.hu\/magtud\/wp-json\/wp\/v2\/tags?post=12591"}],"curies":[{"name":"wp","href":"https:\/\/api.w.org\/{rel}","templated":true}]}}