{"id":12519,"date":"2024-10-07T15:27:27","date_gmt":"2024-10-07T13:27:27","guid":{"rendered":"https:\/\/semmelweis.hu\/magtud\/?page_id=12519"},"modified":"2026-02-16T13:35:32","modified_gmt":"2026-02-16T12:35:32","slug":"illyes-zoltan","status":"publish","type":"page","link":"https:\/\/semmelweis.hu\/magtud\/intezet\/munkatarsak\/illyes-zoltan\/","title":{"rendered":"Illy\u00e9s Zolt\u00e1n"},"content":{"rendered":"<p>\u00d6n\u00e9letrajz<a href=\"https:\/\/semmelweis.hu\/magtud\/files\/2024\/10\/iz.jpg\"><img loading=\"lazy\" decoding=\"async\" class=\"alignright wp-image-12522\" src=\"https:\/\/semmelweis.hu\/magtud\/files\/2024\/10\/iz.jpg\" alt=\"\" width=\"200\" height=\"244\" \/><\/a><\/p>\n<p><strong>Illy\u00e9s Zolt\u00e1n<\/strong><\/p>\n<p><a href=\"mailto:Illyes.Zoltan@semmelweis.hu\">Illyes.Zoltan@semmelweis.hu<\/a><\/p>\n<p>Egyetemi tanulm\u00e1nyok<\/p>\n<table>\n<tbody>\n<tr>\n<td width=\"473\">\n<p>\u00b7\u00a0 <strong>E\u00f6tv\u00f6s Lor\u00e1nd Tudom\u00e1nyegyetem, Pedag\u00f3giai \u00e9s Pszichol\u00f3giai Kar<\/strong><\/p>\n<p>Pszichol\u00f3gia, Klinikai \u00e9s eg\u00e9szs\u00e9gpszichol\u00f3giai specializ\u00e1ci\u00f3 (MA)<\/p>\n<\/td>\n<td width=\"139\">\n<p><strong>2017 \u2013 2019<\/strong><\/p>\n<\/td>\n<\/tr>\n<tr>\n<td width=\"473\">\n<p>\u00b7\u00a0 <strong>E\u00f6tv\u00f6s Lor\u00e1nd Tudom\u00e1nyegyetem, Pedag\u00f3gai \u00e9s Pszichol\u00f3giai Kar<\/strong><\/p>\n<p>Pszichol\u00f3gia (BA)<\/p>\n<\/td>\n<td width=\"139\">\n<p><strong>2014 \u2013 2017<\/strong><\/p>\n<\/td>\n<\/tr>\n<\/tbody>\n<\/table>\n<p>Posztgradu\u00e1lis k\u00e9pz\u00e9sek<\/p>\n<table>\n<tbody>\n<tr>\n<td width=\"473\">\n<p>\u00b7\u00a0\u00a0 <strong>Magyar Viselked\u00e9s-, Kognit\u00edv \u00e9s S\u00e9mater\u00e1pi\u00e1s Egyes\u00fclet<\/strong><\/p>\n<p>S\u00e9materapeuta-jel\u00f6lt<\/p>\n<\/td>\n<td width=\"139\">\n<p><strong>2022 \u2013<\/strong><\/p>\n<\/td>\n<\/tr>\n<tr>\n<td width=\"473\">\n<p>\u00b7\u00a0\u00a0 <strong>Semmelweis Egyetem, Klinikai Pszichol\u00f3gia Tansz\u00e9k <br \/>\n<\/strong>Feln\u0151tt klinikai \u00e9s ment\u00e1lhigi\u00e9niai szakpszichol\u00f3gus-jel\u00f6lt<\/p>\n<\/td>\n<td width=\"139\">\n<p><strong>2020 \u2013<\/strong><\/p>\n<\/td>\n<\/tr>\n<tr>\n<td width=\"473\">\n<p>\u00b7\u00a0\u00a0 <strong>Magyar Viselked\u00e9s-, Kognit\u00edv \u00e9s S\u00e9mater\u00e1pi\u00e1s Egyes\u00fclet<\/strong><\/p>\n<p>Kognit\u00edv \u00e9s viselked\u00e9ster\u00e1pi\u00e1s konzult\u00e1ns<\/p>\n<\/td>\n<td width=\"139\">\n<p><strong>2019 \u2013 2021<\/strong><\/p>\n<\/td>\n<\/tr>\n<tr>\n<td width=\"473\">\n<p>\u00b7\u00a0 <strong>Magyar Csal\u00e1dter\u00e1pi\u00e1s Egyes\u00fclet<\/strong><\/p>\n<p>Csal\u00e1dter\u00e1pi\u00e1s elm\u00e9leti alapk\u00e9pzetts\u00e9g<\/p>\n<\/td>\n<td width=\"139\">\n<p><strong>2018 \u2013<\/strong><\/p>\n<\/td>\n<\/tr>\n<tr>\n<td width=\"473\">\n<p>\u00b7\u00a0 <strong>Magyar Relax\u00e1ci\u00f3s \u00e9s Szimb\u00f3lumter\u00e1pi\u00e1s Egyes\u00fclet<\/strong><\/p>\n<p>M\u00f3dszerspecifikus k\u00e9pzetts\u00e9g: relax\u00e1ci\u00f3s terapeuta<\/p>\n<\/td>\n<td width=\"139\">\n<p><strong>2018 \u2013 2019<\/strong><\/p>\n<\/td>\n<\/tr>\n<\/tbody>\n<\/table>\n<p>Munkatapasztalat<\/p>\n<table>\n<tbody>\n<tr>\n<td width=\"473\">\n<p>\u00b7\u00a0 <strong>Magatart\u00e1studom\u00e1nyi Int\u00e9zet, Semmelweis Egyetem<\/strong><\/p>\n<p>Pszichol\u00f3gus, oktat\u00e1si munkat\u00e1rs (Orvosi Pszichol\u00f3gia Munkacsoport)<\/p>\n<\/td>\n<td width=\"139\">\n<p><strong>2022 \u2013<\/strong><\/p>\n<\/td>\n<\/tr>\n<tr>\n<td width=\"473\">\n<p>\u00b7\u00a0 <strong>Orsz\u00e1gos Orvosi Rehabilit\u00e1ci\u00f3s Int\u00e9zet (OORI)<\/strong><\/p>\n<p>Pszichol\u00f3gus: Gerincvel\u0151s\u00e9r\u00fcltek Rehabilit\u00e1ci\u00f3s Oszt\u00e1lya, Ortop\u00e9d-Traumatol\u00f3giai Rehabilit\u00e1ci\u00f3s Oszt\u00e1ly<\/p>\n<\/td>\n<td width=\"139\">\n<p><strong>2019 \u2013 2024<\/strong><\/p>\n<\/td>\n<\/tr>\n<tr>\n<td width=\"473\">\n<p>\u00b7\u00a0 <strong>Kognit\u00edv \u00e9s S\u00e9mater\u00e1pi\u00e1s K\u00f6zpont (VIKOTE)<\/strong><\/p>\n<p>Pszichol\u00f3gus<\/p>\n<\/td>\n<td width=\"139\">\n<p><strong>2020 \u2013<\/strong><\/p>\n<\/td>\n<\/tr>\n<tr>\n<td width=\"473\">\n<p>\u00b7\u00a0 <strong>Orsz\u00e1gos Orvosi Rehabilit\u00e1ci\u00f3s Int\u00e9zet<\/strong><\/p>\n<p>\u00d6nk\u00e9ntes szakmai gyakorlat<\/p>\n<\/td>\n<td width=\"139\">\n<p><strong>2018. 08. \u2013 2018.09.<\/strong><\/p>\n<\/td>\n<\/tr>\n<tr>\n<td width=\"473\">\n<p>\u00b7\u00a0 <strong>ELTE Szerencsej\u00e1t\u00e9kos Seg\u00e9lyvonal<\/strong><\/p>\n<p>Telefonos seg\u00edt\u0151 munkat\u00e1rs<\/p>\n<\/td>\n<td width=\"139\">\n<p><strong>2018 \u2013 2019<\/strong><\/p>\n<\/td>\n<\/tr>\n<\/tbody>\n<\/table>\n<p>Egy\u00e9b szakmai tev\u00e9kenys\u00e9gek<\/p>\n<table>\n<tbody>\n<tr>\n<td width=\"473\">\n<p>\u00b7\u00a0 <strong>Eml\u00e9kezet, Nyelv \u00e9s Idegtudom\u00e1ny Kutat\u00f3csoport<\/strong><\/p>\n<p>Vizsg\u00e1latvezet\u00e9s, adatelemz\u00e9s<\/p>\n<\/td>\n<td width=\"139\">\n<p><strong>2015 \u2013 2019<\/strong><\/p>\n<\/td>\n<\/tr>\n<\/tbody>\n<\/table>\n<p>Nyelvismeret<\/p>\n<table>\n<tbody>\n<tr>\n<td width=\"473\">\n<p>\u00b7\u00a0 <strong>Angol nyelv: fels\u0151fok\u00fa nyelvtud\u00e1s<\/strong><\/p>\n<\/td>\n<td width=\"139\">\n<p>&nbsp;<\/p>\n<\/td>\n<\/tr>\n<\/tbody>\n<\/table>\n<p>&nbsp;<\/p>\n<p>&nbsp;<\/p>\n","protected":false},"excerpt":{"rendered":"<p>\u00d6n\u00e9letrajz <a href=\"https:\/\/semmelweis.hu\/magtud\/files\/2024\/10\/iz.jpg\"><\/a> Illy\u00e9s Zolt\u00e1n <a href=\"mailto:Illyes.Zoltan@semmelweis.hu\">Illyes.Zoltan@semmelweis.hu<\/a> Egyetemi tanulm\u00e1nyok \u00b7\u00a0 E\u00f6tv\u00f6s Lor\u00e1nd Tudom\u00e1nyegyetem, Pedag\u00f3giai \u00e9s Pszichol\u00f3giai Kar Pszichol\u00f3gia, Klinikai \u00e9s eg\u00e9szs\u00e9gpszichol\u00f3giai specializ\u00e1ci\u00f3 (MA) 2017 \u2013 2019 \u00b7\u00a0 E\u00f6tv\u00f6s Lor\u00e1nd Tudom\u00e1nyegyetem, Pedag\u00f3gai \u00e9s Pszichol\u00f3giai Kar Pszichol\u00f3gia (BA) 2014 \u2013 2017 Posztgradu\u00e1lis k\u00e9pz\u00e9sek \u00b7\u00a0\u00a0 Magyar Viselked\u00e9s-, Kognit\u00edv \u00e9s S\u00e9mater\u00e1pi\u00e1s Egyes\u00fclet S\u00e9materapeuta-jel\u00f6lt 2022 \u2013 \u00b7\u00a0\u00a0 Semmelweis Egyetem, Klinikai Pszichol\u00f3gia Tansz\u00e9k Feln\u0151tt klinikai &hellip;<\/p>\n","protected":false},"author":110,"featured_media":0,"parent":2035,"menu_order":16,"comment_status":"closed","ping_status":"closed","template":"","meta":{"_acf_changed":false,"footnotes":""},"categories":[],"tags":[],"class_list":["post-12519","page","type-page","status-publish","hentry"],"acf":[],"_links":{"self":[{"href":"https:\/\/semmelweis.hu\/magtud\/wp-json\/wp\/v2\/pages\/12519","targetHints":{"allow":["GET"]}}],"collection":[{"href":"https:\/\/semmelweis.hu\/magtud\/wp-json\/wp\/v2\/pages"}],"about":[{"href":"https:\/\/semmelweis.hu\/magtud\/wp-json\/wp\/v2\/types\/page"}],"author":[{"embeddable":true,"href":"https:\/\/semmelweis.hu\/magtud\/wp-json\/wp\/v2\/users\/110"}],"replies":[{"embeddable":true,"href":"https:\/\/semmelweis.hu\/magtud\/wp-json\/wp\/v2\/comments?post=12519"}],"version-history":[{"count":3,"href":"https:\/\/semmelweis.hu\/magtud\/wp-json\/wp\/v2\/pages\/12519\/revisions"}],"predecessor-version":[{"id":12524,"href":"https:\/\/semmelweis.hu\/magtud\/wp-json\/wp\/v2\/pages\/12519\/revisions\/12524"}],"up":[{"embeddable":true,"href":"https:\/\/semmelweis.hu\/magtud\/wp-json\/wp\/v2\/pages\/2035"}],"wp:attachment":[{"href":"https:\/\/semmelweis.hu\/magtud\/wp-json\/wp\/v2\/media?parent=12519"}],"wp:term":[{"taxonomy":"category","embeddable":true,"href":"https:\/\/semmelweis.hu\/magtud\/wp-json\/wp\/v2\/categories?post=12519"},{"taxonomy":"post_tag","embeddable":true,"href":"https:\/\/semmelweis.hu\/magtud\/wp-json\/wp\/v2\/tags?post=12519"}],"curies":[{"name":"wp","href":"https:\/\/api.w.org\/{rel}","templated":true}]}}