{"id":11997,"date":"2023-08-25T13:11:17","date_gmt":"2023-08-25T11:11:17","guid":{"rendered":"https:\/\/semmelweis.hu\/magtud\/?page_id=11997"},"modified":"2026-02-16T13:45:36","modified_gmt":"2026-02-16T12:45:36","slug":"dr-bai-nagy-katalin-maria","status":"publish","type":"page","link":"https:\/\/semmelweis.hu\/magtud\/intezet\/munkatarsak\/dr-bai-nagy-katalin-maria\/","title":{"rendered":"Dr. Bai-Nagy Katalin M\u00e1ria"},"content":{"rendered":"<p>N\u00e9v: Dr. Bai-Nagy Katalin M\u00e1ria<img loading=\"lazy\" decoding=\"async\" class=\"wp-image-11387 size-medium alignright\" src=\"https:\/\/semmelweis.hu\/magtud\/files\/2023\/04\/IMG-2902-225x300.jpg\" alt=\"\" width=\"225\" height=\"300\" srcset=\"https:\/\/semmelweis.hu\/magtud\/files\/2023\/04\/IMG-2902-225x300.jpg 225w, https:\/\/semmelweis.hu\/magtud\/files\/2023\/04\/IMG-2902-768x1024.jpg 768w, https:\/\/semmelweis.hu\/magtud\/files\/2023\/04\/IMG-2902-1152x1536.jpg 1152w, https:\/\/semmelweis.hu\/magtud\/files\/2023\/04\/IMG-2902.jpg 1154w\" sizes=\"auto, (max-width: 225px) 100vw, 225px\" \/><\/p>\n<p>\nTanulm\u00e1nyok, szakk\u00e9pes\u00edt\u00e9s:<br \/>\n2017 \u2013 Pszichoter\u00e1pia szakorvosa (Semmelweis Egyetem, VIKOTE)<br \/>\n2013 \u2013 Pszichi\u00e1tria szakorvosa (Semmelweis Egyetem)<br \/>\n2005-2006 \u2013 Rheinische Friedrich-Wilhelms-Universit\u00e4t Bonn, Medizinische Fakult\u00e4t \u2013(Erasmus)<br \/>\n2001-2008 \u2013 Semmelweis Egyetem, \u00c1ltal\u00e1nos Orvostudom\u00e1nyi Kar<\/p>\n<p>\nNyelvismeret:<br \/>\nn\u00e9met \u2013 komplex \u00e1ltal\u00e1nos k\u00f6z\u00e9pfok\u00fa nyelvvizsga (2006.), orvosi szaknyelvi fels\u0151fok\u00fa \u201eA\u201d (2007.)<br \/>\nangol \u2013 komplex k\u00f6z\u00e9pfok\u00fa nyelvvizsga (2000.)<\/p>\n<p>\nM\u00f3dszer specifikus v\u00e9gzetts\u00e9g:<br \/>\n2008-2010. Csal\u00e1dter\u00e1pi\u00e1s alapk\u00e9pz\u00e9s (kik\u00e9pz\u0151: dr. T\u00fary Ferenc), szuperv\u00edzi\u00f3s k\u00e9pz\u00e9sek (dr.T\u00fary Ferenc, dr. Bar\u00e1t Katalin)<br \/>\n2007-2008. B\u00e1lint-csoport vezet\u0151 (kik\u00e9pz\u0151: dr. Harrach Andor)<\/p>\n<p>\nSzakmai tapasztalat:<br \/>\n2021. szeptember- Semmelweis Egyetem Magatart\u00e1studom\u00e1nyi Int\u00e9zet, Pszichoszomatikus Szakambulancia<br \/>\n2010 december-2021 augusztus\u00a0 Orsz\u00e1gos Ment\u00e1lis Ideggy\u00f3gy\u00e1szati \u00e9s Idegseb\u00e9szeti Int\u00e9zet<br \/>\n2008 szeptember- 2010 december Semmelweis Egyetem Pszichi\u00e1triai \u00e9s Pszichoter\u00e1pi\u00e1s Klinika<\/p>\n<p>\nOktat\u00e1si tapasztalt:<br \/>\n2004-2010. k\u00f6z\u00f6tt HuM\u00e1nia P\u00e1lyaszocializ\u00e1ci\u00f3s m\u0171hely kort\u00e1rsoktat\u00f3ja<\/p>\n","protected":false},"excerpt":{"rendered":"<p>N\u00e9v: Dr. Bai-Nagy Katalin M\u00e1ria Tanulm\u00e1nyok, szakk\u00e9pes\u00edt\u00e9s: 2017 \u2013 Pszichoter\u00e1pia szakorvosa (Semmelweis Egyetem, VIKOTE) 2013 \u2013 Pszichi\u00e1tria szakorvosa (Semmelweis Egyetem) 2005-2006 \u2013 Rheinische Friedrich-Wilhelms-Universit\u00e4t Bonn, Medizinische Fakult\u00e4t \u2013(Erasmus) 2001-2008 \u2013 Semmelweis Egyetem, \u00c1ltal\u00e1nos Orvostudom\u00e1nyi Kar Nyelvismeret: n\u00e9met \u2013 komplex \u00e1ltal\u00e1nos k\u00f6z\u00e9pfok\u00fa nyelvvizsga (2006.), orvosi szaknyelvi fels\u0151fok\u00fa \u201eA\u201d (2007.) angol \u2013 komplex k\u00f6z\u00e9pfok\u00fa nyelvvizsga (2000.) M\u00f3dszer &hellip;<\/p>\n","protected":false},"author":110,"featured_media":0,"parent":2035,"menu_order":5,"comment_status":"closed","ping_status":"closed","template":"","meta":{"_acf_changed":false,"footnotes":""},"categories":[],"tags":[],"class_list":["post-11997","page","type-page","status-publish","hentry"],"acf":[],"_links":{"self":[{"href":"https:\/\/semmelweis.hu\/magtud\/wp-json\/wp\/v2\/pages\/11997","targetHints":{"allow":["GET"]}}],"collection":[{"href":"https:\/\/semmelweis.hu\/magtud\/wp-json\/wp\/v2\/pages"}],"about":[{"href":"https:\/\/semmelweis.hu\/magtud\/wp-json\/wp\/v2\/types\/page"}],"author":[{"embeddable":true,"href":"https:\/\/semmelweis.hu\/magtud\/wp-json\/wp\/v2\/users\/110"}],"replies":[{"embeddable":true,"href":"https:\/\/semmelweis.hu\/magtud\/wp-json\/wp\/v2\/comments?post=11997"}],"version-history":[{"count":3,"href":"https:\/\/semmelweis.hu\/magtud\/wp-json\/wp\/v2\/pages\/11997\/revisions"}],"predecessor-version":[{"id":12801,"href":"https:\/\/semmelweis.hu\/magtud\/wp-json\/wp\/v2\/pages\/11997\/revisions\/12801"}],"up":[{"embeddable":true,"href":"https:\/\/semmelweis.hu\/magtud\/wp-json\/wp\/v2\/pages\/2035"}],"wp:attachment":[{"href":"https:\/\/semmelweis.hu\/magtud\/wp-json\/wp\/v2\/media?parent=11997"}],"wp:term":[{"taxonomy":"category","embeddable":true,"href":"https:\/\/semmelweis.hu\/magtud\/wp-json\/wp\/v2\/categories?post=11997"},{"taxonomy":"post_tag","embeddable":true,"href":"https:\/\/semmelweis.hu\/magtud\/wp-json\/wp\/v2\/tags?post=11997"}],"curies":[{"name":"wp","href":"https:\/\/api.w.org\/{rel}","templated":true}]}}