{"id":11741,"date":"2023-06-07T09:35:13","date_gmt":"2023-06-07T07:35:13","guid":{"rendered":"https:\/\/semmelweis.hu\/magtud\/?page_id=11741"},"modified":"2026-02-16T13:14:23","modified_gmt":"2026-02-16T12:14:23","slug":"dr-ujma-peter","status":"publish","type":"page","link":"https:\/\/semmelweis.hu\/magtud\/intezet\/munkatarsak\/dr-ujma-peter\/","title":{"rendered":"Dr. Ujma P\u00e9ter"},"content":{"rendered":"<p><a href=\"https:\/\/semmelweis.hu\/magtud\/files\/2017\/11\/ujma_peter-1.jpg\"><img loading=\"lazy\" decoding=\"async\" class=\"wp-image-3532 alignright\" src=\"https:\/\/semmelweis.hu\/magtud\/files\/2017\/11\/ujma_peter-1.jpg\" alt=\"\" width=\"200\" height=\"273\" srcset=\"https:\/\/semmelweis.hu\/magtud\/files\/2017\/11\/ujma_peter-1.jpg 385w, https:\/\/semmelweis.hu\/magtud\/files\/2017\/11\/ujma_peter-1-220x300.jpg 220w\" sizes=\"auto, (max-width: 200px) 100vw, 200px\" \/><\/a><\/p>\n<div class=\"responsive-tabs\">\n<h2 class=\"tabtitle\">\u00d6n\u00e9letrajz<\/h2>\n<div class=\"tabcontent\">\n\n<p><strong>Dr. Ujma Przemyslaw P\u00e9ter<\/strong><\/p>\n<p>&nbsp;<\/p>\n<p>Sz\u00fcl.: Ajka, 1988. 04. 11.<\/p>\n<p><strong>Beoszt\u00e1s:<\/strong><\/p>\n<p>Egyetemi adjunktus<\/p>\n<p><strong>Tanulm\u00e1nyok:<\/strong><\/p>\n<p>PhD (Eg\u00e9szs\u00e9gtudom\u00e1nyok) \u2013 2016, Semmelweis Egyetem<\/p>\n<p>Konferenciatolm\u00e1cs \u2013 2012, Budapesti M\u0171szaki \u00e9s Gazdas\u00e1gtudom\u00e1nyi Egyetem<\/p>\n<p>Pszichol\u00f3gus \u2013 2011, Budapesti M\u0171szaki \u00e9s Gazdas\u00e1gtudom\u00e1nyi Egyetem<\/p>\n<p>Viselked\u00e9selemz\u0151 \u2013 2009, P\u00e1zm\u00e1ny P\u00e9ter Katolikus Egyetem<\/p>\n<p><strong>Oktat\u00e1si tev\u00e9kenys\u00e9g:<\/strong><\/p>\n<p>Gyakorlatvezet\u0151: Orvosi pszichol\u00f3gia (magyar nyelv\u0171 orvosk\u00e9pz\u00e9s), Medical Psychology, Medical Communication (angol nyelv\u0171 orvosk\u00e9pz\u00e9s), Medizinische Psychologie und Soziologie (n\u00e9met nyelv\u0171 orvosk\u00e9pz\u00e9s)<\/p>\n<p>Oktat\u00e1sszervez\u0151 Zahnmedizinische Psychologie (n\u00e9met nyelv\u0171 fogorvosk\u00e9pz\u00e9s)<\/p>\n<p><strong>Egy\u00e9b szakmai tev\u00e9kenys\u00e9g<\/strong>:<\/p>\n<div dir=\"ltr\">\n<div dir=\"ltr\">\n<div dir=\"ltr\">\n<div dir=\"ltr\">\n<div>Tudom\u00e1nyos munkat\u00e1rs, Orsz\u00e1gos Klinikai Idegtudom\u00e1nyi Int\u00e9zet<\/div>\n<\/div>\n<\/div>\n<\/div>\n<\/div>\n<p>\u00d3raad\u00f3 oktat\u00f3, Kodol\u00e1nyi J\u00e1nos F\u0151iskola<\/p>\n<p>Szerkeszt\u0151bizotts\u00e1gi tag, Sleep Spindles &amp; Cortical Up States (Akad\u00e9miai Kiad\u00f3)<\/p>\n<p><strong>Nyelvtud\u00e1s:<\/strong><\/p>\n<p>angol (C1), n\u00e9met (C1), olasz (C1)<\/p>\n<p><strong>Sz\u0171kebb \u00e9rdekl\u0151d\u00e9si ter\u00fclet<\/strong>:<\/p>\n<p><strong><em>az alv\u00e1s-EEG egy\u00e9ni jellemz\u0151i<\/em>\u00a0<\/strong>\u2013 von\u00e1sok az alv\u00e1s alatti agyi elektromos tev\u00e9kenys\u00e9gmint\u00e1zatokban<\/p>\n<p><strong><em>alv\u00e1s \u00e9s kogn\u00edci\u00f3<\/em><\/strong>\u00a0\u2013 \u00f6sszef\u00fcgg\u00e9sek \u00e9s kapcsolatok az intelligencia \u00e9s az alv\u00e1s vonatkoz\u00e1s\u00e1ban<\/p>\n<p><strong><em>az alv\u00e1s fiziol\u00f3gi\u00e1ja \u2013\u00a0<\/em><\/strong>az alv\u00e1s elektrofiziol\u00f3gi\u00e1s jellegzetess\u00e9geinek le\u00edr\u00f3 vizsg\u00e1lata<\/p>\n<p><strong><em>intelligencia<\/em><\/strong>\u00a0\u2013 viselked\u00e9sgenetika, pszichometriai saj\u00e1toss\u00e1gai, epidemiol\u00f3giai jelent\u0151s\u00e9ge<\/p>\n<p><strong>\u00a0<\/strong><strong>Kit\u00fcntet\u00e9sek, d\u00edjak<\/strong><\/p>\n<p><em>European College of Neuropharmacology (ECNP) Seminar Award (2016)<\/em><\/p>\n<p><em>\u00daj Nemzeti Kiv\u00e1l\u00f3s\u00e1g Program, posztdoktori kateg\u00f3ria (2016)<\/em><\/p>\n<p><em>\u00a0<\/em><em>Mensa Award for Excellence in Research (2015) <\/em><\/p>\n<p><em>Semmelweis Bar\u00e1ti K\u00f6r Doktorandusz kiv\u00e1l\u00f3s\u00e1gi d\u00edj 1. helyezettje (2015)<\/em><\/p>\n<p><em>Semmelweis Egyetem PhD konferenci\u00e1j\u00e1nak 1. d\u00edja (2014)<\/em><\/p>\n<p><em>BME Idegen Nyelvi Szekci\u00f3, 1. d\u00edj (2011)<\/em><\/p>\n<p><em>Filoz\u00f3fiai Di\u00e1kolimpia (Cosenza), 14. hely (2006)<\/em><\/p>\n<p><em>Filoz\u00f3fia OKTV, 3. d\u00edj (2006)<\/em><\/p>\n\n<\/div><h2 class=\"tabtitle\">Publik\u00e1ci\u00f3<\/h2>\n<div class=\"tabcontent\">\n\n<p><strong>V\u00e1logatott k\u00f6zlem\u00e9nyek<\/strong><\/p>\n<div dir=\"ltr\">\n<div dir=\"ltr\">\n<div dir=\"ltr\">\n<div dir=\"ltr\">\n<div>Ujma P\u00e9ter P. Sleep spindles and general cognitive ability: a meta-analysis. SLEEP SPINDLES &amp; CORTICAL UP STATES xxx-xxx (2018).<\/div>\n<\/div>\n<\/div>\n<\/div>\n<\/div>\n<p>P\u00f3t\u00e1ri Adri\u00e1n,\u00a0<u>Ujma P\u00e9ter P<\/u>, Konrad Boris N, Genzel Lisa, Simor P\u00e9ter, K\u00f6rmendi J\u00e1nos, Gombos Ferenc, Steiger Axel, Dresler Martin, B\u00f3dizs R\u00f3bert. Age-related changes in sleep EEG are attenuated in highly intelligent individuals. NEUROIMAGE\u00a02017 Feb 1;146:554-560<\/p>\n<p>Ujma P\u00e9ter P, B\u00f3dizs R\u00f3bert, Gombos Ferenc, Stintzing Johannes, Konrad Boris N, Genzel Lisa, Steiger Axel, Dresler Martin. Nap sleep spindle correlates of intelligence. SCIENTIFIC REPORTS 5: Paper 17159. 8 p. (2015)<\/p>\n<p><u>Ujma P\u00e9ter P<\/u>, Konrad BN, Genzel L, Bleifuss A, Simor P, Potari A, Kormendi J, Gombos F, Steiger A, Bodizs R, Dresler M. Sleep spindles and intelligence: evidence for a sexual dimorphism. <em>JOURNAL OF NEUROSCIENCE\u00a0<\/em>34:(49)\u00a0pp. 16358-16368.\u00a0(2014)<\/p>\n<p>Simor P\u00e9ter, Horv\u00e1th Kl\u00e1ra,\u00a0<u>Ujma P\u00e9ter P<\/u>, Gombos Ferenc, B\u00f3dizs R\u00f3bert. Fluctuations between sleep and wakefulness: Wake-like features indicated by increased EEG alpha power during different sleep stages in nightmare disorder. <em>BIOLOGICAL PSYCHOLOGY\u00a0<\/em>94:(3)\u00a0pp. 592-600.\u00a0(2013)<\/p>\n<\/div><\/div>\n","protected":false},"excerpt":{"rendered":"<p><a href=\"https:\/\/semmelweis.hu\/magtud\/files\/2017\/11\/ujma_peter-1.jpg\"><\/a> Dr. Ujma Przemyslaw P\u00e9ter &nbsp; Sz\u00fcl.: Ajka, 1988. 04. 11. Beoszt\u00e1s: Egyetemi adjunktus Tanulm\u00e1nyok: PhD (Eg\u00e9szs\u00e9gtudom\u00e1nyok) \u2013 2016, Semmelweis Egyetem Konferenciatolm\u00e1cs \u2013 2012, Budapesti M\u0171szaki \u00e9s Gazdas\u00e1gtudom\u00e1nyi Egyetem Pszichol\u00f3gus \u2013 2011, Budapesti M\u0171szaki \u00e9s Gazdas\u00e1gtudom\u00e1nyi Egyetem Viselked\u00e9selemz\u0151 \u2013 2009, P\u00e1zm\u00e1ny P\u00e9ter Katolikus Egyetem Oktat\u00e1si tev\u00e9kenys\u00e9g: Gyakorlatvezet\u0151: Orvosi pszichol\u00f3gia (magyar nyelv\u0171 orvosk\u00e9pz\u00e9s), Medical Psychology, Medical Communication &hellip;<\/p>\n","protected":false},"author":110,"featured_media":0,"parent":2035,"menu_order":43,"comment_status":"closed","ping_status":"closed","template":"","meta":{"_acf_changed":false,"footnotes":""},"categories":[],"tags":[],"class_list":["post-11741","page","type-page","status-publish","hentry"],"acf":[],"_links":{"self":[{"href":"https:\/\/semmelweis.hu\/magtud\/wp-json\/wp\/v2\/pages\/11741","targetHints":{"allow":["GET"]}}],"collection":[{"href":"https:\/\/semmelweis.hu\/magtud\/wp-json\/wp\/v2\/pages"}],"about":[{"href":"https:\/\/semmelweis.hu\/magtud\/wp-json\/wp\/v2\/types\/page"}],"author":[{"embeddable":true,"href":"https:\/\/semmelweis.hu\/magtud\/wp-json\/wp\/v2\/users\/110"}],"replies":[{"embeddable":true,"href":"https:\/\/semmelweis.hu\/magtud\/wp-json\/wp\/v2\/comments?post=11741"}],"version-history":[{"count":3,"href":"https:\/\/semmelweis.hu\/magtud\/wp-json\/wp\/v2\/pages\/11741\/revisions"}],"predecessor-version":[{"id":13344,"href":"https:\/\/semmelweis.hu\/magtud\/wp-json\/wp\/v2\/pages\/11741\/revisions\/13344"}],"up":[{"embeddable":true,"href":"https:\/\/semmelweis.hu\/magtud\/wp-json\/wp\/v2\/pages\/2035"}],"wp:attachment":[{"href":"https:\/\/semmelweis.hu\/magtud\/wp-json\/wp\/v2\/media?parent=11741"}],"wp:term":[{"taxonomy":"category","embeddable":true,"href":"https:\/\/semmelweis.hu\/magtud\/wp-json\/wp\/v2\/categories?post=11741"},{"taxonomy":"post_tag","embeddable":true,"href":"https:\/\/semmelweis.hu\/magtud\/wp-json\/wp\/v2\/tags?post=11741"}],"curies":[{"name":"wp","href":"https:\/\/api.w.org\/{rel}","templated":true}]}}