{"id":11677,"date":"2023-06-07T08:17:14","date_gmt":"2023-06-07T06:17:14","guid":{"rendered":"https:\/\/semmelweis.hu\/magtud\/?page_id=11677"},"modified":"2026-02-16T13:27:59","modified_gmt":"2026-02-16T12:27:59","slug":"dr-lazar-imre","status":"publish","type":"page","link":"https:\/\/semmelweis.hu\/magtud\/intezet\/munkatarsak\/dr-lazar-imre\/","title":{"rendered":"Dr. L\u00e1z\u00e1r Imre"},"content":{"rendered":"<p><a href=\"https:\/\/semmelweis.hu\/magtud\/files\/2017\/11\/lazimr_w-1.jpg\"><img loading=\"lazy\" decoding=\"async\" class=\"size-full wp-image-3509 alignright\" src=\"https:\/\/semmelweis.hu\/magtud\/files\/2017\/11\/lazimr_w-1.jpg\" alt=\"\" width=\"150\" height=\"227\" \/><\/a><div class=\"responsive-tabs\">\n<h2 class=\"tabtitle\">\u00d6n\u00e9letrajz<\/h2>\n<div class=\"tabcontent\">\n<\/p>\n<p><strong>Szem\u00e9lyi adatok<\/strong><br \/>\nBudapesten 1957-ben sz\u00fcletett, n\u0151s, n\u00e9gy gyermek apja.<br \/>\n<em>El\u00e9rhet\u0151s\u00e9gek:<\/em><br \/>\nSemmelweis Egyetem Magatart\u00e1studom\u00e1nyi Int\u00e9zet<br \/>\nBudapest 1089 Nagyv\u00e1rad t\u00e9r 4. Tel.: 70 338 69 35<\/p>\n<p><strong>K\u00e9pzetts\u00e9g<\/strong><br \/>\n1975-ben \u00e9retts\u00e9gi kit\u0171n\u0151 eredm\u00e9nnyel a J\u00f3zsef Attila Gimn\u00e1ziumban.<br \/>\n1981: \u00e1ltal\u00e1nos orvosi diploma summa cum laude eredm\u00e9nnyel a Semmelweis Orvostudom\u00e1nyi Egyetemen.<br \/>\n1986: a belgy\u00f3gy\u00e1szat ter\u00fclet\u00e9n szerez k\u00e9pes\u00edt\u00e9st jeles eredm\u00e9nnyel.<br \/>\n1990: elv\u00e9gzi az OTE, SOTE\u00a0 \u00e9s OIEI h\u00e1rom\u00e9ves pszichoter\u00e1pi\u00e1s tanfolyam\u00e1t.<br \/>\n1999: jeles eredm\u00e9nnyel foglalkoz\u00e1seg\u00e9szs\u00e9g\u00fcgyi szakk\u00e9pes\u00edt\u00e9st szerez.<\/p>\n<p><strong>Egy\u00e9b k\u00e9pzetts\u00e9gek: <\/strong><br \/>\n1999-2001: Master of Science, orvosi antropol\u00f3gia<br \/>\nLondoni\u00a0 Brunel University, Dept. of Human Sciences<\/p>\n<p><strong>Nyelvismeret<\/strong><br \/>\nN\u00e9met \u00e9s orosz alapfok\u00fa, angol k\u00f6z\u00e9pfok\u00fa, angol TOEFL nyelvvizsga.<\/p>\n<p><strong>Tudom\u00e1nyos fokozatok<\/strong><\/p>\n<p>Tudom\u00e1nyos fokozat: az orvostudom\u00e1nyok kandid\u00e1tusa, 1998 \u2013 szoci\u00e1lpszichoimmunol\u00f3gia t\u00e9m\u00e1ban.<\/p>\n<p>Habilit\u00e1ci\u00f3 2016 hittudom\u00e1nyok K\u00e1roli G\u00e1sp\u00e1r Reform\u00e1tus Egyetem<\/p>\n<p>&nbsp;<\/p>\n<p><strong>Munkahelyek<\/strong><br \/>\n1981\u20131990: T\u00e9t\u00e9nyi \u00fati K\u00f3rh\u00e1z, I. Belgy\u00f3gy\u00e1szati Oszt\u00e1ly.<br \/>\n1991\u2013: T\u00e9t\u00e9nyi \u00fati K\u00f3rh\u00e1z Pszichoszomatikus Belgy\u00f3gy\u00e1szati Ambulancia kialak\u00edt\u00e1sa,<br \/>\nvezet\u00e9se adjunktusk\u00e9nt.<br \/>\n1993 \u00f3ta a Magatart\u00e1studom\u00e1nyi Int\u00e9zet munkat\u00e1rsak\u00e9nt, az orvosi antropol\u00f3giai munkacsoport helyettes vezet\u0151jek\u00e9nt dolgozik.<br \/>\n2005-t\u0151l egyetemi docensk\u00e9nt oktat a K\u00e1roli G\u00e1sp\u00e1r Reform\u00e1tus Egyetemen, a szervezeti kommunik\u00e1ci\u00f3 r\u00e9szleg vezet\u0151je.<br \/>\nUgyanitt a Pszichol\u00f3gia Tansz\u00e9ken pszichoneuroimmunol\u00f3gi\u00e1t tan\u00edt.<br \/>\n2004-t\u0151l 2013-ig a Semmelweis Egyetem Magatart\u00e1studom\u00e1nyi Int\u00e9zet\u00e9ben az orvosi antropol\u00f3giai r\u00e9szleg vezet\u0151je.<br \/>\n2013- az orvosi hum\u00e1ntudom\u00e1nyok kutat\u00f3csoport vezet\u0151je<\/p>\n<p><strong>Oktat\u00e1s<\/strong><br \/>\n1991\u20131995: pszichoneuroimmunol\u00f3gia t\u00e1rgyban tart el\u0151ad\u00e1sokat a HIETE \u00e9s az OIEI neurol\u00f3gus szakvizsg\u00e1ra el\u0151k\u00e9sz\u00edt\u0151 tanfolyam\u00e1n \u00e9s az ELTE eg\u00e9szs\u00e9gl\u00e9lektan \u00e9s pszichofiziol\u00f3gia kurzus\u00e1n. Megh\u00edvott tan\u00e1rk\u00e9nt pszichoneuroimmunol\u00f3gia kurzusokat tart a debreceni KLTE egyetem szem\u00e9lyis\u00e9gl\u00e9lektani tansz\u00e9k\u00e9n.<br \/>\n1993 \u00f3ta tan\u00edt a SOTE Magatart\u00e1studom\u00e1nyi Int\u00e9zet\u00e9ben.<br \/>\n1997: megh\u00edv\u00e1sos angol nyelv\u0171 el\u0151ad\u00e1sok a CEU Gazdas\u00e1getika \u00e9s \u00f6kol\u00f3gia ny\u00e1ri iskol\u00e1j\u00e1n az \u201eenvironmental anthropology\u201d t\u00e9mak\u00f6r\u00e9ben (k\u00fclf\u00f6ldi el\u0151ad\u00f3k: Wolfgang Sachs, Henryk Skolimowski, John Gowdy).<br \/>\n1998: megh\u00edv\u00e1s Ravensburgba (Forschungsgruppe Klinische Psychophysiologie, Weisenau)<br \/>\naz Ulmi Egyetem I. Pszichi\u00e1triai R\u00e9szleg\u00e9be.<br \/>\n1994: megh\u00edv\u00e1sra 8 el\u0151ad\u00e1sos posztgradu\u00e1lis kurzust tart hum\u00e1n \u00f6kol\u00f3gia t\u00e9m\u00e1ban a Budapesti K\u00f6zgazdas\u00e1gtudom\u00e1nyi Egyetemen.<br \/>\n1996: r\u00e9szt vesz a debreceni posztgradu\u00e1lis N\u00e9peg\u00e9szs\u00e9g\u00fcgyi Iskola \u201emagatart\u00e1studom\u00e1ny alapjai \u00e9s m\u00f3dszerei\u201d t\u00e1rgy kialak\u00edt\u00e1s\u00e1ban.<br \/>\n1996 \u00f3ta tan\u00edt a DOTE N\u00e9peg\u00e9szs\u00e9g\u00fcgyi Iskol\u00e1j\u00e1ban is.<br \/>\n1998: Megalak\u00edtja a Zs\u00e1mb\u00e9ki Katolikus Tan\u00edt\u00f3k\u00e9pz\u0151 F\u0151iskol\u00e1n a K\u00f6rnyezeti Antropol\u00f3gia \u00e9s Magatart\u00e1s\u00f6kol\u00f3giai K\u00f6zpontot az ELTE, BKE, SOTE szakembereinek k\u00f6zrem\u0171k\u00f6d\u00e9s\u00e9vel. 2002-ben F\u0151iskolai tan\u00e1ri kinevez\u00e9s.<br \/>\n2000: a K\u00e1roli G\u00e1sp\u00e1r Reform\u00e1tus Egyetemen Kommunik\u00e1ci\u00f3 Tansz\u00e9k\u00e9n\u00a0 kultur\u00e1lis antropol\u00f3gi\u00e1t tan\u00edt.<br \/>\n2002: Pszichoneuroimmunol\u00f3gia kurzus Marosv\u00e1s\u00e1rhelyen a Bolyai T\u00e1rsas\u00e1g \u00e9s az orvosegyetem megh\u00edv\u00e1s\u00e1ra.<br \/>\n2000 \u00e9s 2002 k\u00f6z\u00f6tt a\u00a0 Babe\u015f\u2013Bolyai Tudom\u00e1nyegyetem Magyar Kult\u00fara \u00e9s Nyelv Tansz\u00e9k\u00e9n megh\u00edvott el\u0151ad\u00f3k\u00e9nt orvosi antropol\u00f3gia kurzus.<br \/>\nA K\u00e1roli G\u00e1sp\u00e1r Reform\u00e1tus Egyetemen oktatott t\u00e1rgyak: szemiotika, kultur\u00e1lis antropol\u00f3gia,<br \/>\nkultur\u00e1lis tanulm\u00e1nyok, t\u00e1jkommunik\u00e1ci\u00f3, eg\u00e9szs\u00e9gpszichol\u00f3gia \u00e9s pszichoneuroimmunol\u00f3gia.<br \/>\nPh.D.-t\u00e9mavezet\u00e9s a Semmelweis Egyetem Eg\u00e9szs\u00e9gtudom\u00e1nyok Doktori Iskol\u00e1j\u00e1ban.<\/p>\n<p><strong>Kutat\u00e1si ter\u00fclet<\/strong><br \/>\nOrvosi antropol\u00f3gia, szakr\u00e1lis kommunik\u00e1ci\u00f3, szervezeti k\u00f6t\u0151d\u00e9s, pszichoimmunol\u00f3gia, pszichofiziol\u00f3gia.<\/p>\n<p><strong>Publik\u00e1ci\u00f3k<\/strong><br \/>\n3 k\u00f6nyv, 6 egyetemi jegyzet, 17 foly\u00f3irat-k\u00f6zlem\u00e9ny, 18 magyar k\u00f6nyvfejezet, 11 angol nyelv\u0171 k\u00f6nyvfejezet.<br \/>\nEl\u0151ad\u00e1sok sz\u00e1ma: 39 el\u0151ad\u00e1s nemzetk\u00f6zi tudom\u00e1nyos f\u00f3rumon, \u00f6sszesen 158 tudom\u00e1nyos el\u0151ad\u00e1s.<br \/>\nKumulat\u00edv impakt faktor: 1,56. F\u00fcggetlen id\u00e9zetts\u00e9g: 72. Hirsch-index: 8.<\/p>\n<p><strong>T\u00e1rsas\u00e1gi tags\u00e1gok<\/strong><br \/>\nKur\u00e1tora a Pszichoneuroimmunol\u00f3giai Alap\u00edtv\u00e1nynak.<br \/>\n1993\u20131995: a Pszichonkol\u00f3giai T\u00e1rsas\u00e1g vezet\u0151s\u00e9gi tagja.<br \/>\n1995 \u00f3ta vezet\u0151s\u00e9gi tagja a Magyar Szoci\u00e1lpszichi\u00e1triai T\u00e1rsas\u00e1gnak.<br \/>\n1995 \u00f3ta vezet\u0151s\u00e9gi tagja a Magyar Crohn T\u00e1rsas\u00e1gnak.<br \/>\n2001: az European Association of Social Anthropology tagja<br \/>\n2006: az EASA Sacral Communication and Healing h\u00e1l\u00f3zat\u00e1nak vezet\u0151je.<br \/>\n2011: a K\u00f6z\u00e9p-Kelet Eur\u00f3pai Magatart\u00e1sorvosl\u00e1si T\u00e1rsas\u00e1g eln\u00f6ke.<\/p>\n<p><strong>Tudom\u00e1nyos szervez\u0151 tev\u00e9kenys\u00e9g<\/strong><br \/>\nA IV. Pszichofiziol\u00f3giai Nemzetk\u00f6zi Konferencia szervez\u0151 bizotts\u00e1g\u00e1nak tagja.<br \/>\nF\u0151 szervez\u0151je a Cultural Psychophysiology Satellite Symposium\u00e1nak (1990, Szir\u00e1k),<br \/>\na Psychoneuroimmunology Symposiumnak (1990, Budapest\u2013Martonv\u00e1s\u00e1r), a Sacral Communication and Healing Budapest\u2013Balaton Summer School sorozatnak 2005-ben \u00e9s 2008-ban.<br \/>\nConvenor a \u201eBody and Self in Medical Pluralism\u201d workshopon, az EASA (Eur\u00f3pai Szoci\u00e1lantropol\u00f3gusok Sz\u00f6vets\u00e9ge) koppenh\u00e1gai konferenci\u00e1j\u00e1n, 2002-ben.<br \/>\nConvenor a Healing and Sacral Communication in the Context of Cosmologies of Suffering in Societies\u00a0 in Transition c\u00edm\u0171, az EASA 8. b\u00e9csi konferenci\u00e1j\u00e1n.<\/p>\n<p><strong>Egy\u00e9b szakmai tev\u00e9kenys\u00e9gek<\/strong><br \/>\n1997-ben a N\u00e9pj\u00f3l\u00e9ti Miniszt\u00e9rium sz\u00e1m\u00e1ra pszichoszomatikus szakmai protokoll kidolgoz\u00e1sa: javaslat a belgy\u00f3gy\u00e1szati pszichoszomatik\u00e1ban alkalmazhat\u00f3 klinikai pszichol\u00f3gus tev\u00e9kenys\u00e9g szakmai protokollj\u00e1hoz.<br \/>\nSzak\u00e9rt\u0151i r\u00e9szv\u00e9tel:<br \/>\nColon irritabile konszenzus konferencia, 1997.<br \/>\nPszichoonkol\u00f3gia konszenzus konferencia, 1998.<\/p>\n<p><strong>P\u00e1ly\u00e1zati eredm\u00e9nyek<\/strong><br \/>\nA pszichoszomatikus kock\u00e1zati \u00e1llapotok sz\u0171r\u00e9s\u00e9re alkalmas m\u00f3dszerek \u00e9s eszk\u00f6z\u00f6k fejleszt\u00e9s\u00e9re sz\u00f3l\u00f3 nyertes p\u00e1ly\u00e1zatok, OEP, 1991.<br \/>\nSokcsatorn\u00e1s, hordozhat\u00f3 pszichofiziol\u00f3giai sz\u00e1m\u00edt\u00f3g\u00e9pes sz\u0171r\u0151eszk\u00f6z fejleszt\u00e9se.<br \/>\n1996: sz\u00e1m\u00edt\u00f3g\u00e9pes kontakt termogr\u00e1fi\u00e1s eszk\u00f6z fejleszt\u00e9se, szabadalmaztatott.<\/p>\n<p><strong>Kit\u00fcntet\u00e9sek, d\u00edjak<\/strong><br \/>\nSemmelweis Egyetem Jahn Ferenc d\u00edja, 1981.<\/p>\n\n<\/div><h2 class=\"tabtitle\">Publik\u00e1ci\u00f3<\/h2>\n<div class=\"tabcontent\">\n\n<h2>Dr. L\u00e1z\u00e1r Imre publik\u00e1ci\u00f3i<\/h2>\n<p><strong>K\u00f6nyv idegen nyelven<\/strong> (szerk.)<br \/>\n1.\u00a0\u00a0 \u00a0Johannessen, H., L\u00e1z\u00e1r I. szerk. (2006): Multiple Medical Realities. Patients and Healers in Biomedical, Alternative and Traditional Medicine. Oxford, New York, Berghahn.<br \/>\n2.\u00a0\u00a0 \u00a0L\u016bse, A., L\u00e1z\u00e1r I. szerk. (2007): Cosmologies of Suffering. Post-communist Transformation, Sacral Communication, and Healing. Newcastle-upon-Tyne: Cambridge Scholars Publishing.<\/p>\n<p><strong>Egyetemi jegyzet idegen nyelven<\/strong><br \/>\n1.\u00a0\u00a0 \u00a0Kopp M.S., L\u00e1z\u00e1r I. (1999): Basis and Methods of Behavioural Sciences, Public Health School, Debrecen.<\/p>\n<p><strong>K\u00f6nyv, egyetemi jegyzet magyar nyelven<\/strong><br \/>\n1.\u00a0\u00a0 \u00a0L\u00e1z\u00e1r I. (1991): Pszichoneuroimmunol\u00f3gia. V\u00e9geken, Budapest.<br \/>\n2.\u00a0\u00a0 \u00a0L\u00e1z\u00e1r I. (1993): Viselked\u00e9sszempont\u00fa immunol\u00f3gia. Egyetemi jegyzet. KLTE, Debrecen.<br \/>\n3.\u00a0\u00a0 \u00a0L\u00e1z\u00e1r I. (1993): El\u0151ad\u00e1sv\u00e1zlatok az orvosi antropol\u00f3gia k\u00f6r\u00e9b\u0151l Emberk\u00e9p 3. SOTE Magatart\u00e1studom\u00e1nyi Int\u00e9zet, Budapest.<br \/>\n4.\u00a0\u00a0 \u00a0L\u00e1z\u00e1r I. (1995): Hum\u00e1n \u00f6kol\u00f3gia. Egyetemi jegyzet (alap\u00edtv\u00e1nyi posztgradu\u00e1lis k\u00e9pz\u00e9s) Budapesti K\u00f6zgazdas\u00e1gtudom\u00e1nyi Egyetem, Budapest.<\/p>\n<p><strong>Szerkesztett k\u00f6nyv, egyetemi ill. f\u0151iskolai jegyzet magyarul<\/strong><br \/>\n1.\u00a0\u00a0 \u00a0Schmidt J., L\u00e1z\u00e1r I (1984): Ter\u00e1pi\u00e1s szempontok a t\u00e1rsbetegs\u00e9ggel sz\u00f6v\u0151d\u00f6tt hipert\u00f3nia kezel\u00e9s\u00e9ben. Ter\u00e1pi\u00e1s \u00e9s diagnosztikai v\u00e1zlatok.<br \/>\n2.\u00a0\u00a0 \u00a0Kopp M., L\u00e1z\u00e1r I. szerk. (1996): A magatart\u00e1studom\u00e1ny alapjai \u00e9s m\u00f3dszerei.\u00a0 N\u00e9peg\u00e9szs\u00e9g\u00fcgyi Iskola DOTE, Debrecen.<br \/>\n3.\u00a0\u00a0 \u00a0L\u00e1z\u00e1r I. szerk. (1997): K\u00f6rnyezet \u00e9s magatart\u00e1studom\u00e1ny. Kieg\u00e9sz\u00edt\u0151 jegyzet a k\u00f6rnyezeteg\u00e9szs\u00e9g\u00fcgyi hallgat\u00f3k sz\u00e1m\u00e1ra. N\u00e9peg\u00e9szs\u00e9g\u00fcgyi Iskola, DOTE, Debrecen.<br \/>\n4.\u00a0\u00a0 \u00a0L\u00e1z\u00e1r I. szerk. (2002): Szociokultur\u00e1lis antropol\u00f3gia romol\u00f3gusok sz\u00e1m\u00e1ra. Jegyzet az Apor Vilmos Katolikus F\u0151iskola Romol\u00f3giai tanfolyama sz\u00e1m\u00e1ra. AVKF, V\u00e1c.<\/p>\n<p><strong>K\u00f6nyvfejezetek idegen nyelven<\/strong><br \/>\n1.\u00a0\u00a0 \u00a0L\u00e1z\u00e1r I. (1999): To eat and\/or not to beat\u00a0 in food and body. In: Guerci, Antonio, cura: Il cibo e il corpo. Dal cibo alla cultura, dalla cultura al cibo. Food and body. From food to culture, from culture to food. Erga Edizioni, Genova.<br \/>\n2.\u00a0\u00a0 \u00a0L\u00e1z\u00e1r I. (2000): Mothers and Mother Nature: Attachment, Detachment and Human Ecological Integrity. In: Crabb\u00e9, P. et al eds.: Implementing Ecological Integrity. Restoring Regional and Global Environmental and Human Health (NATO Science Series: IV. Earth and Environmental Sciences)\u00a0 Kluwer Academic, Dordrecht. 249-260.<br \/>\n3.\u00a0\u00a0 \u00a0L\u00e1z\u00e1r I. Kiss E. (2001): Gold, Cyanide, and Fish in the River of Life &amp; Death. In: Just Ecological Integrity: The Ethics of Maintaining Planetary Life. Miller, P., Westra, L. eds.\u00a0 Rowman and Littlefield, 167-180.<br \/>\n4.\u00a0\u00a0 \u00a0L\u00e1z\u00e1r I.(2001): Dance as drug, dance as medicine. Themes in medical anthropology. Medical anthropology at Home contributes to health studies.\u00a0 Comelles, J.M., van Dongen, E. eds. Argo, Lecce, 2002. 352-372.<br \/>\n5.\u00a0\u00a0 \u00a0L\u00e1z\u00e1r I. (2002): Dance as drug, dance as medicine. In: Themes in Medical Anthropology AM 13-14, 333- 351.<br \/>\n6.\u00a0\u00a0 \u00a0L\u00e1z\u00e1r I. (2002): Spirituality and Human Ecosystems in Spirituality and Ethics in Management. Zsolnai, L. ed. Kluwer Academic, Dordrecht 87-97.<br \/>\n7.\u00a0\u00a0 \u00a0L\u00e1z\u00e1r I. (2003): Radical eclecticism of unconventional medicine in Hungary in\u00a0 Medical anthropology, welfare state and political engagement. In: Proceedings of MAAH 3. Perogia, Sept 24-27. 120-144.<br \/>\n8.\u00a0\u00a0 \u00a0L\u00e1z\u00e1r I.(2005): T\u00e1ltos Healers, Neoshamans and Multiple Medical Realities in Postsocialist Hungary. In: Multiple Medical Realities. L\u00e1z\u00e1r, I., Johannessen, H. eds.\u00a0 Berghahn, Oxford, New York 35-54.<br \/>\n9.\u00a0\u00a0 \u00a0L\u00e1z\u00e1r I., Johannessen H. (2005): Epilogue: Multiple Medical Realities in Multiple Medical Realities, L\u00e1z\u00e1r, I., Johannessen, H. Berghahn, Oxford, New York 183-199.<br \/>\n10.\u00a0\u00a0 \u00a0L\u00e1z\u00e1r I., Luse A (2007): Introduction In: Cosmologies of Suffering. Luse, A., L\u00e1z\u00e1r, I. eds. Cambridge Scholar, Newcastle-upon-Tyne, 1-35.<br \/>\n11.\u00a0\u00a0 \u00a0L\u00e1z\u00e1r Imre: (2007): Embodied and Displaced History: Spiritual Empowerment in Post-communist Hungary. In: Cosmologies of Suffering. Luse, A., L\u00e1z\u00e1r I. eds. Cambridge Scholar, Newcastle-upon-Tyne, 129-158.<\/p>\n<p><strong>K\u00f6nyvfejezetek magyarul<\/strong><br \/>\n1.\u00a0\u00a0 \u00a0L\u00e1z\u00e1r I. (1998): Kieg\u00e9sz\u00edt\u0151 javaslat a belgy\u00f3gy\u00e1szati pszichoszomatik\u00e1ban alkalmazhat\u00f3 klinikai szakpszichol\u00f3gusi tev\u00e9kenys\u00e9ghez.\u00a0 In: A klinikai pszichol\u00f3gia \u00e9s a ment\u00e1lhigi\u00e9n\u00e9 szakmai protokollja. Bagdy E. szerk. Animula, Budapest, 57-70.<br \/>\n2.\u00a0\u00a0 \u00a0L\u00e1z\u00e1r I. (1998): A belgy\u00f3gy\u00e1szati pszichoszomatikai rendel\u0151i gyakorlat. In: A klinikai pszichol\u00f3gia \u00e9s a ment\u00e1lhigi\u00e9n\u00e9 szakmai protokollja. Bagdy Em\u0151ke szerk. Animula, Budapest 96-132.<br \/>\n3.\u00a0\u00a0 \u00a0L\u00e1z\u00e1r I. (2001): Neuroimmunomodul\u00e1ci\u00f3 \u00e9s a stressz. In: Magatart\u00e1studom\u00e1nyok. Buda B\u00e9la, Kopp M\u00e1ria szerk. Medicina, Budapest 177-226.<br \/>\n4.\u00a0\u00a0 \u00a0L\u00e1z\u00e1r I. (2001): Szoci\u00e1lpszichoimmunol\u00f3gia. In: Magatart\u00e1studom\u00e1nyok. Buda B\u00e9la, Kopp M\u00e1ria szerk. Medicina, Budapest 227-266.<br \/>\n5.\u00a0\u00a0 \u00a0L\u00e1z\u00e1r I. (2001): Klinikai pszichoimmunol\u00f3gia. In: Magatart\u00e1studom\u00e1nyok. Buda B\u00e9la, Kopp M\u00e1ria szerk. Medicina, Budapest 547-594.<br \/>\n6.\u00a0\u00a0 \u00a0L\u00e1z\u00e1r I. (2001): Hum\u00e1n \u00f6kol\u00f3gia \u00e9s orvosi antropol\u00f3gia. In: Magatart\u00e1studom\u00e1nyok. Buda B\u00e9la, Kopp M\u00e1ria szerk. Medicina, Budapest 315-372.<br \/>\n7.\u00a0\u00a0 \u00a0L\u00e1z\u00e1r I. Egyh\u00e1z \u00e9s csal\u00e1d egy el\u00f6reged\u0151 t\u00e1rsadalomban \u00e9s egy meg\u00fajul\u00f3 nemzetben. In: Sz\u00e1rsz\u00f3 1992-2001. A Reform\u00e1tus \u00c9rtelmis\u00e9gi Konferenci\u00e1k el\u0151ad\u00e1sai. Albert G.,\u00a0 Tenke S., T\u0151k\u00e9czki L. Magyar Reform\u00e1tus Egyh\u00e1z, Budapest 248-256.<br \/>\n8.\u00a0\u00a0 \u00a0L\u00e1z\u00e1r I.(2003): Szoci\u00e1l-pszichoimmunol\u00f3gia. Egy h\u00eddtudom\u00e1ny pill\u00e9rei. In: A magatart\u00e1s, a lelki \u00e9let \u00e9s az immunrendszer k\u00f6lcs\u00f6nhat\u00e1sai. Urb\u00e1n R\u00f3bert szerk. ELTE E\u00f6tv\u00f6s, Budapest 13-49.<br \/>\n9.\u00a0\u00a0 \u00a0L\u00e1z\u00e1r I. (2003): K\u00f6t\u0151d\u00e9s \u00e9s f\u00fcgg\u0151s\u00e9g. In: Ifj\u00fa-k\u00f3r 2. Kap\u00f3cs I., Ma\u00e1r M., Szabadka P. szerk. Okker, Budapest 19-31.<br \/>\n10.\u00a0\u00a0 \u00a0L\u00e1z\u00e1r I. (2004): Test, l\u00e9lek \u00e9s szellem \u2013 alternat\u00edv val\u00f3s\u00e1gok a f\u00fcgg\u0151s\u00e9g kezel\u00e9s\u00e9ben. In: Ifj\u00fa-k\u00f3r 3. Kap\u00f3cs I., Ma\u00e1r M., Szabadka P. szerk. Okker, Budapest 159-173.<br \/>\n11.\u00a0\u00a0 \u00a0L\u00e1z\u00e1r I. (2009): Fejl\u0151d\u00e9sl\u00e9lektan; gyermek- \u00e9s serd\u00fcl\u0151kori pszichoszomatikus \u00e9s magatart\u00e1si zavarok. In: Orvosi pszichol\u00f3gia. Kopp M\u00e1ria, Berghammer Rita szerk. Medicina, Budapest 145-187.<br \/>\n12.\u00a0\u00a0 \u00a0L\u00e1z\u00e1r I., T\u00fary F. (2009): Orvos-beteg kapcsolat. In: Orvosi pszichol\u00f3gia. Kopp M\u00e1ria, Berghammer Rita, szerk. Medicina, Budapest 254-279.<br \/>\n13.\u00a0\u00a0 \u00a0L\u00e1z\u00e1r I. (2009): Pszichoneuroimmunol\u00f3gia (PNI) In: Orvosi pszichol\u00f3gia. Kopp M\u00e1ria, Berghammer Rita szerk. Medicina, Budapest 335-372.<br \/>\n14.\u00a0\u00a0 \u00a0L\u00e1z\u00e1r I. (2009): Gyakorlati pszichoimmunol\u00f3gia. Immunrendszeri megbeteged\u00e9sek. In: Orvosi pszichol\u00f3gia. Kopp M\u00e1ria, Berghammer Rita szerk. Medicina, Budapest 388-413.<br \/>\n15.\u00a0\u00a0 \u00a0L\u00e1z\u00e1r I\u00a0 A biopszichoszocio-spiritu\u00e1lis\u00a0 modell \u2013 a szellem, a l\u00e9lek \u00e9s a test \u00f6kol\u00f3gi\u00e1ja. In: Ifj\u00fa-k\u00f3r 4,. Kap\u00f3cs I., Ma\u00e1r M, Szabadka P. szerk. Okker, Budapest 365-379.<br \/>\n16.\u00a0\u00a0 \u00a0L\u00e1z\u00e1r I. (2006): Munkan\u00e9lk\u00fcliek \u00e9letmin\u0151s\u00e9ge. In: Kopp M\u00e1ria \u2013 Kov\u00e1cs M\u00f3nika Erika szerk.: A magyar n\u00e9pess\u00e9g \u00e9letmin\u0151s\u00e9ge az ezredfordul\u00f3n. Semmelweis, Budapest 350-363.<br \/>\n17.\u00a0\u00a0 \u00a0L\u00e1z\u00e1r I.(2008): Utak \u00e9s \u00fatveszt\u0151k: a term\u00e9szetgy\u00f3gy\u00e1szat helyzete Magyarorsz\u00e1gon a Hungarostudy 2002 felm\u00e9r\u00e9s f\u00e9ny\u00e9ben. Kopp M\u00e1ria szerk.: Magyar lelki\u00e1llapot 2008 Semmelweis, Budapest, 406-414.<br \/>\n18.\u00a0\u00a0 \u00a0L\u00e1z\u00e1r I. (2008): Cig\u00e1nypasztor\u00e1ci\u00f3 \u00e9s eg\u00e9szs\u00e9gv\u00e9delem, Kopp M\u00e1ria szerk.: Magyar lelki\u00e1llapot 2008. Semmelweis, Budapest 450-459.<\/p>\n<p><strong>T\u00e1rsszerz\u0151k\u00e9nt \u00edrt fejezet<\/strong><br \/>\n1.\u00a0\u00a0 \u00a0L\u00e9der L., Kopp M., Szedm\u00e1k S., L\u00e1z\u00e1r I. (2002): T\u00e1rgyveszt\u00e9s \u00e9s eg\u00e9szs\u00e9gi \u00e1llapot. In: \u00c9lethelyzet \u2013 \u00e9letmin\u0151s\u00e9g, zs\u00e1kutc\u00e1k \u00e9s kiutak. Magyarorsz\u00e1g az ezredfordul\u00f3n. Strat\u00e9giai kutat\u00e1sok a Magyar Tudom\u00e1nyos Akad\u00e9mi\u00e1n. MTA, Budapest 63-95.<br \/>\n2.\u00a0\u00a0 \u00a0Jakab E., Hulesch B., L\u00e1z\u00e1r I. (2006): Munkav\u00e1llal\u00f3k \u00e9letmin\u0151s\u00e9ge. In: Kopp M\u00e1ria \u2013 Kov\u00e1cs M\u00f3nika Erika szerk.: A magyar n\u00e9pess\u00e9g \u00e9letmin\u0151s\u00e9ge az ezredfordul\u00f3n.\u00a0 Semmelweis, Budapest 288-301.<\/p>\n<p><strong>Idegen nyelv\u0171 lektor\u00e1lt cikk<\/strong><br \/>\n1.\u00a0\u00a0 \u00a0Gruzelier J, Clow A., Evans P, Lazar I, Walker L (1998): Mind-Body Influences on Immunity: Lateralized Control, Stress, Individual Predictors, and Prophylaxis. Stress of Life: from Molecules to Man. Annals of the New York Academy of Sciences Vol. 851. NYAS, New York 490-491.<\/p>\n<p><strong>Magyar nyelv\u0171 cikkek<\/strong><br \/>\n1.\u00a0\u00a0 \u00a0L\u00e1z\u00e1r I.(1990): Az elme \u00f6kol\u00f3gi\u00e1ja. Psychiatria Hungarica 5. 1. 52-56.<br \/>\n2.\u00a0\u00a0 \u00a0L\u00e1z\u00e1r I. (1993): Munkan\u00e9lk\u00fclis\u00e9g \u00e9s betegs\u00e9gkock\u00e1zat V\u00e9geken 4. 2. 16-23.<br \/>\n3.\u00a0\u00a0 \u00a0L\u00e1z\u00e1r I. (1994): Nem lehet feladni. A pszichoonkol\u00f3gia kih\u00edv\u00e1sa.\u00a0 K\u00f6rnyezet \u00e9s orvosl\u00e1s 1994. 1. 7-10.<br \/>\n4.\u00a0\u00a0 \u00a0L\u00e1z\u00e1r I. (1994): A szerves \u00e9s szervetlen csal\u00e1d \u00e9s betegs\u00e9geik. K\u00f6rnyezet \u00e9s orvosl\u00e1s 1994. 2. 26-29.<br \/>\n5.\u00a0\u00a0 \u00a0L\u00e1z\u00e1r I. (1995): Az id\u00fclt gyullad\u00e1sos b\u00e9lbetegs\u00e9gek (IBD) pszichoneuroimmunol\u00f3gi\u00e1ja. Magyar Belorvosi Arch\u00edvum 1995. 48. 5. 335-341.<br \/>\n6.\u00a0\u00a0 \u00a0L\u00e1z\u00e1r I. (1996): \u00d6kopolisz \u00e9s vid\u00e9ke. \u00d6kot\u00e1j 1996. 15. 130-141.<br \/>\n7.\u00a0\u00a0 \u00a0L\u00e1z\u00e1r I. (1997): E-K-O-l\u00f3gia. Orsz\u00e1g\u00e9p\u00edt\u0151 1997. 3-4. 26-33.<br \/>\n8.\u00a0\u00a0 \u00a0L\u00e1z\u00e1r I. (1999): A kisebbs\u00e9gi l\u00e9t k\u00f6rnyezeti g\u00fal\u00e1ja. Magyar Kisebbs\u00e9g 1998. 4. 3-4. 17-33.<br \/>\n9.\u00a0\u00a0 \u00a0L\u00e1z\u00e1r I. (1999): F\u00fcgg\u0151 m\u00f3dban. \u00d6kot\u00e1j 1999.\u00a0 20-21.. 36-45.<br \/>\n10.\u00a0\u00a0 \u00a0L\u00e1z\u00e1r I. (1999): T\u00e1voll\u00e9tben, l\u00e9tt\u00e1volr\u00f3l. Egy elmaradt besz\u00e9lget\u00e9s jegyz\u0151k\u00f6nyve. \u00d6kot\u00e1j 1999 20-21. 10-17.<br \/>\n11.\u00a0\u00a0 \u00a0L\u00e1z\u00e1r I. (1999): \u00d6komedicina: a szel\u00edd orvosl\u00e1s es\u00e9lyei. \u00d6kot\u00e1j 1999. 22. 52-58.<br \/>\n12.\u00a0\u00a0 \u00a0L\u00e1z\u00e1r I. (1999): Az ellen\u00e9rz\u00fclet ellentmond\u00e1sai. V\u00e9letlen balett 1999. 1. 2. 48-59.<br \/>\n13.\u00a0\u00a0 \u00a0L\u00e1z\u00e1r I. (2000): Koll\u00e9gium a magasban. \u00d6kot\u00e1j 2000. 23-24. 33-38.<br \/>\n14.\u00a0\u00a0 \u00a0L\u00e1z\u00e1r I. (2001): A falu s\u00e9r\u00fclt lelke. A falu 2001. 2. 7-14.<br \/>\n15.\u00a0\u00a0 \u00a0L\u00e1z\u00e1r I. (2001):\u00a0 Egyh\u00e1z \u00e9s csal\u00e1d egy el\u00f6reged\u0151 t\u00e1rsadalomban \u00e9s egy meg\u00fajul\u00f3 nemzetben. Confessio 2001. 25. 4. 17-26.<br \/>\n16.\u00a0\u00a0 \u00a0L\u00e1z\u00e1r I. (2001): A munkan\u00e9lk\u00fclis\u00e9g ment\u00e1lhigi\u00e9n\u00e9je. Csal\u00e1dorvosi F\u00f3rum 2001. december\u00a0 47-51.<br \/>\n17.\u00a0\u00a0 \u00a0Cs\u00e9pe P., L\u00e1z\u00e1r I. (2001): A munkahelyi eg\u00e9szs\u00e9gnevel\u00e9s \u00e9s eg\u00e9szs\u00e9gmeg\u0151rz\u00e9s. Eg\u00e9szs\u00e9gnevel\u00e9s 42. 65-69.<br \/>\n18.\u00a0\u00a0 \u00a0Jakab E., L\u00e1z\u00e1r I. (2007): Munkahelyi pszichoszomatika. Magyar Pszichol\u00f3giai Szemle 62. 3. 313-344.<\/p>\n<\/div><\/div>\n","protected":false},"excerpt":{"rendered":"<p><a href=\"https:\/\/semmelweis.hu\/magtud\/files\/2017\/11\/lazimr_w-1.jpg\"><\/a> Szem\u00e9lyi adatok Budapesten 1957-ben sz\u00fcletett, n\u0151s, n\u00e9gy gyermek apja. El\u00e9rhet\u0151s\u00e9gek: Semmelweis Egyetem Magatart\u00e1studom\u00e1nyi Int\u00e9zet Budapest 1089 Nagyv\u00e1rad t\u00e9r 4. Tel.: 70 338 69 35 K\u00e9pzetts\u00e9g 1975-ben \u00e9retts\u00e9gi kit\u0171n\u0151 eredm\u00e9nnyel a J\u00f3zsef Attila Gimn\u00e1ziumban. 1981: \u00e1ltal\u00e1nos orvosi diploma summa cum laude eredm\u00e9nnyel a Semmelweis Orvostudom\u00e1nyi Egyetemen. 1986: a belgy\u00f3gy\u00e1szat ter\u00fclet\u00e9n szerez k\u00e9pes\u00edt\u00e9st jeles eredm\u00e9nnyel. 1990: elv\u00e9gzi &hellip;<\/p>\n","protected":false},"author":110,"featured_media":0,"parent":2035,"menu_order":21,"comment_status":"closed","ping_status":"closed","template":"","meta":{"_acf_changed":false,"footnotes":""},"categories":[],"tags":[],"class_list":["post-11677","page","type-page","status-publish","hentry"],"acf":[],"_links":{"self":[{"href":"https:\/\/semmelweis.hu\/magtud\/wp-json\/wp\/v2\/pages\/11677","targetHints":{"allow":["GET"]}}],"collection":[{"href":"https:\/\/semmelweis.hu\/magtud\/wp-json\/wp\/v2\/pages"}],"about":[{"href":"https:\/\/semmelweis.hu\/magtud\/wp-json\/wp\/v2\/types\/page"}],"author":[{"embeddable":true,"href":"https:\/\/semmelweis.hu\/magtud\/wp-json\/wp\/v2\/users\/110"}],"replies":[{"embeddable":true,"href":"https:\/\/semmelweis.hu\/magtud\/wp-json\/wp\/v2\/comments?post=11677"}],"version-history":[{"count":2,"href":"https:\/\/semmelweis.hu\/magtud\/wp-json\/wp\/v2\/pages\/11677\/revisions"}],"predecessor-version":[{"id":11699,"href":"https:\/\/semmelweis.hu\/magtud\/wp-json\/wp\/v2\/pages\/11677\/revisions\/11699"}],"up":[{"embeddable":true,"href":"https:\/\/semmelweis.hu\/magtud\/wp-json\/wp\/v2\/pages\/2035"}],"wp:attachment":[{"href":"https:\/\/semmelweis.hu\/magtud\/wp-json\/wp\/v2\/media?parent=11677"}],"wp:term":[{"taxonomy":"category","embeddable":true,"href":"https:\/\/semmelweis.hu\/magtud\/wp-json\/wp\/v2\/categories?post=11677"},{"taxonomy":"post_tag","embeddable":true,"href":"https:\/\/semmelweis.hu\/magtud\/wp-json\/wp\/v2\/tags?post=11677"}],"curies":[{"name":"wp","href":"https:\/\/api.w.org\/{rel}","templated":true}]}}