{"id":11587,"date":"2023-05-30T15:41:55","date_gmt":"2023-05-30T13:41:55","guid":{"rendered":"https:\/\/semmelweis.hu\/magtud\/?page_id=11587"},"modified":"2026-02-16T13:39:43","modified_gmt":"2026-02-16T12:39:43","slug":"foldesi-eniko","status":"publish","type":"page","link":"https:\/\/semmelweis.hu\/magtud\/intezet\/munkatarsak\/foldesi-eniko\/","title":{"rendered":"F\u00f6ldesi Enik\u0151"},"content":{"rendered":"<p><a href=\"https:\/\/semmelweis.hu\/magtud\/files\/2021\/03\/FoldesiEniko_fenykep.jpg\"><img loading=\"lazy\" decoding=\"async\" class=\"alignright wp-image-9880\" src=\"https:\/\/semmelweis.hu\/magtud\/files\/2021\/03\/FoldesiEniko_fenykep.jpg\" alt=\"\" width=\"200\" height=\"267\" srcset=\"https:\/\/semmelweis.hu\/magtud\/files\/2021\/03\/FoldesiEniko_fenykep.jpg 1793w, https:\/\/semmelweis.hu\/magtud\/files\/2021\/03\/FoldesiEniko_fenykep-225x300.jpg 225w, https:\/\/semmelweis.hu\/magtud\/files\/2021\/03\/FoldesiEniko_fenykep-768x1024.jpg 768w, https:\/\/semmelweis.hu\/magtud\/files\/2021\/03\/FoldesiEniko_fenykep-1152x1536.jpg 1152w, https:\/\/semmelweis.hu\/magtud\/files\/2021\/03\/FoldesiEniko_fenykep-1536x2048.jpg 1536w\" sizes=\"auto, (max-width: 200px) 100vw, 200px\" \/><\/a><div class=\"responsive-tabs\">\n<h2 class=\"tabtitle\">\u00d6n\u00e9letrajz<\/h2>\n<div class=\"tabcontent\">\n<\/p>\n<p><strong>Tanulm\u00e1nyok:<br \/>\n<\/strong>1994-1999 Kossuth Lajos Tudom\u00e1nyegyetem, Pszichol\u00f3gus-Pszichol\u00f3gia szakos tan\u00e1r<\/p>\n<p>1994-2000 Debreceni Egyetem, N\u00e9met nyelv \u00e9s irodalom szakos tan\u00e1r<\/p>\n<p>2000-2004 Semmelweis Egyetem Klinikai Pszichol\u00f3giai Tansz\u00e9k, Klinikai \u00e9s ment\u00e1lhigi\u00e9niai gyermek- \u00e9s ifj\u00fas\u00e1gi szakpszichol\u00f3gus<\/p>\n<p>2005-2008 E\u00f6tv\u00f6s L\u00f3r\u00e1nd Tudom\u00e1nyegyetem B\u00e1rczi Guszt\u00e1v Gy\u00f3gypedag\u00f3giai F\u0151iskolai Kar, gy\u00f3gypedag\u00f3gus, pszichopedag\u00f3gia szakos tan\u00e1r<\/p>\n<p>2013 Pszichoterapeuta szakvizsga<\/p>\n<p>2018-t\u00f3l Semmelweis Egyetem, R\u00e1cz K\u00e1roly Doktori Iskola, Ment\u00e1lis Eg\u00e9szs\u00e9gtudom\u00e1nyok Doktori Iskola, PhD-tanulm\u00e1nyok<\/p>\n<p><strong>Szakmai tapasztalat<\/strong>:<br \/>\n1999-2000 F\u0151v\u00e1rosi \u00d6nkorm\u00e1nyzat Szent L\u00e1szl\u00f3 K\u00f3rh\u00e1z<\/p>\n<p>2000-2013 Semmelweis Egyetem, II. sz. Gyermekgy\u00f3gy\u00e1szati Klinika, Onkol\u00f3giai Oszt\u00e1ly<\/p>\n<p>2008-2009 4. sz. F\u0151v\u00e1rosi Tanul\u00e1si K\u00e9pess\u00e9get Vizsg\u00e1l\u00f3 Szak\u00e9rt\u0151i \u00e9s Rehabilit\u00e1ci\u00f3s Bizotts\u00e1g \u00e9s Gy\u00f3gypedag\u00f3giai Szolg\u00e1ltat\u00f3 K\u00f6zpont<\/p>\n<p>2013-2020 Pest Megyei Pedag\u00f3giai Szakszolg\u00e1lat Szentendrei Tagint\u00e9zm\u00e9nye<\/p>\n<p>2020. szeptembert\u0151l Semmelweis Egyetem, Magatart\u00e1studom\u00e1nyi Int\u00e9zet, egyetemi tan\u00e1rseg\u00e9d; <strong>SE Magatart\u00e1studom\u00e1nyi Int\u00e9zet Pszichoszomatikus Ambulancia<\/strong><\/p>\n<p><strong>Oktat\u00e1si tev\u00e9kenys\u00e9g:<br \/>\n<\/strong>2003-2006; 2019- jelenleg SE, \u00c1OK, Magatart\u00e1studom\u00e1nyi Int\u00e9zet, Orvosi Pszichol\u00f3gia \u00e9s Orvosi kommunik\u00e1ci\u00f3 c\u00edm\u0171 tant\u00e1rgyak oktat\u00e1sa n\u00e9met nyelv\u0171 orvostanhallgat\u00f3k r\u00e9sz\u00e9re<\/p>\n<p>2020. szeptembert\u0151l Orvosi kommunik\u00e1ci\u00f3 tant\u00e1rgy oktat\u00e1sa magyar nyelv\u0171 hallgat\u00f3k r\u00e9sz\u00e9re; Oktat\u00e1sszervez\u00e9s a n\u00e9met nyelv\u0171 Orvosi kommunik\u00e1ci\u00f3 tant\u00e1rgyban<\/p>\n<p><strong>Nyelvtud\u00e1s<br \/>\n<\/strong>N\u00e9met fels\u0151fok<br \/>\nAngol k\u00f6z\u00e9pfok<\/p>\n<p>\n\n<\/div><h2 class=\"tabtitle\">Publik\u00e1ci\u00f3<\/h2>\n<div class=\"tabcontent\">\n<br \/>\n<\/div><\/div><\/p>\n","protected":false},"excerpt":{"rendered":"<p><a href=\"https:\/\/semmelweis.hu\/magtud\/files\/2021\/03\/FoldesiEniko_fenykep.jpg\"><\/a> Tanulm\u00e1nyok: 1994-1999 Kossuth Lajos Tudom\u00e1nyegyetem, Pszichol\u00f3gus-Pszichol\u00f3gia szakos tan\u00e1r 1994-2000 Debreceni Egyetem, N\u00e9met nyelv \u00e9s irodalom szakos tan\u00e1r 2000-2004 Semmelweis Egyetem Klinikai Pszichol\u00f3giai Tansz\u00e9k, Klinikai \u00e9s ment\u00e1lhigi\u00e9niai gyermek- \u00e9s ifj\u00fas\u00e1gi szakpszichol\u00f3gus 2005-2008 E\u00f6tv\u00f6s L\u00f3r\u00e1nd Tudom\u00e1nyegyetem B\u00e1rczi Guszt\u00e1v Gy\u00f3gypedag\u00f3giai F\u0151iskolai Kar, gy\u00f3gypedag\u00f3gus, pszichopedag\u00f3gia szakos tan\u00e1r 2013 Pszichoterapeuta szakvizsga 2018-t\u00f3l Semmelweis Egyetem, R\u00e1cz K\u00e1roly Doktori Iskola, Ment\u00e1lis Eg\u00e9szs\u00e9gtudom\u00e1nyok &hellip;<\/p>\n","protected":false},"author":110,"featured_media":0,"parent":2035,"menu_order":12,"comment_status":"closed","ping_status":"closed","template":"","meta":{"_acf_changed":false,"footnotes":""},"categories":[],"tags":[],"class_list":["post-11587","page","type-page","status-publish","hentry"],"acf":[],"_links":{"self":[{"href":"https:\/\/semmelweis.hu\/magtud\/wp-json\/wp\/v2\/pages\/11587","targetHints":{"allow":["GET"]}}],"collection":[{"href":"https:\/\/semmelweis.hu\/magtud\/wp-json\/wp\/v2\/pages"}],"about":[{"href":"https:\/\/semmelweis.hu\/magtud\/wp-json\/wp\/v2\/types\/page"}],"author":[{"embeddable":true,"href":"https:\/\/semmelweis.hu\/magtud\/wp-json\/wp\/v2\/users\/110"}],"replies":[{"embeddable":true,"href":"https:\/\/semmelweis.hu\/magtud\/wp-json\/wp\/v2\/comments?post=11587"}],"version-history":[{"count":1,"href":"https:\/\/semmelweis.hu\/magtud\/wp-json\/wp\/v2\/pages\/11587\/revisions"}],"predecessor-version":[{"id":11588,"href":"https:\/\/semmelweis.hu\/magtud\/wp-json\/wp\/v2\/pages\/11587\/revisions\/11588"}],"up":[{"embeddable":true,"href":"https:\/\/semmelweis.hu\/magtud\/wp-json\/wp\/v2\/pages\/2035"}],"wp:attachment":[{"href":"https:\/\/semmelweis.hu\/magtud\/wp-json\/wp\/v2\/media?parent=11587"}],"wp:term":[{"taxonomy":"category","embeddable":true,"href":"https:\/\/semmelweis.hu\/magtud\/wp-json\/wp\/v2\/categories?post=11587"},{"taxonomy":"post_tag","embeddable":true,"href":"https:\/\/semmelweis.hu\/magtud\/wp-json\/wp\/v2\/tags?post=11587"}],"curies":[{"name":"wp","href":"https:\/\/api.w.org\/{rel}","templated":true}]}}