{"id":11573,"date":"2023-05-30T14:46:51","date_gmt":"2023-05-30T12:46:51","guid":{"rendered":"https:\/\/semmelweis.hu\/magtud\/?page_id=11573"},"modified":"2026-02-16T13:40:12","modified_gmt":"2026-02-16T12:40:12","slug":"dobrossy-bence","status":"publish","type":"page","link":"https:\/\/semmelweis.hu\/magtud\/intezet\/munkatarsak\/dobrossy-bence\/","title":{"rendered":"D\u00f6br\u00f6ssy Bence"},"content":{"rendered":"<p><a href=\"https:\/\/semmelweis.hu\/magtud\/files\/2017\/11\/dobrossy.jpg\"><img loading=\"lazy\" decoding=\"async\" class=\"size-full wp-image-2769 alignright\" src=\"https:\/\/semmelweis.hu\/magtud\/files\/2017\/11\/dobrossy.jpg\" alt=\"\" width=\"89\" height=\"111\" \/><\/a><div class=\"responsive-tabs\">\n<h2 class=\"tabtitle\">\u00d6n\u00e9letrajz<\/h2>\n<div class=\"tabcontent\">\n<\/p>\n<p><strong>N\u00e9v: <\/strong>D\u00f6br\u00f6ssy Bence<\/p>\n<p>\u00a0<strong>Beoszt\u00e1s: <\/strong>egyetemi tan\u00e1rseg\u00e9d<\/p>\n<p><strong>Telefon: <\/strong>+36 1 210 2953<\/p>\n<p><strong>E-mail: <\/strong>dobrossy<small> [PONT] <\/small>bence<small> [KUKAC] <\/small>med<small> [PONT] <\/small>semmelweis-univ<small> [PONT] <\/small>hu<\/p>\n<p><strong>Tanulm\u00e1nyok<\/strong><br \/>\n2015- PhD, PTE Eg\u00e9szs\u00e9gtudom\u00e1nyi Doktori Iskola, P\u00e9cs (folyamatban) <br \/>\n1990-1991 Sociology with special reference to the Sociology of Medicine MSc, University of London, Royal Holloway and Bedford New College, Egham, Anglia<br \/>\n1987-1990 Sociology BA, University of Reading, Reading, Anglia<\/p>\n<p><strong>Munkahelyek<\/strong><br \/>\n2017- Semmelweis Egyetem, Magatart\u00e1studom\u00e1nyi Int\u00e9zet- egyetemi tan\u00e1rseg\u00e9d<\/p>\n<p>2020. 05-08- Nemzeti N\u00e9peg\u00e9szs\u00e9g\u00fcgyi K\u00f6zpont-vezet\u0151 sz\u0171r\u00e9si szak\u00e9rt\u0151 a \u201e Komplex n\u00e9p-eg\u00e9szs\u00e9g\u00fcgyi sz\u0171r\u00e9sek\u201d c. projekt keret\u00e9ben<\/p>\n<p>2009- 2017 Semmelweis Egyetem, Budapest- \u00f3raad\u00f3: orvosi szociol\u00f3gia<\/p>\n<p>1993- Debreceni Orvos \u00e9s Eg\u00e9szs\u00e9gtudom\u00e1nyi Centrum, Debrecen- \u00f3raad\u00f3: orvosi szociol\u00f3gia<\/p>\n<p>1994-1995 Szegedi Orvostudom\u00e1nyi Egyetem- \u00f3raad\u00f3: szociol\u00f3gia<\/p>\n<p>1992-2000 Nemzeti Eg\u00e9szs\u00e9gv\u00e9delmi Int\u00e9zet, Budapest- szakel\u0151ad\u00f3: nemzetk\u00f6zi kapcso-lattart\u00e1s, m\u00f3dszertani feladatok ell\u00e1t\u00e1sa<\/p>\n<p><strong>Feladatk\u00f6r<\/strong><br \/>\n&#8211; orvosi szociol\u00f3gia oktat\u00e1sa h\u00e1rom karon, magyar \u00e9s angol nyelven. <br \/>\n&#8211; kutat\u00f3munka<\/p>\n<p><strong>Kutat\u00e1si ter\u00fclet:<\/strong><br \/>\nOrvosi szociol\u00f3gia<br \/>\nMammogr\u00e1fi\u00e1s eml\u0151sz\u0171r\u00e9s<br \/>\nDigit\u00e1lis eg\u00e9szs\u00e9g<\/p>\n<p><strong>Nyelvtud\u00e1s:<\/strong> <br \/>\nAngol C1<\/p>\n<p>\n<strong>Publik\u00e1ci\u00f3k:<\/strong> <br \/>\nhttps:\/\/m2.mtmt.hu\/gui2\/?type=authors&amp;mode=browse&amp;sel=10051131<\/p>\n<p>&nbsp;<\/p>\n\n<\/div><h2 class=\"tabtitle\">Publik\u00e1ci\u00f3<\/h2>\n<div class=\"tabcontent\">\n\n<p><u>D\u00f6br\u0151ssy Bence<\/u>\u00a0 (2017) Az eg\u00e9szs\u00e9g\u00e9rt\u00e9s fogalma, m\u00e9r\u00e9se \u00e9s hat\u00e1sa az eml\u0151sz\u0171r\u00e9sen val\u00f3 r\u00e9szv\u00e9telre,\u00a0\u00a0 <em>Metszetek \u2013 T\u00e1rsadalomtudom\u00e1nyi foly\u00f3irat<\/em>. 6:(2) pp. 167-185. (2017)<\/p>\n<p>D\u00f6br\u0151ssy Lajos , Kov\u00e1cs Attila , <u>D\u00f6br\u0151ssy Bence<\/u> , Budai Andr\u00e1s , Boncz Imre , Margitai Barnab\u00e1s , Ko\u00f3s Tam\u00e1s\u00a0 (2010) : Mi\u00e9rt kihaszn\u00e1latlan haz\u00e1nkban a szervezett lakoss\u00e1gsz\u0171r\u00e9s? <em>Lege Artis Medicinae<\/em> 20:(10) pp. 689-693.<\/p>\n<p><u>D\u00f6br\u0151ssy Bence<\/u> , Kov\u00e1cs Attila , Budai Andr\u00e1s , Cornides \u00c1gnes , D\u00f6br\u0151ssy Lajos (2007)<\/p>\n<p>A sz\u0171r\u00e9s nemk\u00edv\u00e1natos l\u00e9lektani mell\u00e9khat\u00e1sai,\u00a0 <em>Orvosi Hetilap<\/em> 148:(36) pp. 1707-1711.<\/p>\n<p><u>D\u00f6br\u00f6ssy Bence<\/u> (2006)\u00a0 A sz\u0171r\u00e9s pszichoszoci\u00e1lis vonatkoz\u00e1sai In: Horti J , Risk\u00f3 \u00c1 (ed.)<\/p>\n<p>Onkopszichol\u00f3gia a gyakorlatban . 348 p.\u00a0 Budapest: Medicina K\u00f6nyvkiad\u00f3, 2006. pp. 78-83.<\/p>\n<p>(ISBN:963-226-017-1)<\/p>\n<p><u>Dobrossy B<\/u> , Molnar P (2004)\u00a0 A hard row to plough: A historical overview of health policy dynamics in Hungary In: Abreu L (ed.) European health and social welfare policies . Brno: Vutium Press, 2004. pp. 458-484.<\/p>\n<\/div><\/div>\n","protected":false},"excerpt":{"rendered":"<p><a href=\"https:\/\/semmelweis.hu\/magtud\/files\/2017\/11\/dobrossy.jpg\"><\/a> N\u00e9v: D\u00f6br\u00f6ssy Bence \u00a0Beoszt\u00e1s: egyetemi tan\u00e1rseg\u00e9d Telefon: +36 1 210 2953 E-mail: dobrossy [PONT] bence [KUKAC] med [PONT] semmelweis-univ [PONT] hu Tanulm\u00e1nyok 2015- PhD, PTE Eg\u00e9szs\u00e9gtudom\u00e1nyi Doktori Iskola, P\u00e9cs (folyamatban) 1990-1991 Sociology with special reference to the Sociology of Medicine MSc, University of London, Royal Holloway and Bedford New College, Egham, Anglia 1987-1990 Sociology BA, &hellip;<\/p>\n","protected":false},"author":110,"featured_media":0,"parent":2035,"menu_order":12,"comment_status":"closed","ping_status":"closed","template":"","meta":{"_acf_changed":false,"footnotes":""},"categories":[],"tags":[],"class_list":["post-11573","page","type-page","status-publish","hentry"],"acf":[],"_links":{"self":[{"href":"https:\/\/semmelweis.hu\/magtud\/wp-json\/wp\/v2\/pages\/11573","targetHints":{"allow":["GET"]}}],"collection":[{"href":"https:\/\/semmelweis.hu\/magtud\/wp-json\/wp\/v2\/pages"}],"about":[{"href":"https:\/\/semmelweis.hu\/magtud\/wp-json\/wp\/v2\/types\/page"}],"author":[{"embeddable":true,"href":"https:\/\/semmelweis.hu\/magtud\/wp-json\/wp\/v2\/users\/110"}],"replies":[{"embeddable":true,"href":"https:\/\/semmelweis.hu\/magtud\/wp-json\/wp\/v2\/comments?post=11573"}],"version-history":[{"count":6,"href":"https:\/\/semmelweis.hu\/magtud\/wp-json\/wp\/v2\/pages\/11573\/revisions"}],"predecessor-version":[{"id":12083,"href":"https:\/\/semmelweis.hu\/magtud\/wp-json\/wp\/v2\/pages\/11573\/revisions\/12083"}],"up":[{"embeddable":true,"href":"https:\/\/semmelweis.hu\/magtud\/wp-json\/wp\/v2\/pages\/2035"}],"wp:attachment":[{"href":"https:\/\/semmelweis.hu\/magtud\/wp-json\/wp\/v2\/media?parent=11573"}],"wp:term":[{"taxonomy":"category","embeddable":true,"href":"https:\/\/semmelweis.hu\/magtud\/wp-json\/wp\/v2\/categories?post=11573"},{"taxonomy":"post_tag","embeddable":true,"href":"https:\/\/semmelweis.hu\/magtud\/wp-json\/wp\/v2\/tags?post=11573"}],"curies":[{"name":"wp","href":"https:\/\/api.w.org\/{rel}","templated":true}]}}