{"id":11568,"date":"2023-05-30T14:40:13","date_gmt":"2023-05-30T12:40:13","guid":{"rendered":"https:\/\/semmelweis.hu\/magtud\/?page_id=11568"},"modified":"2026-02-16T13:42:41","modified_gmt":"2026-02-16T12:42:41","slug":"dr-czegledi-edit","status":"publish","type":"page","link":"https:\/\/semmelweis.hu\/magtud\/intezet\/munkatarsak\/dr-czegledi-edit\/","title":{"rendered":"Dr. Czegl\u00e9di Edit"},"content":{"rendered":"<p><a href=\"https:\/\/semmelweis.hu\/magtud\/files\/2017\/11\/czegledi.png\"><img loading=\"lazy\" decoding=\"async\" class=\"size-full wp-image-2298 alignright\" src=\"https:\/\/semmelweis.hu\/magtud\/files\/2017\/11\/czegledi.png\" alt=\"\" width=\"121\" height=\"132\" \/><\/a><\/p>\n<div class=\"responsive-tabs\">\n<h2 class=\"tabtitle\">\u00d6n\u00e9letrajz<\/h2>\n<div class=\"tabcontent\">\n\n<p>N\u00e9v:\u00a0\u00a0\u00a0 Czegl\u00e9di Edit<br \/>\nSz\u00fclet\u00e9si id\u0151: \u00a0 1979<br \/>\nSz\u00fclet\u00e9si hely: Budapest<br \/>\nLev\u00e9lc\u00edm: Semmelweis Egyetem, Magatart\u00e1studom\u00e1nyi Int\u00e9zet<br \/>\n1089 Budapest, Nagyv\u00e1rad t\u00e9r 4., XX.em., 2014\/1. szoba<em><br \/>\n<\/em>Munkahelyi telefon:\u00a0\u00a0\u00a0\u00a0 +36 1 210 2930 \/56151 m.<br \/>\nE-mail: czegledi.edit@semmelweis.hu<\/p>\n<p><strong>Iskolai v\u00e9gzetts\u00e9g, tanulm\u00e1nyok:<\/strong><\/p>\n<p>2012\u00a0\u00a0\u00a0\u00a0 Doktori (PhD) fokozatszerz\u00e9s (summa cum laude) (E\u00f6tv\u00f6s Lor\u00e1nd Tudom\u00e1nyegyetem, Pedag\u00f3giai \u00e9s Pszichol\u00f3giai Kar, Pszichol\u00f3giai Doktori Iskola, Budapest)<\/p>\n<p>2008\u20132010\u00a0\u00a0 Eg\u00e9szs\u00e9gfejleszt\u0151 szakpszichol\u00f3gus szakir\u00e1ny\u00fa tov\u00e1bbk\u00e9pz\u00e9s (E\u00f6tv\u00f6s Lor\u00e1nd Tudom\u00e1nyegyetem, Pedag\u00f3giai \u00e9s Pszichol\u00f3giai Kar, Budapest)<\/p>\n<p>2006\u20132009\u00a0\u00a0 Doktori (PhD) k\u00e9pz\u00e9s (E\u00f6tv\u00f6s Lor\u00e1nd Tudom\u00e1nyegyetem, Pedag\u00f3giai \u00e9s Pszichol\u00f3giai Kar, Pszichol\u00f3giai Doktori Iskola, Budapest)<\/p>\n<p>2001\u20132006 Pszichol\u00f3gia szak (E\u00f6tv\u00f6s Lor\u00e1nd Tudom\u00e1nyegyetem, Pedag\u00f3giai \u00e9s Pszichol\u00f3giai Kar, Budapest)<\/p>\n<p>1997\u20132003\u00a0 R\u00e9g\u00e9szet szak (E\u00f6tv\u00f6s Lor\u00e1nd Tudom\u00e1nyegyetem, B\u00f6lcs\u00e9szettudom\u00e1nyi Kar, Budapest)<\/p>\n<p>1993\u20131997 Veres P\u00e1ln\u00e9 Gimn\u00e1zium (Budapest)<\/p>\n<p><strong>K\u00e9pz\u00e9sek, tr\u00e9ningek:<\/strong><br \/>\n2016 \u2013 2020 Katarzisz Komplex M\u0171v\u00e9szetter\u00e1pia (Lelki Eg\u00e9szs\u00e9gv\u00e9d\u0151 Alap\u00edtv\u00e1ny, Budapest)<\/p>\n<p>2011\u00a0 Williams \u00c9letk\u00e9szs\u00e9gek (W\u00c9K) Stresszkezel\u0151 \u00e9s kommunik\u00e1ci\u00f3s k\u00e9szs\u00e9gfejleszt\u0151 tr\u00e9ning, okleveles facilit\u00e1tor (Semmelweis Egyetem Magatart\u00e1studom\u00e1nyi Int\u00e9zet \u00e9s Selye J\u00e1nos Magyar Magatart\u00e1studom\u00e1nyi \u00e9s Magatart\u00e1sorvosl\u00e1si T\u00e1rsas\u00e1g, Budapest)<\/p>\n<p>2007\u00a0 Asszert\u00edv tr\u00e9ning (Orsz\u00e1gos Pszichi\u00e1triai \u00e9s Neurol\u00f3giai Int\u00e9zet, Budapest)<\/p>\n<p>2002\u20132004\u00a0 Kort\u00e1rs oktat\u00f3, drogpreventor (E\u00f6tv\u00f6s Lor\u00e1nd Tudom\u00e1nyegyetem, Pedag\u00f3giai \u00e9s Pszichol\u00f3giai Kar, Budapest)<\/p>\n<p><strong>Munkahely:\u00a0\u00a0\u00a0\u00a0\u00a0\u00a0\u00a0\u00a0\u00a0\u00a0\u00a0\u00a0\u00a0\u00a0 <\/strong><\/p>\n<div dir=\"ltr\">\n<div>2016. 02. \u2013 Semmelweis Egyetem, \u00c1ltal\u00e1nos Orvostudom\u00e1nyi Kar, Magatart\u00e1studom\u00e1nyi Int\u00e9zet, <em>egyetemi adjunktus<br \/>\n<\/em><\/div>\n<div>2013. 02. \u2013 2016. 01. Semmelweis Egyetem, \u00c1ltal\u00e1nos Orvostudom\u00e1nyi Kar, Magatart\u00e1studom\u00e1nyi Int\u00e9zet, <em>egyetemi tan\u00e1rseg\u00e9d<\/em><\/div>\n<\/div>\n<p>2009. 07. \u2013 2011. 05.\u00a0 E\u00f6tv\u00f6s Lor\u00e1nd Tudom\u00e1nyegyetem, Pedag\u00f3giai \u00e9s Pszichol\u00f3giai Kar, Szem\u00e9lyis\u00e9g- \u00e9s Eg\u00e9szs\u00e9gpszichol\u00f3giai Tansz\u00e9k, <em>egyetemi tan\u00e1rseg\u00e9d<\/em><\/p>\n<p>2003. 09. \u2013 2005. 12.\u00a0 E\u00f6tv\u00f6s Lor\u00e1nd Tudom\u00e1nyegyetem, Pedag\u00f3giai \u00e9s Pszichol\u00f3giai Kar, Szem\u00e9lyis\u00e9g- \u00e9s Eg\u00e9szs\u00e9gpszichol\u00f3giai Tansz\u00e9k,<em> kutat\u00e1si asszisztens<\/em><\/p>\n<p><strong>Szakmai gyakorlat:<\/strong><\/p>\n<p>2015. 09. \u2013 2017.05. \u00a0 Tests\u00falycs\u00f6kkent\u0151 program vezet\u00e9se (Semmelweis Egyetem \u00c1OK Magatart\u00e1studom\u00e1nyi Int\u00e9zet, Pszichoszomatikus Szakrendel\u0151, Budapest)<\/p>\n<p>2014. 06. \u2013\u00a0 2015. 06.\u00a0 W\u00c9K tr\u00e9ning vezet\u00e9se s\u00falyfelesleggel k\u00fczd\u0151k r\u00e9sz\u00e9re (Semmelweis Egyetem \u00c1OK Magatart\u00e1studom\u00e1nyi Int\u00e9zet, Pszichoszomatikus Szakrendel\u0151, Budapest)<\/p>\n<p>2009. 06. \u2013\u00a0 2009. 12.\u00a0 Viselked\u00e9ster\u00e1pi\u00e1s s\u00falycs\u00f6kkent\u0151 csoportprogram t\u00e1rsvezet\u00e9se (Semmelweis Egyetem \u00c1OK Klinikai Pszichol\u00f3gia Tansz\u00e9k, Budapest)<\/p>\n<p>2008. 10. \u2013\u00a0 2009. 06.\u00a0 Tests\u00falymenedzsel\u00e9ssel kapcsolatos pszichoeduk\u00e1ci\u00f3s csoportfoglalkoz\u00e1sok vezet\u00e9se (Szent Imre K\u00f3rh\u00e1z Lipidol\u00f3giai Profil, Budapest)<\/p>\n<p><strong>Egy\u00e9b tev\u00e9kenys\u00e9g:<br \/>\n<\/strong>2015. 10. \u2013\u00a0 Szerkeszt\u0151 \u2013 Ment\u00e1lhigi\u00e9n\u00e9 \u00e9s Pszichoszomatika<\/p>\n<p><strong>T\u00e1rsas\u00e1gi tags\u00e1gok:<\/strong><\/p>\n<p>Magyar Pszichol\u00f3giai T\u00e1rsas\u00e1g<br \/>\nMagyar Elh\u00edz\u00e1studom\u00e1nyi T\u00e1rsas\u00e1g<br \/>\nMagyar Obezitol\u00f3giai \u00e9s Mozg\u00e1ster\u00e1pi\u00e1s T\u00e1rsas\u00e1g<br \/>\nSelye J\u00e1nos Magyar Magatart\u00e1studom\u00e1nyi \u00e9s Magatart\u00e1sorvosl\u00e1si T\u00e1rsas\u00e1g<\/p>\n<p><strong>Nyelvismeret:<\/strong><\/p>\n<p>angol 2016. k\u00f6z\u00e9pfok\u00fa (B2) TELC nyelvvizsga<br \/>\nn\u00e9met\u00a0\u00a0 1997. k\u00f6z\u00e9pfok\u00fa \u201cC\u201d t\u00edpus\u00fa \u00e1llami nyelvvizsga<\/p>\n<p><strong>Sz\u00e1m\u00edt\u00f3g\u00e9pes ismeretek:<br \/>\n<\/strong>Felhaszn\u00e1l\u00f3i szint\u0171 sz\u00e1m\u00edt\u00f3g\u00e9p-kezel\u0151i ismeretek (Word, Excel, PowerPoint, SPSS, MPLUS, ROPstat, Internet)<\/p>\n\n<\/div><h2 class=\"tabtitle\">Publik\u00e1ci\u00f3<\/h2>\n<div class=\"tabcontent\">\n\n<p>A teljes publik\u00e1ci\u00f3s lista megtal\u00e1lhat\u00f3 <a href=\"https:\/\/m2.mtmt.hu\/gui2\/?type=authors&amp;mode=browse&amp;sel=authors10023410\" target=\"_blank\" rel=\"noopener noreferrer\">itt<\/a>.<\/p>\n<div dir=\"ltr\">\n<div><b>Legfontosabb tanulm\u00e1nyok:<\/b><\/div>\n<div><b>\u00a0<\/b><\/div>\n<div>\n<p class=\"gmail-MsoListParagraphCxSpFirst\">1. Czegl\u00e9di E., Urb\u00e1n R. (2010): A H\u00e1romfaktoros Ev\u00e9si K\u00e9rd\u0151\u00edv (Three-Factor Eating Questionnaire Revised 21\u2011Item) hazai adapt\u00e1ci\u00f3ja. <i>Magyar Pszichol\u00f3giai Szemle, 65<\/i>(3),<i> <\/i>463\u2013494.<\/p>\n<p class=\"gmail-MsoListParagraphCxSpMiddle\">2. Czegl\u00e9di E., Csizmadia P., Urb\u00e1n R. (2011): A testtel val\u00f3 el\u00e9gedetlens\u00e9g m\u00e9r\u00e9se \u00e9s rizik\u00f3t\u00e9nyez\u0151i: A Testforma K\u00e9rd\u0151\u00edv r\u00f6vid\u00edtett form\u00e1j\u00e1nak (Body Shape Questionnaire Short Form 14) hazai adapt\u00e1ci\u00f3ja. <i>Psychiatria Hungarica, 26<\/i>(4), 241\u2013249.<\/p>\n<p class=\"gmail-MsoListParagraphCxSpMiddle\">3. Czegl\u00e9di E., Urb\u00e1n R. (2012): A depresszi\u00f3 kock\u00e1zati t\u00e9nyez\u0151i \u00e9s id\u0151beli alakul\u00e1sa egy k\u00f3rh\u00e1zi s\u00falycs\u00f6kkent\u0151 program r\u00e9sztvev\u0151inek k\u00f6r\u00e9ben. <i><span lang=\"LA\">Psychiatria<\/span><\/i><i> Hungarica, 27<\/i>(5),<i> <\/i>361\u2013378.<\/p>\n<p class=\"gmail-MsoListParagraphCxSpMiddle\">4. Czegl\u00e9di E. (2012): A tests\u00falyszab\u00e1lyoz\u00e1s interdiszciplin\u00e1ris megk\u00f6zel\u00edt\u00e9se. In: Demetrovics Zs., Urb\u00e1n R., Rig\u00f3 A., Ol\u00e1h A. (szerk.), <i>Az eg\u00e9szs\u00e9gpszichol\u00f3gia elm\u00e9lete \u00e9s alkalmaz\u00e1sa I. Szem\u00e9lyis\u00e9g, eg\u00e9szs\u00e9g, eg\u00e9szs\u00e9gfejleszt\u00e9s.<\/i> Budapest: ELTE E\u00f6tv\u00f6s Kiad\u00f3, 171\u2013216.<\/p>\n<p class=\"gmail-MsoListParagraphCxSpMiddle\">5. <span lang=\"EN-US\">P\u00e9nzes, M., <u>Czegl\u00e9di, E.,<\/u> Bal\u00e1zs, P., Foley, K. L. (2012): Factors associated with tobacco smoking and the belief about weight control effect of smoking among Hungarian adolescents. <i>Central European Journal of Public Health, 20<\/i>(1), 3<\/span>\u2013<span lang=\"EN-US\">9.<\/span><\/p>\n<p class=\"gmail-MsoListParagraphCxSpMiddle\">6. Papp, I., Urb\u00e1n, R., <u>Czegl\u00e9di, E.,<\/u> Babusa, B., T\u00fary, F. (2013): Testing the Tripartite Influence Model of body image and eating disturbance among Hungarian adolescents. <i>Body Image, 10<\/i>(2), 232\u2013242.<\/p>\n<p class=\"gmail-MsoListParagraphCxSpMiddle\">7. Czegl\u00e9di E., P\u00e1l E., Bartha E. (2015): A Megjelen\u00e9ssel Kapcsolatos Szociokultur\u00e1lis Attit\u0171d\u00f6k K\u00e9rd\u0151\u00edv hazai alkalmaz\u00e1s\u00e1val szerzett tapasztalatok. <i>Ment\u00e1lhigi\u00e9n\u00e9 \u00e9s Pszichoszomatika, 16<\/i>(3),<i> <\/i>209\u2013230.<\/p>\n<p class=\"gmail-MsoListParagraphCxSpMiddle\">8. Czegl\u00e9di E. (2016): A stresszkezel\u00e9s alkalmaz\u00e1si lehet\u0151s\u00e9gei az elh\u00edz\u00e1s kezel\u00e9s\u00e9ben. <i>Orvosi Hetilap,<\/i><i> <\/i><i>157<\/i>(7), 260\u2013267.<\/p>\n<p class=\"gmail-MsoListParagraphCxSpMiddle\">9. Czegl\u00e9di, E. (2017): A fogy\u00e1s motiv\u00e1ci\u00f3i s\u00falycs\u00f6kkent\u0151 kezel\u00e9sben r\u00e9szt vev\u0151k k\u00f6r\u00e9ben. <i>Orvosi Hetilap, 158<\/i>(49), 1960\u20131967.<\/p>\n<p class=\"gmail-MsoListParagraphCxSpLast\">10. Czegl\u00e9di, E. (2017): Eating behaviors among the participants of an inpatient weight loss treatment.<b><i> <\/i><\/b><i>Ideggy\u00f3gy\u00e1szati Szemle, 70<\/i>(1\u20132), 55<i>\u2013<\/i>62.<\/p>\n<\/div>\n<\/div>\n<\/div><\/div>\n","protected":false},"excerpt":{"rendered":"<p><a href=\"https:\/\/semmelweis.hu\/magtud\/files\/2017\/11\/czegledi.png\"><\/a> N\u00e9v:\u00a0\u00a0\u00a0 Czegl\u00e9di Edit Sz\u00fclet\u00e9si id\u0151: \u00a0 1979 Sz\u00fclet\u00e9si hely: Budapest Lev\u00e9lc\u00edm: Semmelweis Egyetem, Magatart\u00e1studom\u00e1nyi Int\u00e9zet 1089 Budapest, Nagyv\u00e1rad t\u00e9r 4., XX.em., 2014\/1. szoba Munkahelyi telefon:\u00a0\u00a0\u00a0\u00a0 +36 1 210 2930 \/56151 m. E-mail: czegledi.edit@semmelweis.hu Iskolai v\u00e9gzetts\u00e9g, tanulm\u00e1nyok: 2012\u00a0\u00a0\u00a0\u00a0 Doktori (PhD) fokozatszerz\u00e9s (summa cum laude) (E\u00f6tv\u00f6s Lor\u00e1nd Tudom\u00e1nyegyetem, Pedag\u00f3giai \u00e9s Pszichol\u00f3giai Kar, Pszichol\u00f3giai Doktori Iskola, Budapest) 2008\u20132010\u00a0\u00a0 &hellip;<\/p>\n","protected":false},"author":110,"featured_media":0,"parent":2035,"menu_order":9,"comment_status":"closed","ping_status":"closed","template":"","meta":{"_acf_changed":false,"footnotes":""},"categories":[],"tags":[],"class_list":["post-11568","page","type-page","status-publish","hentry"],"acf":[],"_links":{"self":[{"href":"https:\/\/semmelweis.hu\/magtud\/wp-json\/wp\/v2\/pages\/11568","targetHints":{"allow":["GET"]}}],"collection":[{"href":"https:\/\/semmelweis.hu\/magtud\/wp-json\/wp\/v2\/pages"}],"about":[{"href":"https:\/\/semmelweis.hu\/magtud\/wp-json\/wp\/v2\/types\/page"}],"author":[{"embeddable":true,"href":"https:\/\/semmelweis.hu\/magtud\/wp-json\/wp\/v2\/users\/110"}],"replies":[{"embeddable":true,"href":"https:\/\/semmelweis.hu\/magtud\/wp-json\/wp\/v2\/comments?post=11568"}],"version-history":[{"count":4,"href":"https:\/\/semmelweis.hu\/magtud\/wp-json\/wp\/v2\/pages\/11568\/revisions"}],"predecessor-version":[{"id":12989,"href":"https:\/\/semmelweis.hu\/magtud\/wp-json\/wp\/v2\/pages\/11568\/revisions\/12989"}],"up":[{"embeddable":true,"href":"https:\/\/semmelweis.hu\/magtud\/wp-json\/wp\/v2\/pages\/2035"}],"wp:attachment":[{"href":"https:\/\/semmelweis.hu\/magtud\/wp-json\/wp\/v2\/media?parent=11568"}],"wp:term":[{"taxonomy":"category","embeddable":true,"href":"https:\/\/semmelweis.hu\/magtud\/wp-json\/wp\/v2\/categories?post=11568"},{"taxonomy":"post_tag","embeddable":true,"href":"https:\/\/semmelweis.hu\/magtud\/wp-json\/wp\/v2\/tags?post=11568"}],"curies":[{"name":"wp","href":"https:\/\/api.w.org\/{rel}","templated":true}]}}