{"id":10767,"date":"2022-06-14T15:01:22","date_gmt":"2022-06-14T13:01:22","guid":{"rendered":"https:\/\/semmelweis.hu\/magtud\/?page_id=10767"},"modified":"2022-06-14T15:01:22","modified_gmt":"2022-06-14T13:01:22","slug":"pain-and-psychosocial-stress-research-group","status":"publish","type":"page","link":"https:\/\/semmelweis.hu\/magtud\/en\/research\/research-groups\/pain-and-psychosocial-stress-research-group\/","title":{"rendered":"Pain and Psychosocial Stress Research Group"},"content":{"rendered":"<p><strong>Pain and Psychosocial Stress Research Group <\/strong><\/p>\n<p>Leader: Szilvia \u00c1d\u00e1m, PhD, assistant professor, J\u00e1nos Major MD, PhD, assistant lecturer<\/p>\n<p>E-mail: <a href=\"mailto:adam.szilvia@med.semmelweis-univ.hu%20\">adam.szilvia@med.semmelweis-univ.hu <\/a>; <a href=\"mailto:major.janos@med.semmelweis-univ.hu\">major.janos@med.semmelweis-univ.hu<\/a><\/p>\n<p>Members:<\/p>\n<ol>\n<li>Szilvia \u00c1d\u00e1m, PhD, assistant professor<\/li>\n<li>J\u00e1nos Major MD, PhD, assistant lecturer<\/li>\n<li>Bencsik Alexandra S\u00e1ra, student (Scientific Students\u2019 Asociation)<\/li>\n<li>Katalin Forg\u00e1cs-Krist\u00f3f, PhD student<\/li>\n<li>Rita Gedeonn\u00e9 Dallos , PhD student<\/li>\n<li>Svraka Bernadett, PhD-hallgat\u00f3, assistant lecturer<\/li>\n<\/ol>\n<p>&nbsp;<\/p>\n<p><strong>Key research areas<\/strong><\/p>\n<p>The aim of the Pain and Psychosocial Stress Research Group is to advance and shape research in health psychology by exploring how biological, social, and psychological factors may influence health and illness including pain.<\/p>\n<p>&nbsp;<\/p>\n<p>A key focus of the research group is to explore the epidemiology and the pathogenesis of acute and chronic pain with a special attention to the role of comorbidities. In addition, the group aims at establishing the multidisciplinary management of pain and effective pain management systems.<\/p>\n<p>&nbsp;<\/p>\n<p>Further research areas of our group include the evaluation of bio-psycho-social and cultural determinants of mental and somatic disorders such as specific learning disabilities, their potential consequences, as well as the methodology of the assessment of burnout and the differential diagnosis of burnout and depression.<\/p>\n<p>&nbsp;<\/p>\n<p><strong>Important publications<\/strong><\/p>\n<ol>\n<li>Major J, Varga ZK, Gyimesi-Szikszai A, \u00c1d\u00e1m S. A two-week inpatient programme with a booster improved long-term management of severe chronic paediatric pain. J Child Heal Care 2017;21:171\u201380.<\/li>\n<li>\u00c1d\u00e1m Sz, Dombr\u00e1di V, M\u00e9sz\u00e1ros V, B\u00e1nyai G, Nostor A, B\u00edr\u00f3 K. Az Oldenburg Ki\u00e9g\u00e9s K\u00e9rd\u0151\u00edv \u00e9s r\u00f6vid\u00edtett v\u00e1ltozat\u00e1snak \u00f6sszehasonl\u00edt\u00f3 elemz\u00e9se. Ideggy\u00f3gy\u00e1szati Szemle\/Clinical Neuroscience, 2020; 231-240.<\/li>\n<li>God\u00f3 K, Major J, Gyimesi-Szikszai A, \u00c1d\u00e1m S. A kro\u0301nikus fa\u0301jdalom lehetse\u0301ges riziko\u0301te\u0301nyezo\u030bi e\u0301s ko\u0308vetkezme\u0301nyei a magyar tizene\u0301vesek ko\u0308re\u0301ben. Orv Hetil 2020;161:502\u2013509.<\/li>\n<li>Major J, \u00c1d\u00e1m S. Self-reported specific learning disorders and risk factors among Hungarian adolescents with functional abdominal pain disorders: a cross sectional study. BMC Pediatr 2020;20:281.<\/li>\n<li>Forg\u00e1cs-Krist\u00f3f K, Major J, \u00c1d\u00e1m S. A kr\u00f3nikus der\u00e9kf\u00e1jdalom korszer\u0171 diagnosztik\u00e1ja \u00e9s kezel\u00e9se a nemzetk\u00f6zi ir\u00e1nyelvek t\u00fckr\u00e9ben. Orv Hetil 2021;162:1951\u201361.<\/li>\n<li>\u00c1d\u00e1m Sz, Nistor A, Nistor K, Cserh\u00e1ti Z, M\u00e9sz\u00e1ros V. A ki\u00e9g\u00e9s \u00e9s depresszi\u00f3 diagnosztiz\u00e1l\u00e1s\u00e1nak el\u0151seg\u00edt\u00e9se demogr\u00e1fiai \u00e9s munkahelyi v\u00e9d\u0151- \u00e9s kock\u00e1zati t\u00e9nyez\u0151ik felt\u00e1r\u00e1s\u00e1val eg\u00e9szs\u00e9g\u00fcgyi szakdolgoz\u00f3k k\u00f6r\u00e9ben. Orvosi Hetilap 2015, 1288-1297.<\/li>\n<li>\u00c1d\u00e1m Sz, M\u00e9sz\u00e1ros V. A hum\u00e1n szolg\u00e1ltat\u00f3 szektorban dolgoz\u00f3k ki\u00e9g\u00e9s\u00e9nek m\u00e9r\u00e9s\u00e9re szolg\u00e1l\u00f3 Masclach Ki\u00e9g\u00e9s Lelt\u00e1r magyar v\u00e1ltozat\u00e1nak pszichometriai jellemz\u0151i \u00e9s eg\u00e9szs\u00e9g\u00fcgyi korrel\u00e1tumai orvosok k\u00f6r\u00e9ben. Ment\u00e1lhigi\u00e9n\u00e9 \u00e9s Pszichoszomatika 13, 2012, 127-144.<\/li>\n<\/ol>\n<p>&nbsp;<\/p>\n<p>&nbsp;<\/p>\n","protected":false},"excerpt":{"rendered":"<p>Pain and Psychosocial Stress Research Group Leader: Szilvia \u00c1d\u00e1m, PhD, assistant professor, J\u00e1nos Major MD, PhD, assistant lecturer E-mail: <a href=\"mailto:adam.szilvia@med.semmelweis-univ.hu%20\">adam.szilvia@med.semmelweis-univ.hu <\/a> ; <a href=\"mailto:major.janos@med.semmelweis-univ.hu\">major.janos@med.semmelweis-univ.hu<\/a> Members: Szilvia \u00c1d\u00e1m, PhD, assistant professor J\u00e1nos Major MD, PhD, assistant lecturer Bencsik Alexandra S\u00e1ra, student (Scientific Students\u2019 Asociation) Katalin Forg\u00e1cs-Krist\u00f3f, PhD student Rita Gedeonn\u00e9 Dallos , PhD student Svraka Bernadett, PhD-hallgat\u00f3, assistant lecturer &nbsp; &hellip;<\/p>\n","protected":false},"author":101277,"featured_media":0,"parent":4877,"menu_order":17,"comment_status":"closed","ping_status":"closed","template":"","meta":{"_acf_changed":false,"footnotes":""},"categories":[],"tags":[],"class_list":["post-10767","page","type-page","status-publish","hentry"],"acf":[],"_links":{"self":[{"href":"https:\/\/semmelweis.hu\/magtud\/wp-json\/wp\/v2\/pages\/10767","targetHints":{"allow":["GET"]}}],"collection":[{"href":"https:\/\/semmelweis.hu\/magtud\/wp-json\/wp\/v2\/pages"}],"about":[{"href":"https:\/\/semmelweis.hu\/magtud\/wp-json\/wp\/v2\/types\/page"}],"author":[{"embeddable":true,"href":"https:\/\/semmelweis.hu\/magtud\/wp-json\/wp\/v2\/users\/101277"}],"replies":[{"embeddable":true,"href":"https:\/\/semmelweis.hu\/magtud\/wp-json\/wp\/v2\/comments?post=10767"}],"version-history":[{"count":1,"href":"https:\/\/semmelweis.hu\/magtud\/wp-json\/wp\/v2\/pages\/10767\/revisions"}],"predecessor-version":[{"id":10768,"href":"https:\/\/semmelweis.hu\/magtud\/wp-json\/wp\/v2\/pages\/10767\/revisions\/10768"}],"up":[{"embeddable":true,"href":"https:\/\/semmelweis.hu\/magtud\/wp-json\/wp\/v2\/pages\/4877"}],"wp:attachment":[{"href":"https:\/\/semmelweis.hu\/magtud\/wp-json\/wp\/v2\/media?parent=10767"}],"wp:term":[{"taxonomy":"category","embeddable":true,"href":"https:\/\/semmelweis.hu\/magtud\/wp-json\/wp\/v2\/categories?post=10767"},{"taxonomy":"post_tag","embeddable":true,"href":"https:\/\/semmelweis.hu\/magtud\/wp-json\/wp\/v2\/tags?post=10767"}],"curies":[{"name":"wp","href":"https:\/\/api.w.org\/{rel}","templated":true}]}}