{"id":10215,"date":"2021-09-21T12:48:36","date_gmt":"2021-09-21T10:48:36","guid":{"rendered":"https:\/\/semmelweis.hu\/magtud\/?page_id=10215"},"modified":"2025-11-12T11:59:20","modified_gmt":"2025-11-12T10:59:20","slug":"kiadvanyok","status":"publish","type":"page","link":"https:\/\/semmelweis.hu\/magtud\/gyogyitas\/kiadvanyok\/","title":{"rendered":"Kiadv\u00e1nyok"},"content":{"rendered":"<h4><a href=\"https:\/\/semmelweis.hu\/magtud\/files\/2021\/09\/semmelweis-postcovid-web.pdf\" target=\"_blank\" rel=\"noopener noreferrer\"><img loading=\"lazy\" decoding=\"async\" class=\"wp-image-10225 size-medium alignright\" src=\"https:\/\/semmelweis.hu\/magtud\/files\/2021\/09\/semmelweis-postcovid-webjpg_Page1-211x300.jpg\" alt=\"\" width=\"211\" height=\"300\" srcset=\"https:\/\/semmelweis.hu\/magtud\/files\/2021\/09\/semmelweis-postcovid-webjpg_Page1-211x300.jpg 211w, https:\/\/semmelweis.hu\/magtud\/files\/2021\/09\/semmelweis-postcovid-webjpg_Page1.jpg 559w\" sizes=\"auto, (max-width: 211px) 100vw, 211px\" \/><\/a><strong>COVID-on estem \u00e1t, pszichol\u00f3giai t\u00fcneteim vannak, mit tegyek?<\/strong><\/h4>\n<p><a href=\"https:\/\/semmelweis.hu\/magtud\/files\/2021\/09\/semmelweis-postcovid-web.pdf\">A COVID-on estem \u00e1t, pszichol\u00f3giai t\u00fcneteim vannak, mit tegyek? kiadv\u00e1ny let\u00f6lt\u00e9se<\/a> (pdf form\u00e1tum)<\/p>\n<p>&nbsp;<\/p>\n<hr \/>\n<h4><a href=\"https:\/\/semmelweis.hu\/magtud\/files\/2021\/09\/semmelweis-gya\u0301sz-web.pdf\" target=\"_blank\" rel=\"noopener noreferrer\"><img loading=\"lazy\" decoding=\"async\" class=\"wp-image-10226 size-medium alignright\" src=\"https:\/\/semmelweis.hu\/magtud\/files\/2021\/09\/semmelweis-gya\u0301sz-webjpg_Page1-211x300.jpg\" alt=\"\" width=\"211\" height=\"300\" srcset=\"https:\/\/semmelweis.hu\/magtud\/files\/2021\/09\/semmelweis-gya\u0301sz-webjpg_Page1-211x300.jpg 211w, https:\/\/semmelweis.hu\/magtud\/files\/2021\/09\/semmelweis-gya\u0301sz-webjpg_Page1.jpg 559w\" sizes=\"auto, (max-width: 211px) 100vw, 211px\" \/><\/a><strong>Gy\u00e1sz COVID idej\u00e9n<\/strong><\/h4>\n<p><a href=\"https:\/\/semmelweis.hu\/magtud\/files\/2021\/09\/semmelweis-gya\u0301sz-web.pdf\">A Gy\u00e1sz COVID idej\u00e9n kiadv\u00e1ny let\u00f6lt\u00e9se<\/a>(pdf form\u00e1tum)<\/p>\n<hr \/>\n<h4><a href=\"https:\/\/semmelweis.hu\/magtud\/files\/2021\/09\/semmelweis-vesztese\u0301g-web.pdf\" target=\"_blank\" rel=\"noopener noreferrer\"><img loading=\"lazy\" decoding=\"async\" class=\"wp-image-10224 size-medium alignright\" src=\"https:\/\/semmelweis.hu\/magtud\/files\/2021\/09\/semmelweis-vesztese\u0301g-webjpg_Page1-211x300.jpg\" alt=\"\" width=\"211\" height=\"300\" srcset=\"https:\/\/semmelweis.hu\/magtud\/files\/2021\/09\/semmelweis-vesztese\u0301g-webjpg_Page1-211x300.jpg 211w, https:\/\/semmelweis.hu\/magtud\/files\/2021\/09\/semmelweis-vesztese\u0301g-webjpg_Page1.jpg 559w\" sizes=\"auto, (max-width: 211px) 100vw, 211px\" \/><\/a><strong>Vesztes\u00e9g COVID idej\u00e9n<\/strong><\/h4>\n<p><a href=\"https:\/\/semmelweis.hu\/magtud\/files\/2021\/09\/semmelweis-vesztese\u0301g-web.pdf\">A Vesztes\u00e9g COVID idej\u00e9n kiadv\u00e1ny let\u00f6lt\u00e9se<\/a> (pdf form\u00e1tum)<\/p>\n","protected":false},"excerpt":{"rendered":"<p><a href=\"https:\/\/semmelweis.hu\/magtud\/files\/2021\/09\/semmelweis-postcovid-web.pdf\" target=\"_blank\" rel=\"noopener noreferrer\"><\/a>COVID-on estem \u00e1t, pszichol\u00f3giai t\u00fcneteim vannak, mit tegyek?<br \/>\n<a href=\"https:\/\/semmelweis.hu\/magtud\/files\/2021\/09\/semmelweis-postcovid-web.pdf\">A COVID-on estem \u00e1t, pszichol\u00f3giai t\u00fcneteim vannak, mit tegyek? kiadv\u00e1ny let\u00f6lt\u00e9se<\/a> (pdf form\u00e1tum)<br \/>\n&nbsp;<\/p>\n<p><a href=\"https:\/\/semmelweis.hu\/magtud\/files\/2021\/09\/semmelweis-gya\u0301sz-web.pdf\" target=\"_blank\" rel=\"noopener noreferrer\"><\/a>Gy\u00e1sz COVID idej\u00e9n<br \/>\n<a href=\"https:\/\/semmelweis.hu\/magtud\/files\/2021\/09\/semmelweis-gya\u0301sz-web.pdf\">A Gy\u00e1sz COVID idej\u00e9n kiadv\u00e1ny let\u00f6lt\u00e9se<\/a>(pdf form\u00e1tum)<\/p>\n<p><a href=\"https:\/\/semmelweis.hu\/magtud\/files\/2021\/09\/semmelweis-vesztese\u0301g-web.pdf\" target=\"_blank\" rel=\"noopener noreferrer\"><\/a>Vesztes\u00e9g COVID idej\u00e9n<br \/>\n<a href=\"https:\/\/semmelweis.hu\/magtud\/files\/2021\/09\/semmelweis-vesztese\u0301g-web.pdf\">A Vesztes\u00e9g COVID idej\u00e9n kiadv\u00e1ny let\u00f6lt\u00e9se<\/a> (pdf form\u00e1tum)<\/p>\n","protected":false},"author":110,"featured_media":0,"parent":2391,"menu_order":9,"comment_status":"closed","ping_status":"closed","template":"","meta":{"_acf_changed":false,"footnotes":""},"categories":[],"tags":[],"class_list":["post-10215","page","type-page","status-publish","hentry"],"acf":[],"_links":{"self":[{"href":"https:\/\/semmelweis.hu\/magtud\/wp-json\/wp\/v2\/pages\/10215","targetHints":{"allow":["GET"]}}],"collection":[{"href":"https:\/\/semmelweis.hu\/magtud\/wp-json\/wp\/v2\/pages"}],"about":[{"href":"https:\/\/semmelweis.hu\/magtud\/wp-json\/wp\/v2\/types\/page"}],"author":[{"embeddable":true,"href":"https:\/\/semmelweis.hu\/magtud\/wp-json\/wp\/v2\/users\/110"}],"replies":[{"embeddable":true,"href":"https:\/\/semmelweis.hu\/magtud\/wp-json\/wp\/v2\/comments?post=10215"}],"version-history":[{"count":10,"href":"https:\/\/semmelweis.hu\/magtud\/wp-json\/wp\/v2\/pages\/10215\/revisions"}],"predecessor-version":[{"id":11769,"href":"https:\/\/semmelweis.hu\/magtud\/wp-json\/wp\/v2\/pages\/10215\/revisions\/11769"}],"up":[{"embeddable":true,"href":"https:\/\/semmelweis.hu\/magtud\/wp-json\/wp\/v2\/pages\/2391"}],"wp:attachment":[{"href":"https:\/\/semmelweis.hu\/magtud\/wp-json\/wp\/v2\/media?parent=10215"}],"wp:term":[{"taxonomy":"category","embeddable":true,"href":"https:\/\/semmelweis.hu\/magtud\/wp-json\/wp\/v2\/categories?post=10215"},{"taxonomy":"post_tag","embeddable":true,"href":"https:\/\/semmelweis.hu\/magtud\/wp-json\/wp\/v2\/tags?post=10215"}],"curies":[{"name":"wp","href":"https:\/\/api.w.org\/{rel}","templated":true}]}}

Kiadványok

<h4><a href="https://semmelweis.hu/magtud/files/2021/09/semmelweis-postcovid-web.pdf" target="_blank" rel="noopener noreferrer"><img loading="lazy" decoding="async" class="wp-image-10225 size-medium alignright" src="https://semmelweis.hu/magtud/files/2021/09/semmelweis-postcovid-webjpg_Page1-211x300.jpg" alt="" width="211" height="300" srcset="https://semmelweis.hu/magtud/files/2021/09/semmelweis-postcovid-webjpg_Page1-211x300.jpg 211w, https://semmelweis.hu/magtud/files/2021/09/semmelweis-postcovid-webjpg_Page1.jpg 559w" sizes="auto, (max-width: 211px) 100vw, 211px" /></a><strong>COVID-on estem át, pszichológiai tüneteim vannak, mit tegyek?</strong></h4>
<p><a href="https://semmelweis.hu/magtud/files/2021/09/semmelweis-postcovid-web.pdf">A COVID-on estem át, pszichológiai tüneteim vannak, mit tegyek? kiadvány letöltése</a> (pdf formátum)</p>
<p>&nbsp;</p>
<hr />
<h4><a href="https://semmelweis.hu/magtud/files/2021/09/semmelweis-gyász-web.pdf" target="_blank" rel="noopener noreferrer"><img loading="lazy" decoding="async" class="wp-image-10226 size-medium alignright" src="https://semmelweis.hu/magtud/files/2021/09/semmelweis-gyász-webjpg_Page1-211x300.jpg" alt="" width="211" height="300" srcset="https://semmelweis.hu/magtud/files/2021/09/semmelweis-gyász-webjpg_Page1-211x300.jpg 211w, https://semmelweis.hu/magtud/files/2021/09/semmelweis-gyász-webjpg_Page1.jpg 559w" sizes="auto, (max-width: 211px) 100vw, 211px" /></a><strong>Gyász COVID idején</strong></h4>
<p><a href="https://semmelweis.hu/magtud/files/2021/09/semmelweis-gyász-web.pdf">A Gyász COVID idején kiadvány letöltése</a>(pdf formátum)</p>
<hr />
<h4><a href="https://semmelweis.hu/magtud/files/2021/09/semmelweis-veszteség-web.pdf" target="_blank" rel="noopener noreferrer"><img loading="lazy" decoding="async" class="wp-image-10224 size-medium alignright" src="https://semmelweis.hu/magtud/files/2021/09/semmelweis-veszteség-webjpg_Page1-211x300.jpg" alt="" width="211" height="300" srcset="https://semmelweis.hu/magtud/files/2021/09/semmelweis-veszteség-webjpg_Page1-211x300.jpg 211w, https://semmelweis.hu/magtud/files/2021/09/semmelweis-veszteség-webjpg_Page1.jpg 559w" sizes="auto, (max-width: 211px) 100vw, 211px" /></a><strong>Veszteség COVID idején</strong></h4>
<p><a href="https://semmelweis.hu/magtud/files/2021/09/semmelweis-veszteség-web.pdf">A Veszteség COVID idején kiadvány letöltése</a> (pdf formátum)</p>

<p><a href="https://semmelweis.hu/magtud/files/2021/09/semmelweis-postcovid-web.pdf" target="_blank" rel="noopener noreferrer"></a>COVID-on estem át, pszichológiai tüneteim vannak, mit tegyek?<br />
<a href="https://semmelweis.hu/magtud/files/2021/09/semmelweis-postcovid-web.pdf">A COVID-on estem át, pszichológiai tüneteim vannak, mit tegyek? kiadvány letöltése</a> (pdf formátum)<br />
&nbsp;</p>
<p><a href="https://semmelweis.hu/magtud/files/2021/09/semmelweis-gyász-web.pdf" target="_blank" rel="noopener noreferrer"></a>Gyász COVID idején<br />
<a href="https://semmelweis.hu/magtud/files/2021/09/semmelweis-gyász-web.pdf">A Gyász COVID idején kiadvány letöltése</a>(pdf formátum)</p>
<p><a href="https://semmelweis.hu/magtud/files/2021/09/semmelweis-veszteség-web.pdf" target="_blank" rel="noopener noreferrer"></a>Veszteség COVID idején<br />
<a href="https://semmelweis.hu/magtud/files/2021/09/semmelweis-veszteség-web.pdf">A Veszteség COVID idején kiadvány letöltése</a> (pdf formátum)</p>
