{"id":92,"date":"2014-03-05T14:55:06","date_gmt":"2014-03-05T14:55:06","guid":{"rendered":"http:\/\/semmelweis.hu\/leveltar\/?page_id=92"},"modified":"2014-03-05T14:57:25","modified_gmt":"2014-03-05T14:57:25","slug":"masolatkeszites-arai","status":"publish","type":"page","link":"https:\/\/semmelweis.hu\/leveltar\/szolgaltatasok\/kutatoszolgalat\/masolatkeszites-arai\/","title":{"rendered":"M\u00e1solatk\u00e9sz\u00edt\u00e9s \u00e1rai"},"content":{"rendered":"<p><strong>Lev\u00e9lt\u00e1ri m\u00e1solatk\u00e9sz\u00edt\u00e9s szab\u00e1lya \u00e9s d\u00edjszab\u00e1sa\u00a0a Semmelweis Egyetem Lev\u00e9lt\u00e1r\u00e1ban<\/strong><\/p>\n<p>1. Lev\u00e9lt\u00e1ri anyagr\u00f3l a vonatkoz\u00f3 t\u00f6rv\u00e9nyek \u00e9s jogszab\u00e1lyok szerint, az anyagv\u00e9delem szempontjainak betart\u00e1s\u00e1val k\u00e9sz\u00edthet\u0151 f\u00e9nym\u00e1solat vagy fot\u00f3m\u00e1solat.<br \/>\n2. A lev\u00e9lt\u00e1ri dokumentumok f\u00e9nym\u00e1sol\u00e1s\u00e1t, fot\u00f3z\u00e1s\u00e1t a lev\u00e9lt\u00e1r vezet\u0151je alkalmank\u00e9nt enged\u00e9lyezi.<br \/>\n3. Lev\u00e9lt\u00e1ri m\u00e1solatok \u00e1ra a kif\u00fcggesztett \u00e9s al\u00e1bb k\u00f6vetkez\u0151 d\u00edjszab\u00e1s szerint fizetend\u0151. Anonimiz\u00e1lt m\u00e1solatok d\u00edja k\u00e9t \u00e9s f\u00e9lszeres.<br \/>\n4. M\u00e1sol\u00e1sra dokumentum a lev\u00e9lt\u00e1rb\u00f3l nem vihet\u0151 ki. F\u00e9nyk\u00e9p k\u00e9sz\u00edt\u00e9se csak a helysz\u00ednen lehets\u00e9ges, a megrendel\u0151 terh\u00e9re.<br \/>\n5. A megjelentet\u00e9s sz\u00e1nd\u00e9k\u00e1val k\u00e9sz\u00fclt dokumentumm\u00e1solatok (irat, f\u00e9nyk\u00e9p, stb.) felhaszn\u00e1l\u00e1si d\u00edja alkalomszer\u0171en ker\u00fcl meg\u00e1llap\u00edt\u00e1sra.<br \/>\n6. A lev\u00e9lt\u00e1r megtagadhatja a m\u00e1solatk\u00e9sz\u00edt\u00e9st, ha reprodukci\u00f3s elj\u00e1r\u00e1s vagy annak gyakoris\u00e1ga a lev\u00e9lt\u00e1ri anyag fizikai \u00e1llapot\u00e1t k\u00e1ros\u00edtja, \u00e9ps\u00e9gben t\u00f6rt\u00e9n\u0151 fennmarad\u00e1s\u00e1t vesz\u00e9lyezteti. Ilyen esetben az anyagr\u00f3l f\u00e9nyk\u00e9pfelv\u00e9telek k\u00e9sz\u00edt\u00e9s\u00e9t a lev\u00e9lt\u00e1r vezet\u0151je enged\u00e9lyezheti.<br \/>\n7. A megrendelt f\u00e9nym\u00e1solatok \u00e1r\u00e1t k\u00e9szp\u00e9nzben helyben kell befizetni, k\u00e9r\u00e9sre a Gazdas\u00e1gi Hivatal sz\u00e1ml\u00e1t \u00e1ll\u00edt ki.<br \/>\n8. M\u00e1solatk\u00e9sz\u00edt\u00e9s hat\u00e1rideje 1 munkanap.<\/p>\n<p><strong>Lev\u00e9lt\u00e1ri dokumentumokr\u00f3l k\u00e9sz\u00edtett f\u00e9nym\u00e1solatok d\u00edjszab\u00e1sa (brutt\u00f3 \u00e1r):<br \/>\n<\/strong>A\/4 \u00a030 Ft\/oldal<\/p>\n<p><strong> Anonimiz\u00e1lt m\u00e1solat:<\/strong><br \/>\nA\/4 \u00a075 Ft\/oldal<\/p>\n<p><strong>Lev\u00e9lt\u00e1ri dokumentum szkennel\u00e9se (brutt\u00f3 \u00e1r):<\/strong><br \/>\n200 Ft\/k\u00e9p<\/p>\n<p><strong>Digit\u00e1lis f\u00e9nyk\u00e9p k\u00e9sz\u00edt\u00e9se 200 dpi (brutt\u00f3 \u00e1r):<\/strong><br \/>\n100 Ft\/felv.<br \/>\n50 db f\u00f6l\u00f6tt: 50 Ft\/felv.<br \/>\n+ cd-re \u00edr\u00e1s d\u00edja 250 Ft\/cd<br \/>\n+dvd-re \u00edr\u00e1s d\u00edja 450 Ft\/dvd<\/p>\n","protected":false},"excerpt":{"rendered":"<p>Lev\u00e9lt\u00e1ri m\u00e1solatk\u00e9sz\u00edt\u00e9s szab\u00e1lya \u00e9s d\u00edjszab\u00e1sa\u00a0a Semmelweis Egyetem Lev\u00e9lt\u00e1r\u00e1ban 1. Lev\u00e9lt\u00e1ri anyagr\u00f3l a vonatkoz\u00f3 t\u00f6rv\u00e9nyek \u00e9s jogszab\u00e1lyok szerint, az anyagv\u00e9delem szempontjainak betart\u00e1s\u00e1val k\u00e9sz\u00edthet\u0151 f\u00e9nym\u00e1solat vagy fot\u00f3m\u00e1solat. 2. A lev\u00e9lt\u00e1ri dokumentumok f\u00e9nym\u00e1sol\u00e1s\u00e1t, fot\u00f3z\u00e1s\u00e1t a lev\u00e9lt\u00e1r vezet\u0151je alkalmank\u00e9nt enged\u00e9lyezi. 3. Lev\u00e9lt\u00e1ri m\u00e1solatok \u00e1ra a kif\u00fcggesztett \u00e9s al\u00e1bb k\u00f6vetkez\u0151 d\u00edjszab\u00e1s szerint fizetend\u0151. Anonimiz\u00e1lt m\u00e1solatok d\u00edja k\u00e9t \u00e9s f\u00e9lszeres. 4. &hellip;<\/p>\n","protected":false},"author":12,"featured_media":0,"parent":83,"menu_order":1,"comment_status":"closed","ping_status":"open","template":"","meta":{"_acf_changed":false,"footnotes":""},"categories":[],"tags":[],"class_list":["post-92","page","type-page","status-publish","hentry"],"acf":[],"_links":{"self":[{"href":"https:\/\/semmelweis.hu\/leveltar\/wp-json\/wp\/v2\/pages\/92","targetHints":{"allow":["GET"]}}],"collection":[{"href":"https:\/\/semmelweis.hu\/leveltar\/wp-json\/wp\/v2\/pages"}],"about":[{"href":"https:\/\/semmelweis.hu\/leveltar\/wp-json\/wp\/v2\/types\/page"}],"author":[{"embeddable":true,"href":"https:\/\/semmelweis.hu\/leveltar\/wp-json\/wp\/v2\/users\/12"}],"replies":[{"embeddable":true,"href":"https:\/\/semmelweis.hu\/leveltar\/wp-json\/wp\/v2\/comments?post=92"}],"version-history":[{"count":2,"href":"https:\/\/semmelweis.hu\/leveltar\/wp-json\/wp\/v2\/pages\/92\/revisions"}],"predecessor-version":[{"id":98,"href":"https:\/\/semmelweis.hu\/leveltar\/wp-json\/wp\/v2\/pages\/92\/revisions\/98"}],"up":[{"embeddable":true,"href":"https:\/\/semmelweis.hu\/leveltar\/wp-json\/wp\/v2\/pages\/83"}],"wp:attachment":[{"href":"https:\/\/semmelweis.hu\/leveltar\/wp-json\/wp\/v2\/media?parent=92"}],"wp:term":[{"taxonomy":"category","embeddable":true,"href":"https:\/\/semmelweis.hu\/leveltar\/wp-json\/wp\/v2\/categories?post=92"},{"taxonomy":"post_tag","embeddable":true,"href":"https:\/\/semmelweis.hu\/leveltar\/wp-json\/wp\/v2\/tags?post=92"}],"curies":[{"name":"wp","href":"https:\/\/api.w.org\/{rel}","templated":true}]}}