{"id":162,"date":"2014-03-20T15:38:06","date_gmt":"2014-03-20T15:38:06","guid":{"rendered":"http:\/\/semmelweis.hu\/leveltar\/?page_id=162"},"modified":"2014-03-20T15:38:06","modified_gmt":"2014-03-20T15:38:06","slug":"szolgaltatasok","status":"publish","type":"page","link":"https:\/\/semmelweis.hu\/leveltar\/szolgaltatasok\/","title":{"rendered":"Szolg\u00e1ltat\u00e1sok"},"content":{"rendered":"<h2>Kutat\u00f3szolg\u00e1lat<\/h2>\n<p>Lev\u00e9lt\u00e1runk nyilv\u00e1nos, \u00edgy a vonatkoz\u00f3 jogszab\u00e1lyok betart\u00e1sa mellett anyagaink b\u00e1rki sz\u00e1m\u00e1ra hozz\u00e1f\u00e9rhet\u0151k. A kutat\u00e1s a K\u00f6ziratokr\u00f3l, k\u00f6zlev\u00e9lt\u00e1rakr\u00f3l \u00e9s mag\u00e1nlev\u00e9lt\u00e1ri anyag v\u00e9delm\u00e9r\u0151l sz\u00f3l\u00f3 1995. \u00e9vi LXVI. tv., \u00e9s a Szem\u00e9lyes adatok v\u00e9delm\u00e9r\u0151l \u00e9s a k\u00f6z\u00e9rdek\u0171 adatok nyilv\u00e1noss\u00e1g\u00e1r\u00f3l sz\u00f3l\u00f3 1992. \u00e9vi LXIII. tv. alapj\u00e1n t\u00f6rt\u00e9nik. A kutat\u00e1s felt\u00e9teleit a lev\u00e9lt\u00e1r kutat\u00e1si szab\u00e1lyzata tartalmazza.<\/p>\n<p><a title=\"Kutat\u00f3szolg\u00e1lat\" href=\"https:\/\/semmelweis.hu\/leveltar\/kutatoszolgalat\/\">A szolg\u00e1ltat\u00e1s r\u00e9szletes le\u00edr\u00e1sa<\/a><\/p>\n<h2>\u00dcgyf\u00e9lszolg\u00e1lat<\/h2>\n<p>A lev\u00e9lt\u00e1r a kutat\u00f3szolg\u00e1lat mellett adatszolg\u00e1ltat\u00e1st v\u00e9gez egyetemen k\u00edv\u00fclr\u0151l, illetve az egyetem szervezeti egys\u00e9geib\u0151l \u00e9rkez\u0151 megkeres\u00e9sekre. \u00c9vente \u00e1tlagosan 100-130 \u00fcgyf\u00e9lszolg\u00e1lati megkeres\u00e9s \u00e9rkezik hozz\u00e1nk. Ezek jelent\u0151s r\u00e9sze a nyugd\u00edj meg\u00e1llap\u00edt\u00e1shoz sz\u00fcks\u00e9ges tanulm\u00e1nyi, esetleg munkaid\u0151 igazol\u00e1s, melyeket vagy a nyugd\u00edjbiztos\u00edt\u00f3 vagy k\u00f6zvetlen\u00fcl az \u00e9rintett \u00fcgyf\u00e9l k\u00e9r t\u0151l\u00fcnk. Ezen igazol\u00e1sok d\u00edjtalan ki\u00e1ll\u00edt\u00e1sa az int\u00e9zm\u00e9ny (egyetem) t\u00f6rv\u00e9nyben r\u00f6gz\u00edtett k\u00f6teless\u00e9ge. Az \u00fcgyf\u00e9lszolg\u00e1lat fennmarad\u00f3 r\u00e9sz\u00e9t z\u00f6mmel az egyetem t\u00f6rt\u00e9net\u00e9vel, tudom\u00e1nyt\u00f6rt\u00e9nettel vagy csal\u00e1dkutat\u00e1ssal kapcsolatos \u00fcgyek teszik ki. Az egyetem szervezeti egys\u00e9gei rendszeresen fordulnak hozz\u00e1nk iratkezel\u00e9ssel, f\u0151k\u00e9nt azok selejtez\u00e9s\u00e9vel kapcsolatos probl\u00e9m\u00e1kkal.<\/p>\n","protected":false},"excerpt":{"rendered":"<p>Kutat\u00f3szolg\u00e1lat Lev\u00e9lt\u00e1runk nyilv\u00e1nos, \u00edgy a vonatkoz\u00f3 jogszab\u00e1lyok betart\u00e1sa mellett anyagaink b\u00e1rki sz\u00e1m\u00e1ra hozz\u00e1f\u00e9rhet\u0151k. A kutat\u00e1s a K\u00f6ziratokr\u00f3l, k\u00f6zlev\u00e9lt\u00e1rakr\u00f3l \u00e9s mag\u00e1nlev\u00e9lt\u00e1ri anyag v\u00e9delm\u00e9r\u0151l sz\u00f3l\u00f3 1995. \u00e9vi LXVI. tv., \u00e9s a Szem\u00e9lyes adatok v\u00e9delm\u00e9r\u0151l \u00e9s a k\u00f6z\u00e9rdek\u0171 adatok nyilv\u00e1noss\u00e1g\u00e1r\u00f3l sz\u00f3l\u00f3 1992. \u00e9vi LXIII. tv. alapj\u00e1n t\u00f6rt\u00e9nik. A kutat\u00e1s felt\u00e9teleit a lev\u00e9lt\u00e1r kutat\u00e1si szab\u00e1lyzata tartalmazza. <a title=\"Kutat\u00f3szolg\u00e1lat\" href=\"https:\/\/semmelweis.hu\/leveltar\/kutatoszolgalat\/\">A szolg\u00e1ltat\u00e1s r\u00e9szletes le\u00edr\u00e1sa<\/a> \u00dcgyf\u00e9lszolg\u00e1lat A lev\u00e9lt\u00e1r &hellip;<\/p>\n","protected":false},"author":1,"featured_media":0,"parent":0,"menu_order":0,"comment_status":"closed","ping_status":"closed","template":"","meta":{"_acf_changed":false,"footnotes":""},"categories":[],"tags":[],"class_list":["post-162","page","type-page","status-publish","hentry"],"acf":[],"_links":{"self":[{"href":"https:\/\/semmelweis.hu\/leveltar\/wp-json\/wp\/v2\/pages\/162","targetHints":{"allow":["GET"]}}],"collection":[{"href":"https:\/\/semmelweis.hu\/leveltar\/wp-json\/wp\/v2\/pages"}],"about":[{"href":"https:\/\/semmelweis.hu\/leveltar\/wp-json\/wp\/v2\/types\/page"}],"author":[{"embeddable":true,"href":"https:\/\/semmelweis.hu\/leveltar\/wp-json\/wp\/v2\/users\/1"}],"replies":[{"embeddable":true,"href":"https:\/\/semmelweis.hu\/leveltar\/wp-json\/wp\/v2\/comments?post=162"}],"version-history":[{"count":1,"href":"https:\/\/semmelweis.hu\/leveltar\/wp-json\/wp\/v2\/pages\/162\/revisions"}],"predecessor-version":[{"id":163,"href":"https:\/\/semmelweis.hu\/leveltar\/wp-json\/wp\/v2\/pages\/162\/revisions\/163"}],"wp:attachment":[{"href":"https:\/\/semmelweis.hu\/leveltar\/wp-json\/wp\/v2\/media?parent=162"}],"wp:term":[{"taxonomy":"category","embeddable":true,"href":"https:\/\/semmelweis.hu\/leveltar\/wp-json\/wp\/v2\/categories?post=162"},{"taxonomy":"post_tag","embeddable":true,"href":"https:\/\/semmelweis.hu\/leveltar\/wp-json\/wp\/v2\/tags?post=162"}],"curies":[{"name":"wp","href":"https:\/\/api.w.org\/{rel}","templated":true}]}}