{"id":126,"date":"2014-03-07T14:34:25","date_gmt":"2014-03-07T14:34:25","guid":{"rendered":"http:\/\/semmelweis.hu\/leveltar\/?page_id=126"},"modified":"2023-09-28T15:14:03","modified_gmt":"2023-09-28T15:14:03","slug":"ugrodeszka","status":"publish","type":"page","link":"https:\/\/semmelweis.hu\/leveltar\/ugrodeszka\/","title":{"rendered":"Ugr\u00f3deszka"},"content":{"rendered":"<ul>\n<li><a href=\"http:\/\/www.leveltar.lap.hu\" target=\"_blank\" rel=\"noopener\">Lev\u00e9lt\u00e1rak gy\u0171jt\u0151lapja<\/a><\/li>\n<li><a href=\"http:\/\/www.leveltaros.hu\" target=\"_blank\" rel=\"noopener\">Magyar Lev\u00e9lt\u00e1rosok Egyes\u00fclete<\/a><\/li>\n<li><a href=\"http:\/\/www.mflsz.hu\" target=\"_blank\" rel=\"noopener\">Magyar Fels\u0151oktat\u00e1si Lev\u00e9lt\u00e1ri Sz\u00f6vets\u00e9g<\/a><\/li>\n<li><a href=\"https:\/\/mnl.gov.hu\/\">Magyar Orsz\u00e1gos Lev\u00e9lt\u00e1r<\/a><\/li>\n<li><a href=\"http:\/\/www.uni-corvinus.hu\/index.php?id=8528\" target=\"_blank\" rel=\"noopener\">Budapesti Corvinus Egyetem Lev\u00e9lt\u00e1ra<\/a><\/li>\n<li><a href=\"https:\/\/www.omikk.bme.hu\/leveltar\">Budapesti M\u0171szaki \u00e9s Gazdas\u00e1gtudom\u00e1nyi Egyetem Lev\u00e9lt\u00e1ra<\/a><\/li>\n<li><a href=\"https:\/\/konyvtar.elte.hu\/hu\/egyetemi-konyvtar-es-leveltar\">ELTE Egyetemi K\u00f6nyvt\u00e1r \u00e9s Lev\u00e9lt\u00e1r<\/a><\/li>\n<li><a href=\"http:\/\/helix.uni-corvinus.hu\/\" target=\"_blank\" rel=\"noopener\">Magyar Agr\u00e1r- \u00e9s \u00c9lettudom\u00e1nyi Egyetem Entz Ferenc K\u00f6nyvt\u00e1r \u00e9s Lev\u00e9lt\u00e1r<\/a><\/li>\n<li><a href=\"http:\/\/leveltar.uni-miskolc.hu\/\" target=\"_blank\" rel=\"noopener\">Miskolci Egyetem Lev\u00e9lt\u00e1ra<\/a><\/li>\n<li><a href=\"https:\/\/library.uni-pannon.hu\/index.php?lang=hu\">Pannon Egyetem K\u00f6nyvt\u00e1r \u00e9s Tud\u00e1sk\u00f6zpont (Veszpr\u00e9m)<\/a><\/li>\n<li><a href=\"http:\/\/leveltar.pte.hu\/\" target=\"_blank\" rel=\"noopener\">P\u00e9csi Tudom\u00e1nyegyetem Lev\u00e9lt\u00e1ra<\/a><\/li>\n<li><a href=\"http:\/\/ilex.efe.hu\/\" target=\"_blank\" rel=\"noopener\">Soproni Egyetem K\u00f6zponti K\u00f6nyvt\u00e1r \u00e9s Lev\u00e9lt\u00e1r<\/a><\/li>\n<li><a href=\"http:\/\/www.baratikor.sote.hu\/\" target=\"_blank\" rel=\"noopener\">Semmelweis Egyetem Bar\u00e1ti K\u00f6re<\/a><\/li>\n<li><a href=\"http:\/\/www.mflsz.hu\/hu\/2012\/01\/25\/sztl\/\">Szegedi Tudom\u00e1nyegyetem Lev\u00e9lt\u00e1ra<\/a><\/li>\n<li><a href=\"https:\/\/sze-leveltar.tumblr.com\/\">Sz\u00e9chenyi Istv\u00e1n Egyetem Lev\u00e9lt\u00e1ra<\/a><\/li>\n<\/ul>\n","protected":false},"excerpt":{"rendered":"<p><a href=\"http:\/\/www.leveltar.lap.hu\" target=\"_blank\" rel=\"noopener\">Lev\u00e9lt\u00e1rak gy\u0171jt\u0151lapja<\/a><br \/>\n<a href=\"http:\/\/www.leveltaros.hu\" target=\"_blank\" rel=\"noopener\">Magyar Lev\u00e9lt\u00e1rosok Egyes\u00fclete<\/a><br \/>\n<a href=\"http:\/\/www.mflsz.hu\" target=\"_blank\" rel=\"noopener\">Magyar Fels\u0151oktat\u00e1si Lev\u00e9lt\u00e1ri Sz\u00f6vets\u00e9g<\/a><br \/>\n<a href=\"https:\/\/mnl.gov.hu\/\">Magyar Orsz\u00e1gos Lev\u00e9lt\u00e1r<\/a><br \/>\n<a href=\"http:\/\/www.uni-corvinus.hu\/index.php?id=8528\" target=\"_blank\" rel=\"noopener\">Budapesti Corvinus Egyetem Lev\u00e9lt\u00e1ra<\/a><br \/>\n<a href=\"https:\/\/www.omikk.bme.hu\/leveltar\">Budapesti M\u0171szaki \u00e9s Gazdas\u00e1gtudom\u00e1nyi Egyetem Lev\u00e9lt\u00e1ra<\/a><br \/>\n<a href=\"https:\/\/konyvtar.elte.hu\/hu\/egyetemi-konyvtar-es-leveltar\">ELTE Egyetemi K\u00f6nyvt\u00e1r \u00e9s Lev\u00e9lt\u00e1r<\/a><br \/>\n<a href=\"http:\/\/helix.uni-corvinus.hu\/\" target=\"_blank\" rel=\"noopener\">Magyar Agr\u00e1r- \u00e9s \u00c9lettudom\u00e1nyi Egyetem Entz Ferenc K\u00f6nyvt\u00e1r \u00e9s Lev\u00e9lt\u00e1r<\/a><br \/>\n<a href=\"http:\/\/leveltar.uni-miskolc.hu\/\" target=\"_blank\" rel=\"noopener\">Miskolci Egyetem Lev\u00e9lt\u00e1ra<\/a><br \/>\n<a href=\"https:\/\/library.uni-pannon.hu\/index.php?lang=hu\">Pannon Egyetem K\u00f6nyvt\u00e1r \u00e9s Tud\u00e1sk\u00f6zpont (Veszpr\u00e9m)<\/a><br \/>\n<a href=\"http:\/\/leveltar.pte.hu\/\" target=\"_blank\" rel=\"noopener\">P\u00e9csi Tudom\u00e1nyegyetem Lev\u00e9lt\u00e1ra<\/a><br \/>\n<a href=\"http:\/\/ilex.efe.hu\/\" target=\"_blank\" rel=\"noopener\">Soproni Egyetem K\u00f6zponti K\u00f6nyvt\u00e1r \u00e9s Lev\u00e9lt\u00e1r<\/a><br \/>\n<a href=\"http:\/\/www.baratikor.sote.hu\/\" target=\"_blank\" rel=\"noopener\">Semmelweis Egyetem Bar\u00e1ti K\u00f6re<\/a><br \/>\n<a href=\"http:\/\/www.mflsz.hu\/hu\/2012\/01\/25\/sztl\/\">Szegedi Tudom\u00e1nyegyetem Lev\u00e9lt\u00e1ra<\/a><br \/>\n<a href=\"https:\/\/sze-leveltar.tumblr.com\/\">Sz\u00e9chenyi Istv\u00e1n Egyetem Lev\u00e9lt\u00e1ra<\/a><\/p>\n","protected":false},"author":12,"featured_media":0,"parent":0,"menu_order":0,"comment_status":"closed","ping_status":"open","template":"","meta":{"_acf_changed":false,"footnotes":""},"categories":[],"tags":[],"class_list":["post-126","page","type-page","status-publish","hentry"],"acf":[],"_links":{"self":[{"href":"https:\/\/semmelweis.hu\/leveltar\/wp-json\/wp\/v2\/pages\/126","targetHints":{"allow":["GET"]}}],"collection":[{"href":"https:\/\/semmelweis.hu\/leveltar\/wp-json\/wp\/v2\/pages"}],"about":[{"href":"https:\/\/semmelweis.hu\/leveltar\/wp-json\/wp\/v2\/types\/page"}],"author":[{"embeddable":true,"href":"https:\/\/semmelweis.hu\/leveltar\/wp-json\/wp\/v2\/users\/12"}],"replies":[{"embeddable":true,"href":"https:\/\/semmelweis.hu\/leveltar\/wp-json\/wp\/v2\/comments?post=126"}],"version-history":[{"count":10,"href":"https:\/\/semmelweis.hu\/leveltar\/wp-json\/wp\/v2\/pages\/126\/revisions"}],"predecessor-version":[{"id":653,"href":"https:\/\/semmelweis.hu\/leveltar\/wp-json\/wp\/v2\/pages\/126\/revisions\/653"}],"wp:attachment":[{"href":"https:\/\/semmelweis.hu\/leveltar\/wp-json\/wp\/v2\/media?parent=126"}],"wp:term":[{"taxonomy":"category","embeddable":true,"href":"https:\/\/semmelweis.hu\/leveltar\/wp-json\/wp\/v2\/categories?post=126"},{"taxonomy":"post_tag","embeddable":true,"href":"https:\/\/semmelweis.hu\/leveltar\/wp-json\/wp\/v2\/tags?post=126"}],"curies":[{"name":"wp","href":"https:\/\/api.w.org\/{rel}","templated":true}]}}