{"id":120,"date":"2014-03-07T13:27:38","date_gmt":"2014-03-07T13:27:38","guid":{"rendered":"http:\/\/semmelweis.hu\/leveltar\/?page_id=120"},"modified":"2024-04-12T08:04:33","modified_gmt":"2024-04-12T08:04:33","slug":"elodintezmenyek","status":"publish","type":"page","link":"https:\/\/semmelweis.hu\/leveltar\/altalanos-informaciok\/a-leveltar-tortenete\/elodintezmenyek\/","title":{"rendered":"El\u0151dint\u00e9zm\u00e9nyek"},"content":{"rendered":"<p>A budapesti egyetemi orvostudom\u00e1nyi kar, k\u00e9s\u0151bb orvosegyetem el\u0151dint\u00e9zm\u00e9nyei<\/p>\n<p>Egyetem\u00fcnk t\u00f6bb mint 250 \u00e9ves t\u00f6rt\u00e9nete sor\u00e1n csak k\u00e9t komoly szervezeti \u00e1talak\u00edt\u00e1st \u00e9lt \u00e1t, mindkett\u0151t a 20. sz\u00e1zadban. Az 1951-es \u00f6n\u00e1ll\u00f3s\u00edt\u00e1skor, majd a 2000. \u00e9vi integr\u00e1ci\u00f3 idej\u00e9n. A t\u00f6bbi n\u00e9vv\u00e1ltoz\u00e1st r\u00e9szben sz\u00e9khelyv\u00e1lt\u00e1s, r\u00e9szben a fenntart\u00f3 vagy a politikai rendszer v\u00e1ltoz\u00e1sa, r\u00e9szben n\u00e9vfelv\u00e9tel stb. eredm\u00e9nyezte, mik\u00f6zben az int\u00e9zm\u00e9ny mindv\u00e9gig v\u00e1ltozatlan maradt. Az al\u00e1bbi kronol\u00f3gi\u00e1ban ezeket a fordul\u00f3pontokat tekintj\u00fck \u00e1t.<\/p>\n<p>1769. november 7. M\u00e1ria Ter\u00e9zia kir\u00e1lyn\u0151 elrendeli a nagyszombati egyetem orvosi karral t\u00f6rt\u00e9n\u0151 kieg\u00e9sz\u00edt\u00e9s\u00e9t. R\u00f6viddel el\u0151bb, j\u00falius 17-\u00e9n az egyetemet kir\u00e1lyi rangra emelte, vagyis a jezsuita rendt\u0151l \u00e1llami kezel\u00e9sbe vette \u00e1t.<br \/>\n1770. november 29. Egy \u00e9vi szervez\u00e9s ut\u00e1n az egyetem orvosi kara megkezdte m\u0171k\u00f6d\u00e9s\u00e9t Nagyszombat v\u00e1ros\u00e1ban.<br \/>\n1777 nyar\u00e1n az egyetem, a kir\u00e1lyn\u0151 d\u00f6nt\u00e9se \u00e9rtelm\u00e9ben Bud\u00e1ra helyezte \u00e1t sz\u00e9khely\u00e9t. Az 1780. m\u00e1rcius 25-i nagy adom\u00e1nylev\u00e9lben (Diploma Inaugurale) m\u00e1r Regia Universitas Budensis, Budai Kir\u00e1lyi Egyetem n\u00e9ven eml\u00edtik.<br \/>\n1784-ben II. J\u00f3zsef tov\u00e1bbk\u00f6lt\u00f6ztette az egyetemet Pestre, hogy az helyet adjon a Bud\u00e1ra telep\u00edtett korm\u00e1nyhivataloknak. A k\u00f6lt\u00f6z\u00e9s mellett azt is elrendelte, hogy az elnevez\u00e9sben ne a pesti (&#8222;Pestiensis&#8221;), hanem a magyar (&#8222;Hungarica&#8221;) sz\u00f3 szerepeljen.<br \/>\n1848 \u00e1prilis. Az egyetemr\u0151l rendelkez\u0151 XIX. t\u00f6rv\u00e9ny a kir\u00e1lyi jelz\u0151t elhagyva Magyar Egyetemr\u0151l besz\u00e9lt.<br \/>\n1849-ben, a szabads\u00e1gharc lever\u00e9se ut\u00e1n a Cs\u00e1sz\u00e1ri \u00e9s Kir\u00e1lyi Pesti Egyetem elnevez\u00e9s lett k\u00f6telez\u0151.<br \/>\n1861. A Magyar kir\u00e1lyi Tudom\u00e1nyegyetem elnevez\u00e9s v\u00e1lik haszn\u00e1latoss\u00e1.<br \/>\n1873. Budapest egyes\u00edt\u00e9s\u00e9nek hat\u00e1s\u00e1ra az egyetem \u00faj elnevez\u00e9se Budapesti kir\u00e1lyi magyar Tudom\u00e1nyegyetem lett. A helymegjel\u00f6l\u00e9s m\u00e1r 1872-ben id\u0151szer\u0171v\u00e9 v\u00e1lt, mivel ekkor alakult meg Kolozsv\u00e1rott az orsz\u00e1g m\u00e1sodik tudom\u00e1nyegyeteme, de tekintettel l\u00e9v\u00e9n a m\u00e1r folyamatban l\u00e9v\u0151 v\u00e1rosegyes\u00edt\u00e9sre, a n\u00e9vv\u00e1ltoztat\u00e1ssal megv\u00e1rt\u00e1k annak v\u00e9grehajt\u00e1s\u00e1t.<br \/>\n1918 novembere \u00e9s 1919 augusztusa k\u00f6z\u00f6tt ism\u00e9t elhagyj\u00e1k a kir\u00e1lyi jelz\u0151t, \u00e9s a Budapesti Magyar Tudom\u00e1nyegyetem elnevez\u00e9st haszn\u00e1lj\u00e1k.<br \/>\n1919 augusztus ut\u00e1n visszat\u00e9r az 1873-as n\u00e9vv\u00e1ltozat, majd<br \/>\n1921. szeptember 1-j\u00e9n az egyetem felvette alap\u00edt\u00f3ja, P\u00e1zm\u00e1ny P\u00e9ter nev\u00e9t, \u00edgy az hivatalosan: Budapesti kir\u00e1lyi magyar P\u00e1zm\u00e1ny P\u00e9ter Tudom\u00e1nyegyetem.<br \/>\n1945-ben a kir\u00e1lys\u00e1g elt\u00f6rl\u00e9s\u00e9vel az egyetem elnevez\u00e9se P\u00e1zm\u00e1ny P\u00e9ter Tudom\u00e1nyegyetemre egyszer\u0171s\u00f6d\u00f6tt.<br \/>\n1950. szeptember 17-\u00e9n az Eln\u00f6ki Tan\u00e1cs rendelete \u00e9rtelm\u00e9ben az egyetem alap\u00edt\u00f3ja helyett egykori jeles tud\u00f3s-tan\u00e1ra, E\u00f6tv\u00f6s Lor\u00e1nd nev\u00e9t vette fel. \u00cdgy j\u00f6tt l\u00e9tre a ma is haszn\u00e1latos E\u00f6tv\u00f6s Lor\u00e1nd Tudom\u00e1nyegyetem elnevez\u00e9s, mely n\u00e9h\u00e1ny h\u00f3napig Orvostudom\u00e1nyi Karral is b\u00edrt.<br \/>\n1951. febru\u00e1r 1-jei hat\u00e1llyal azonban a 27\/1951. (I. 28.) MT sz\u00e1m\u00fa rendelettel az orsz\u00e1g n\u00e9gy tudom\u00e1nyegyetem\u00e9r\u0151l lev\u00e1lasztottak az orvostudom\u00e1nyi karokat, \u00e9s azokat \u00f6n\u00e1ll\u00f3 szakegyetemekk\u00e9nt az \u00fajonnan alakult Eg\u00e9szs\u00e9g\u00fcgyi Miniszt\u00e9rium fel\u00fcgyelete al\u00e1 helyezt\u00e9k. Ezzel megkezdte m\u0171k\u00f6d\u00e9s\u00e9t az egyel\u0151re egykar\u00fa Budapesti Orvostudom\u00e1nyi Egyetem, a BOTE.<br \/>\n1955. szeptember 1-j\u00e9n a BOTE-n a D\u00e9k\u00e1ni Hivatalb\u00f3l megalakult a rektor\u00e1tus, az egyetemet voltak\u00e9ppen rektori jogk\u00f6rrel vezet\u0151 d\u00e9k\u00e1nt pedig ezent\u00fal rektornak nevezt\u00e9k. Ugyanakkor h\u00e1rom kart alak\u00edtottak ki az egyetemen bel\u00fcl, akkori nev\u00fck\u00f6n: \u00c1ltal\u00e1nos Orvostudom\u00e1nyi, Fogorvosi \u00e9s Gy\u00f3gyszer\u00e9szi Kart.<br \/>\n1969. november 7-\u00e9n, alap\u00edt\u00e1s\u00e1nak 200. \u00e9vfordul\u00f3j\u00e1n az egyetem felvette egykori tan\u00e1ra, Semmelweis Ign\u00e1c nev\u00e9t. Ezzel l\u00e9trej\u00f6tt a Semmelweis Orvostudom\u00e1nyi Egyetem, vagy ahogy a napi sz\u00f3haszn\u00e1latban ma is emlegetik, a SOTE.<br \/>\n2000. janu\u00e1r 1-jei hat\u00e1llyal, hosszas integr\u00e1ci\u00f3s t\u00e1rgyal\u00e1sok eredm\u00e9nyek\u00e9nt a Haynal Imre Eg\u00e9szs\u00e9gtudom\u00e1nyi Egyetem, a Magyar Testnevel\u00e9si Egyetem \u00e9s a Semmelweis Orvostudom\u00e1nyi Egyetem egyes\u00fcl\u00e9s\u00e9vel l\u00e9trej\u00f6tt a Semmelweis Egyetem. Ez a form\u00e1ci\u00f3 nem sok\u00e1ig m\u0171k\u00f6d\u00f6tt \u00edgy, mert 2001. december 31-\u00e9n a HIETE Eg\u00e9szs\u00e9gtudom\u00e1nyi Kara kiv\u00e1lt az egyetemb\u0151l. Az itt maradt Eg\u00e9szs\u00e9g\u00fcgyi F\u0151iskolai Kar 2007 \u00f3ta haszn\u00e1lja az Eg\u00e9szs\u00e9gtudom\u00e1nyi Kar elnevez\u00e9st. Egy 2008. m\u00e1jus 29-i szen\u00e1tusi hat\u00e1rozat nyom\u00e1n j\u00f6tt l\u00e9tre az Eg\u00e9szs\u00e9g\u00fcgyi K\u00f6zszolg\u00e1lati Kar, mely 2010 janu\u00e1rj\u00e1ban kezdte meg m\u0171k\u00f6d\u00e9s\u00e9t. 2014. szeptember 1-j\u00e9n a Testnevel\u00e9si \u00e9s Sporttudom\u00e1nyi Kar is kiv\u00e1lt az egyes\u00fcl\u00e9sb\u0151l, \u00e9s \u00f6n\u00e1ll\u00f3an folytatta munk\u00e1j\u00e1t. A karok sz\u00e1ma 2017. augusztus 1-j\u00e9n emelkedett ism\u00e9t hatra, amikor a Pet\u0151 Andr\u00e1s F\u0151iskola, valamint a r\u00e9sz\u00e9t k\u00e9pez\u0151 Kondukt\u00edv Pedag\u00f3giai K\u00f6zpont, Pet\u0151 Andr\u00e1s Kar n\u00e9ven csatlakozott a Semmelweis Egyetemhez.<br \/>\n2021-ben a Semmelweis Egyetem is a modellv\u00e1lt\u00f3 fels\u0151oktat\u00e1si int\u00e9zm\u00e9nyek \u00fatj\u00e1ra l\u00e9pett. Augusztus 1-j\u00e9t\u0151l alap\u00edtv\u00e1nyi fenntart\u00e1si form\u00e1ban, k\u00f6zhaszn\u00fa egyetemk\u00e9nt m\u0171k\u00f6dik tov\u00e1bb.<\/p>\n","protected":false},"excerpt":{"rendered":"<p>A budapesti egyetemi orvostudom\u00e1nyi kar, k\u00e9s\u0151bb orvosegyetem el\u0151dint\u00e9zm\u00e9nyei Egyetem\u00fcnk t\u00f6bb mint 250 \u00e9ves t\u00f6rt\u00e9nete sor\u00e1n csak k\u00e9t komoly szervezeti \u00e1talak\u00edt\u00e1st \u00e9lt \u00e1t, mindkett\u0151t a 20. sz\u00e1zadban. Az 1951-es \u00f6n\u00e1ll\u00f3s\u00edt\u00e1skor, majd a 2000. \u00e9vi integr\u00e1ci\u00f3 idej\u00e9n. A t\u00f6bbi n\u00e9vv\u00e1ltoz\u00e1st r\u00e9szben sz\u00e9khelyv\u00e1lt\u00e1s, r\u00e9szben a fenntart\u00f3 vagy a politikai rendszer v\u00e1ltoz\u00e1sa, r\u00e9szben n\u00e9vfelv\u00e9tel stb. eredm\u00e9nyezte, mik\u00f6zben az int\u00e9zm\u00e9ny &hellip;<\/p>\n","protected":false},"author":12,"featured_media":0,"parent":112,"menu_order":0,"comment_status":"closed","ping_status":"open","template":"","meta":{"_acf_changed":false,"footnotes":""},"categories":[],"tags":[],"class_list":["post-120","page","type-page","status-publish","hentry"],"acf":[],"_links":{"self":[{"href":"https:\/\/semmelweis.hu\/leveltar\/wp-json\/wp\/v2\/pages\/120","targetHints":{"allow":["GET"]}}],"collection":[{"href":"https:\/\/semmelweis.hu\/leveltar\/wp-json\/wp\/v2\/pages"}],"about":[{"href":"https:\/\/semmelweis.hu\/leveltar\/wp-json\/wp\/v2\/types\/page"}],"author":[{"embeddable":true,"href":"https:\/\/semmelweis.hu\/leveltar\/wp-json\/wp\/v2\/users\/12"}],"replies":[{"embeddable":true,"href":"https:\/\/semmelweis.hu\/leveltar\/wp-json\/wp\/v2\/comments?post=120"}],"version-history":[{"count":6,"href":"https:\/\/semmelweis.hu\/leveltar\/wp-json\/wp\/v2\/pages\/120\/revisions"}],"predecessor-version":[{"id":687,"href":"https:\/\/semmelweis.hu\/leveltar\/wp-json\/wp\/v2\/pages\/120\/revisions\/687"}],"up":[{"embeddable":true,"href":"https:\/\/semmelweis.hu\/leveltar\/wp-json\/wp\/v2\/pages\/112"}],"wp:attachment":[{"href":"https:\/\/semmelweis.hu\/leveltar\/wp-json\/wp\/v2\/media?parent=120"}],"wp:term":[{"taxonomy":"category","embeddable":true,"href":"https:\/\/semmelweis.hu\/leveltar\/wp-json\/wp\/v2\/categories?post=120"},{"taxonomy":"post_tag","embeddable":true,"href":"https:\/\/semmelweis.hu\/leveltar\/wp-json\/wp\/v2\/tags?post=120"}],"curies":[{"name":"wp","href":"https:\/\/api.w.org\/{rel}","templated":true}]}}