{"id":116,"date":"2014-03-07T13:25:27","date_gmt":"2014-03-07T13:25:27","guid":{"rendered":"http:\/\/semmelweis.hu\/leveltar\/?page_id=116"},"modified":"2014-03-20T15:39:41","modified_gmt":"2014-03-20T15:39:41","slug":"ugyfelszolgalat","status":"publish","type":"page","link":"https:\/\/semmelweis.hu\/leveltar\/szolgaltatasok\/ugyfelszolgalat\/","title":{"rendered":"\u00dcgyf\u00e9lszolg\u00e1lat"},"content":{"rendered":"<p>A lev\u00e9lt\u00e1r a kutat\u00f3szolg\u00e1lat mellett adatszolg\u00e1ltat\u00e1st v\u00e9gez egyetemen k\u00edv\u00fclr\u0151l, illetve az egyetem szervezeti egys\u00e9geib\u0151l \u00e9rkez\u0151 megkeres\u00e9sekre. \u00c9vente \u00e1tlagosan 100-130 \u00fcgyf\u00e9lszolg\u00e1lati megkeres\u00e9s \u00e9rkezik hozz\u00e1nk. Ezek jelent\u0151s r\u00e9sze a nyugd\u00edj meg\u00e1llap\u00edt\u00e1shoz sz\u00fcks\u00e9ges tanulm\u00e1nyi, esetleg munkaid\u0151 igazol\u00e1s, melyeket vagy a nyugd\u00edjbiztos\u00edt\u00f3 vagy k\u00f6zvetlen\u00fcl az \u00e9rintett \u00fcgyf\u00e9l k\u00e9r t\u0151l\u00fcnk. Ezen igazol\u00e1sok d\u00edjtalan ki\u00e1ll\u00edt\u00e1sa az int\u00e9zm\u00e9ny (egyetem) t\u00f6rv\u00e9nyben r\u00f6gz\u00edtett k\u00f6teless\u00e9ge. Az \u00fcgyf\u00e9lszolg\u00e1lat fennmarad\u00f3 r\u00e9sz\u00e9t z\u00f6mmel az egyetem t\u00f6rt\u00e9net\u00e9vel, tudom\u00e1nyt\u00f6rt\u00e9nettel vagy csal\u00e1dkutat\u00e1ssal kapcsolatos \u00fcgyek teszik ki. Az egyetem szervezeti egys\u00e9gei rendszeresen fordulnak hozz\u00e1nk iratkezel\u00e9ssel, f\u0151k\u00e9nt azok selejtez\u00e9s\u00e9vel kapcsolatos probl\u00e9m\u00e1kkal.<\/p>\n","protected":false},"excerpt":{"rendered":"<p>A lev\u00e9lt\u00e1r a kutat\u00f3szolg\u00e1lat mellett adatszolg\u00e1ltat\u00e1st v\u00e9gez egyetemen k\u00edv\u00fclr\u0151l, illetve az egyetem szervezeti egys\u00e9geib\u0151l \u00e9rkez\u0151 megkeres\u00e9sekre. \u00c9vente \u00e1tlagosan 100-130 \u00fcgyf\u00e9lszolg\u00e1lati megkeres\u00e9s \u00e9rkezik hozz\u00e1nk. Ezek jelent\u0151s r\u00e9sze a nyugd\u00edj meg\u00e1llap\u00edt\u00e1shoz sz\u00fcks\u00e9ges tanulm\u00e1nyi, esetleg munkaid\u0151 igazol\u00e1s, melyeket vagy a nyugd\u00edjbiztos\u00edt\u00f3 vagy k\u00f6zvetlen\u00fcl az \u00e9rintett \u00fcgyf\u00e9l k\u00e9r t\u0151l\u00fcnk. Ezen igazol\u00e1sok d\u00edjtalan ki\u00e1ll\u00edt\u00e1sa az int\u00e9zm\u00e9ny (egyetem) t\u00f6rv\u00e9nyben r\u00f6gz\u00edtett k\u00f6teless\u00e9ge. &hellip;<\/p>\n","protected":false},"author":12,"featured_media":0,"parent":162,"menu_order":0,"comment_status":"closed","ping_status":"closed","template":"","meta":{"_acf_changed":false,"footnotes":""},"categories":[],"tags":[],"class_list":["post-116","page","type-page","status-publish","hentry"],"acf":[],"_links":{"self":[{"href":"https:\/\/semmelweis.hu\/leveltar\/wp-json\/wp\/v2\/pages\/116","targetHints":{"allow":["GET"]}}],"collection":[{"href":"https:\/\/semmelweis.hu\/leveltar\/wp-json\/wp\/v2\/pages"}],"about":[{"href":"https:\/\/semmelweis.hu\/leveltar\/wp-json\/wp\/v2\/types\/page"}],"author":[{"embeddable":true,"href":"https:\/\/semmelweis.hu\/leveltar\/wp-json\/wp\/v2\/users\/12"}],"replies":[{"embeddable":true,"href":"https:\/\/semmelweis.hu\/leveltar\/wp-json\/wp\/v2\/comments?post=116"}],"version-history":[{"count":1,"href":"https:\/\/semmelweis.hu\/leveltar\/wp-json\/wp\/v2\/pages\/116\/revisions"}],"predecessor-version":[{"id":117,"href":"https:\/\/semmelweis.hu\/leveltar\/wp-json\/wp\/v2\/pages\/116\/revisions\/117"}],"up":[{"embeddable":true,"href":"https:\/\/semmelweis.hu\/leveltar\/wp-json\/wp\/v2\/pages\/162"}],"wp:attachment":[{"href":"https:\/\/semmelweis.hu\/leveltar\/wp-json\/wp\/v2\/media?parent=116"}],"wp:term":[{"taxonomy":"category","embeddable":true,"href":"https:\/\/semmelweis.hu\/leveltar\/wp-json\/wp\/v2\/categories?post=116"},{"taxonomy":"post_tag","embeddable":true,"href":"https:\/\/semmelweis.hu\/leveltar\/wp-json\/wp\/v2\/tags?post=116"}],"curies":[{"name":"wp","href":"https:\/\/api.w.org\/{rel}","templated":true}]}}