{"id":112,"date":"2014-03-07T11:56:23","date_gmt":"2014-03-07T11:56:23","guid":{"rendered":"http:\/\/semmelweis.hu\/leveltar\/?page_id=112"},"modified":"2023-09-28T15:30:50","modified_gmt":"2023-09-28T15:30:50","slug":"a-leveltar-tortenete","status":"publish","type":"page","link":"https:\/\/semmelweis.hu\/leveltar\/altalanos-informaciok\/a-leveltar-tortenete\/","title":{"rendered":"A lev\u00e9lt\u00e1r t\u00f6rt\u00e9nete"},"content":{"rendered":"<p align=\"justify\">M\u00e1r el\u00f6lj\u00e1r\u00f3ban le kell sz\u00f6gezni, hogy a Semmelweis Orvostudom\u00e1nyi Egyetem azon kev\u00e9s hazai fels\u0151oktat\u00e1si int\u00e9zm\u00e9nyek k\u00f6z\u00e9 tartozik, amely t\u00f6bb mint 200 \u00e9ves m\u00faltj\u00e1r\u00f3l csaknem \u00f6sszef\u00fcgg\u0151 &#8211; ha nem is hi\u00e1nytalan &#8211; \u00e9rt\u00e9kes t\u00f6rt\u00e9neti forr\u00e1sanyaggal rendelkezik. Nem az iratanyag mennyis\u00e9ge jelent\u0151s els\u0151sorban, hanem az a t\u00e9ny, hogy fontos iratsorozatok maradtak meg a XIX. sz\u00e1zad els\u0151 fel\u00e9b\u0151l, s\u0151t m\u00e9g az orvosi kar alap\u00edt\u00e1sa k\u00f6r\u00fcli \u00e9vekb\u0151l is. A magyar egyetemek t\u00f6rt\u00e9neti forr\u00e1sai sajnos olyan nagy pusztul\u00e1sokat szenvedtek el a XX. sz\u00e1zadban, hogy a fenti t\u00e9nyt rendk\u00edv\u00fcl \u00f6rvendetesnek kell tekinten\u00fcnk.*1 A k\u00e1rosod\u00e1sok az orvoskari forr\u00e1sanyagot sem ker\u00fclt\u00e9k el, de mindenesetre kev\u00e9sb\u00e9 \u00e9rintett\u00e9k, mint az egykori k\u00f6z\u00f6s egyetem t\u00f6bbi karait. A m\u00e1sodik vil\u00e1gh\u00e1bor\u00fa el\u0151tt k\u00e9sz\u00fclt tanulm\u00e1nyokb\u00f3l kider\u00fcl, hogy a kar kezdett\u0151l fogva k\u00fcl\u00f6n \u0151rizte a tan\u00e1cs\u00fcl\u00e9sek protocollumait, s e jegyz\u0151k\u00f6nyvek m\u00e1r akkor is fontos forr\u00e1snak sz\u00e1m\u00edtottak. Sajnos a kiegyez\u00e9s el\u0151tti id\u0151szakb\u00f3l csak k\u00e9t ilyen protocollum k\u00f6tet maradt r\u00e1nk. Az iratanyagot az egyes d\u00e9k\u00e1nok m\u0171k\u00f6d\u00e9s\u00e9nek megfelel\u0151en csoportos\u00edtva \u0151rizt\u00e9k meg. M\u00e1r a XVIII. sz\u00e1zad v\u00e9g\u00e9t\u0151l iktatt\u00e1k a kar iratait,*2 de az 1770-es \u00e9vekb\u0151l is tudom\u00e1sunk van egykor\u00fa orvoskari lev\u00e9lt\u00e1ri gy\u0171jtem\u00e9nyr\u0151l.*3 A jegyz\u0151k\u00f6nyvekhez hasonl\u00f3an a kiegyez\u00e9s el\u0151tti kari iratanyag is t\u00f6bbs\u00e9g\u00e9ben elpusztult. Szerencs\u00e9re a k\u00fcl\u00f6nb\u00f6z\u0151 hallgat\u00f3i nyilv\u00e1ntart\u00e1sok, a szigorlati k\u00f6tetek \u00e9s egy\u00e9b, e repert\u00f3riumban t\u00e1rgyaland\u00f3 sorozatok sohasem ker\u00fcltek el a karr\u00f3l, s ez\u00e9rt maradtak meg napjainkig.<\/p>\n<p>Az iratanyaggal 1945 el\u0151tt a karon sem, de mag\u00e1n az egyetemen sem foglalkozott senki hivat\u00e1sszer\u0171en. Igaz, hogy m\u00e1r a sz\u00e1zadfordul\u00f3n hivatalos iratokban Orvoskari Lev\u00e9lt\u00e1rat emlegetnek,*4 de ez nem volt t\u00f6bb a gyakorlatban a mai k\u00f6zponti iratt\u00e1rakn\u00e1l. A kar kezdett\u0151l fogva figyelmet ford\u00edtott m\u00faltj\u00e1nak eml\u00e9keire, s pl. amikor 1911-ben felmer\u00fclt a &#8222;Tudom\u00e1nyegyetemi M\u00fazeum&#8221; l\u00e9tes\u00edt\u00e9s\u00e9nek gondolata, az orvosi kar ezt melegen t\u00e1mogatta.*5 A tervezett m\u00fazeumban azonban f\u0151leg az egyetemt\u00f6rt\u00e9net t\u00e1rgyi forr\u00e1sainak elhelyez\u00e9s\u00e9r\u0151l volt sz\u00f3, de ez sem val\u00f3sult meg.<\/p>\n<p>A kar lev\u00e9lt\u00e1ri anyaga els\u0151 komolyabb k\u00e1rosod\u00e1s\u00e1t a m\u00e1sodik vil\u00e1gh\u00e1bor\u00fa v\u00e9g\u00e9n szenvedte el. 1944 \u0151sz\u00e9n a nyilas korm\u00e1nyzat mintegy 600 III-V. \u00e9ves egyetemi hallgat\u00f3t Hall\u00e9ba, N\u00e9metorsz\u00e1gba k\u00e9nyszer\u00edtett. Az egyetem \u00e9s az orvosi kar hat\u00e1rozottan a kitelep\u00edt\u00e9s ellen foglalt \u00e1ll\u00e1st \u00e9s l\u00e9nyeg\u00e9ben siker\u00fclt el\u00e9rnie az int\u00e9zetek \u00e9s klinik\u00e1k helyben marad\u00e1s\u00e1t. A kar hivatalos iratainak egy r\u00e9sze azonban \u00edgy is N\u00e9metorsz\u00e1gba ker\u00fclt. K\u00fcl\u00f6n\u00f6s szerencse, hogy az iratok csak kis m\u00e9rt\u00e9kben k\u00e1rosodtak, s t\u00f6bbs\u00e9g\u00fck \u00e9ps\u00e9gben megmaradt a Halle-Saale-i Egyetemi K\u00f6nyvt\u00e1rban, ahonnan 1951. febru\u00e1rj\u00e1ban, a debreceni orvosi kar ugyancsak odaker\u00fclt irataival egy\u00fctt \u00e9rkeztek haza e h\u00e1nyatott sors\u00fa forr\u00e1sanyagok.*6<\/p>\n<p>Az orvosi kar lev\u00e9lt\u00e1ri anyag\u00e1nak sorsa szempontj\u00e1b\u00f3l a legl\u00e9nyegesebb esem\u00e9nyek az \u00f6tvenes \u00e9vek elej\u00e9n j\u00e1tsz\u00f3dtak le. Szerte az orsz\u00e1gban ezekben az \u00e9vekben kamp\u00e1nyszer\u0171, nagyar\u00e1ny\u00fa iratselejtez\u00e9sek \u00e9s begy\u0171jt\u00e9sek folytak, amelyekr\u0151l elmondhat\u00f3, hogy sok esetben ink\u00e1bb k\u00e1rt okoztak, mintsem hasznot hajtottak volna. A magyar fels\u0151oktat\u00e1s t\u00f6rt\u00e9nete szempontj\u00e1b\u00f3l e selejtez\u00e9sek minden esetben p\u00f3tolhatatlan vesztes\u00e9geket okoztak.*7 Az iratselejtez\u00e9seket 1951 tavasz\u00e1n-nyar\u00e1n rendelt\u00e9k el, amikor az orvosi kar \u00e9ppen \u00f6n\u00e1ll\u00f3sult \u00e9s \u00e9rthet\u0151en nem a legnagyobb probl\u00e9m\u00e1ja volt az iratanyagr\u00f3l val\u00f3 gondoskod\u00e1s. Az elv\u00e9gzett selejtez\u00e9s az 1867 \u00e9s 1938 k\u00f6z\u00f6tti iratanyagot cs\u00f6kkentette, mivel a kiegyez\u00e9s el\u0151tti, valamint az 1918-19-es iratokat a jogszab\u00e1ly kivonta a selejtez\u00e9s al\u00f3l. A legr\u00e9gibb iratok teh\u00e1t egyel\u0151re \u00e9pen maradtak, de sajnos elker\u00fcltek a karr\u00f3l, illetve az akkor m\u00e1r \u00f6n\u00e1ll\u00f3 orvosegyetemr\u0151l. 1951. okt\u00f3ber 31-\u00e9n a volt tudom\u00e1nyegyetem k\u00f6zponti hat\u00f3s\u00e1gainak \u00e9s jogi, b\u00f6lcs\u00e9szeti, valamint orvosi karainak m\u00e1r megselejtezett \u00e9s t\u00f6rt\u00e9neti \u00e9rt\u00e9k\u0171nek min\u0151s\u00edtett iratanyag\u00e1t meg\u0151rz\u00e9sre \u00e1tvette a Magyar Orsz\u00e1gos Lev\u00e9lt\u00e1r. Szerencs\u00e9re az \u00e1tadott anyag legkisebb r\u00e9sz\u00e9t tett\u00e9k ki a volt orvoskari iratok, mert a m\u00e1r \u00f6n\u00e1ll\u00f3 Orvostudom\u00e1nyi Egyetem bizonyos iratsorozatait\u00f3l nem v\u00e1lt meg. \u00cdgy maradtak meg a kor\u00e1bban m\u00e1r eml\u00edtett nyilv\u00e1ntart\u00e1sokon k\u00edv\u00fcl az 1869 ut\u00e1ni kari tan\u00e1cs\u00fcl\u00e9si jegyz\u0151k\u00f6nyvek, a legr\u00e9gibb prom\u00f3cios k\u00f6nyvek, s egy\u00e9b \u00e9rt\u00e9kes forr\u00e1sok. Egy 1956. \u00e1prilis 13-\u00e1n k\u00e9sz\u00fclt jelent\u00e9sb\u0151l tudjuk, hogy az Orsz\u00e1gos Lev\u00e9lt\u00e1rnak \u00e1tadott iratok k\u00f6z\u00f6tt 4,66 iratfoly\u00f3m\u00e9ter mennyis\u00e9get tett ki az 1784 \u00e9s 1938 k\u00f6z\u00f6tti \u00e9vekb\u0151l odaker\u00fclt, selejtez\u00e9s ut\u00e1ni orvoskari iratanyag. Orvoskari vonatkoz\u00e1s\u00fa volt m\u00e9g r\u00e9szben a Klinikai Gazdas\u00e1gi Bizotts\u00e1g 4,33 iratfoly\u00f3m\u00e9ter mennyis\u00e9g\u0171 iratanyaga az 1926-1949 k\u00f6z\u00f6tti \u00e9vekb\u0151l.*8 Mi\u00e9rt \u00edrtuk azt, hogy szerencs\u00e9re csak ennyi irat ker\u00fclt az Orsz\u00e1gos Lev\u00e9lt\u00e1rba? E kit\u00e9tel els\u0151 hall\u00e1sra indokolatlan, hiszen az egyetemi forr\u00e1sanyag l\u00e9nyeg\u00e9ben biztons\u00e1gos helyre ker\u00fclt, oda, ahol kutathat\u00f3s\u00e1g\u00e1t is legjobban tudt\u00e1k volna biztos\u00edtani. Val\u00f3ban nem lehetett el\u0151re l\u00e1tni, hogy \u00e9ppen ezek a biztons\u00e1gba helyezett iratok fognak elpusztulni. Az 1956-os szabads\u00e1gharc sor\u00e1n az Orsz\u00e1gos Lev\u00e9lt\u00e1rban nemcsak az odasz\u00e1ll\u00edtott egyetemi &#8211; \u00edgy r\u00e9szben orvoskari &#8211; iratanyag pusztult el, de el\u00e9gett a kar 1951 el\u0151tti f\u0151hat\u00f3s\u00e1g\u00e1nak, a Vall\u00e1s- \u00e9s K\u00f6zoktat\u00e1s\u00fcgyi Miniszt\u00e9riumnak eg\u00e9sz 1867 \u00e9s 1916 k\u00f6z\u00f6tti lev\u00e9lt\u00e1ri anyaga is. Ezek ut\u00e1n \u00fagy v\u00e9lj\u00fck, mindenki el\u0151tt nyilv\u00e1nval\u00f3, hogy a megmaradt forr\u00e1sok k\u00fcl\u00f6nleges \u00e9rt\u00e9ket k\u00e9pviselnek, f\u0151leg a dualizmus kor\u00e1ra vonatkoz\u00f3lag.<\/p>\n<p>Az Orvostudom\u00e1nyi Egyetem t\u00f6rt\u00e9neti forr\u00e1sait az 1960-as \u00e9vek ut\u00e1n a legk\u00fcl\u00f6nb\u00f6z\u0151bb helyeken \u0151rizt\u00e9k. A r\u00e9gi iratanyag egy t\u00f6red\u00e9ke az 1956-os pusztul\u00e1sok ut\u00e1n az E\u00f6tv\u00f6s Lor\u00e1nd Tudom\u00e1nyegyetem \u00fajonnan l\u00e9trehozott Lev\u00e9lt\u00e1r\u00e1ba ker\u00fclt, m\u00e1sik r\u00e9sz\u00e9t &#8211; a legr\u00e9gebbieket, s \u00edgy m\u00e1r elismerten t\u00f6rt\u00e9neti \u00e9rt\u00e9k\u0171eket &#8211; az egyetem k\u00f6nyvt\u00e1ra vette \u00e1t meg\u0151rz\u00e9sre. Ugyancsak az Orvostudom\u00e1nyi Egyetem k\u00f6nyvt\u00e1r\u00e1ba ker\u00fcltek a r\u00e9gebbi tan\u00e1cs\u00fcl\u00e9si jegyz\u0151k\u00f6nyvek. A megmaradt iktatott iratokat, az \u00fajakkal egy\u00fctt a k\u00f6zponti iratt\u00e1r \u0151rizte alapos rendben, de rendk\u00edv\u00fcl rossz rakt\u00e1ri k\u00f6r\u00fclm\u00e9nyek k\u00f6z\u00f6tt. Jelent\u0151s iratanyagok maradtak az \u00faj D\u00e9k\u00e1ni Hivatalokban is. K\u00f6z\u00fcl\u00fck az \u00c1ltal\u00e1nos Orvostudom\u00e1nyi Kar D\u00e9k\u00e1ni Hivatala helysz\u0171ke miatt 1961 \u00e1prilis\u00e1ban nagy mennyis\u00e9g\u0171 anyagot adott \u00e1t az Orsz\u00e1gos Lev\u00e9lt\u00e1rnak.*9 A Lev\u00e9lt\u00e1r n\u00e9gy \u00e9vvel k\u00e9s\u0151bb ezeket az iratokat is az ELTE Lev\u00e9lt\u00e1r\u00e1nak sz\u00e1rmaztatta \u00e1t.*10 E j\u00f3kora vargabet\u0171vel 1993 ut\u00e1n t\u00f6bb l\u00e9pcs\u0151ben innen ker\u00fcltek vissza a SOTE Lev\u00e9lt\u00e1r\u00e1ba.<\/p>\n<p>Az orvosi kar alap\u00edt\u00e1s\u00e1nak 200. \u00e9vfordul\u00f3ja kapcs\u00e1n meg\u00e9l\u00e9nk\u00fcltek az egyetemt\u00f6rt\u00e9neti kutat\u00e1sok, de mint a kiadv\u00e1nyokb\u00f3l ez kit\u0171nik, csak a k\u00f6nyvt\u00e1rban \u0151rz\u00f6tt r\u00e9gi iratanyagot tudt\u00e1k a kutat\u00e1sokn\u00e1l haszn\u00e1lni, mert az egyetem lev\u00e9lt\u00e1ri anyag\u00e1nak t\u00f6bbi r\u00e9sze nem volt kutathat\u00f3 \u00e1llapotban. A k\u00f6nyvt\u00e1r vezet\u00e9se 1977-ben nyilv\u00e1ntart\u00e1st k\u00e9sz\u00edttetett az ott \u0151rz\u00f6tt &#8222;egyetemt\u00f6rt\u00e9neti vonatkoz\u00e1s\u00fa k\u00e9ziratokr\u00f3l&#8221;, de az egyetem eg\u00e9sz lev\u00e9lt\u00e1ri anyag\u00e1ra kiterjed\u0151 nyilv\u00e1ntart\u00e1s tov\u00e1bbra is hi\u00e1nyzott. Id\u0151k\u00f6zben t\u00f6bb nagy m\u00falt\u00fa budapesti \u00e9s vid\u00e9ki egyetemen megkezdt\u00e9k a helyi t\u00f6rt\u00e9neti forr\u00e1sanyag feldolgoz\u00e1s\u00e1t, s n\u00e9h\u00e1ny helyen egyetemi lev\u00e9lt\u00e1r is alakult. *11<\/p>\n<p>Ezek az int\u00e9zm\u00e9nyek \u00e1ltal\u00e1ban nem kapt\u00e1k meg mindj\u00e1rt a szaklev\u00e9lt\u00e1ri jog\u00e1ll\u00e1st, de mindenesetre gondoskodtak a megl\u00e9v\u0151 iratok biztons\u00e1gba helyez\u00e9s\u00e9r\u0151l \u00e9s kutathat\u00f3v\u00e1 t\u00e9tel\u00e9r\u0151l. M\u00e1r 1974-ben elhangzott egy olyan javaslat, amely indokoltnak tartotta a Semmelweis Orvostudom\u00e1nyi Egyetemen a lev\u00e9lt\u00e1ri munka megind\u00edt\u00e1s\u00e1t.*12 1977 \u0151sz\u00e9n azut\u00e1n az egyetem vezet\u00e9se megb\u00edz\u00e1st adott az orvosegyetemi lev\u00e9lt\u00e1ri anyag rendez\u00e9s\u00e9re.*13 E munka eredm\u00e9nyek\u00e9nt jelent meg 1982-ben az els\u0151 repert\u00f3rium a SOTE lev\u00e9lt\u00e1ri anyag\u00e1r\u00f3l, mely akkor 148,35 iratfoly\u00f3m\u00e9tert tett ki. Az ezt k\u00f6vet\u0151 hosszabb sz\u00fcnet ut\u00e1n az egyetem vezet\u00e9se csak 1991-ben kezdett komolyabban foglalkozni a lev\u00e9lt\u00e1ri anyag sors\u00e1val, amikor l\u00e9p\u00e9seket tett egy \u00f6n\u00e1ll\u00f3 szaklev\u00e9lt\u00e1r megalap\u00edt\u00e1sa fel\u00e9. V\u00e9g\u00fcl 1993-ban a kezdeti tervekkel ellent\u00e9tben nem \u00f6n\u00e1ll\u00f3 gy\u0171jtem\u00e9nyk\u00e9nt hozt\u00e1k l\u00e9tre az egyetemi lev\u00e9lt\u00e1rat, hanem a K\u00f6zponti K\u00f6nyvt\u00e1rba tagoltan, 1 f\u0151 lev\u00e9lt\u00e1ros alkalmaz\u00e1s\u00e1val. Ekkorra m\u00e1r szerte az orsz\u00e1gban t\u00f6bb egyetemi lev\u00e9lt\u00e1r m\u0171k\u00f6d\u00f6tt, sz\u00e1muk az\u00f3ta \u00f6rvendetesen tov\u00e1bb b\u0151v\u00fclt.<\/p>\n<p>A 2000-ben lezajlott egyetemi integr\u00e1ci\u00f3t k\u00f6vet\u0151en a Magyar Testnevel\u00e9si Egyetem lev\u00e9lt\u00e1r\u00e1nak ell\u00e1t\u00e1sa is feladatunkk\u00e1 v\u00e1lt, mivel akkor ott m\u00e1r egy \u00e9ve nem alkalmaztak lev\u00e9lt\u00e1rost. 2001-ben az egyetem szervezetileg is egyes\u00edtette a k\u00e9t lev\u00e9lt\u00e1rat, noha az iratanyagok eredeti \u0151rz\u00e9si hely\u00fck\u00f6n maradtak. Szint\u00e9n az integr\u00e1ci\u00f3nak volt k\u00f6sz\u00f6nhet\u0151 a l\u00e9tsz\u00e1m n\u00f6vel\u00e9se 2003-ban. A k\u00f6vetkez\u0151 szervezeti v\u00e1ltoz\u00e1st a lev\u00e9lt\u00e1r a K\u00f6zponti K\u00f6nyvt\u00e1r kereteib\u0151l t\u00f6rt\u00e9n\u0151 kiv\u00e1l\u00e1sa, majd a Rektori Hivatalhoz val\u00f3 csatol\u00e1sa jelentette. Ennek kereszt\u00fclvitel\u00e9re a lev\u00e9lt\u00e1r ellehetetlen\u00fcl\u00e9se miatt volt sz\u00fcks\u00e9g. A rendelkez\u00e9sre \u00e1ll\u00f3 rakt\u00e1rter\u00fclet betel\u00e9se ut\u00e1n, az ugyancsak helysz\u0171k\u00e9vel k\u00fcszk\u00f6d\u0151 k\u00f6nyvt\u00e1ron bel\u00fcl ter\u00fcleti n\u00f6veked\u00e9sre semmilyen lehet\u0151s\u00e9g nem mutatkozott, \u00edgy a lev\u00e9lt\u00e1r nem teljes\u00edthette a t\u00f6rv\u00e9nyb\u0151l fakad\u00f3 irat\u00e1tv\u00e9teli k\u00f6telezetts\u00e9g\u00e9t. R\u00e1ad\u00e1sul a lev\u00e9lt\u00e1rakat \u00e9rint\u0151 el\u0151\u00edr\u00e1sok id\u0151k\u00f6zbeni szigorod\u00e1sa, amelyeknek az akkori k\u00f6r\u00fclm\u00e9nyek m\u00e1r nem feleltek meg, egyenesen a lev\u00e9lt\u00e1r tov\u00e1bbi fennmarad\u00e1s\u00e1t fenyegett\u00e9k. Mindez, \u00e9s az ezekb\u0151l fakad\u00f3 bels\u0151 fesz\u00fclts\u00e9gek \u00e9rlelt\u00e9k meg a felismer\u00e9st, hogy a lev\u00e9lt\u00e1r j\u00f6v\u0151je a f\u00fcggetlened\u00e9sben keresend\u0151. E t\u00f6rekv\u00e9shez siker\u00fclt megnyerni az egyetem vezet\u00e9s\u00e9t, \u00edgy a szen\u00e1tus 2003 november\u00e9ben hat\u00e1rozott a lev\u00e9lt\u00e1r Rektori Hivatalhoz val\u00f3 csatol\u00e1s\u00e1r\u00f3l \u00e9s saj\u00e1t k\u00f6lts\u00e9gvet\u00e9s megad\u00e1s\u00e1r\u00f3l. A hat\u00e1rozat megval\u00f3s\u00edt\u00e1sa 2005 m\u00e1jus\u00e1ig tartott, eredm\u00e9nyek\u00e9nt pedig olyan lev\u00e9lt\u00e1r l\u00e9tes\u00fclt, mely m\u0171k\u00f6d\u00e9si k\u00f6r\u00fclm\u00e9nyeit tekintve hazai viszonylatban p\u00e9lda\u00e9rt\u00e9k\u0171. Az alkalmazotti l\u00e9tsz\u00e1m a k\u00f6nyvt\u00e1rb\u00f3l val\u00f3 kiv\u00e1l\u00e1skor eg\u00e9sz\u00fclt ki a jelenlegi n\u00e9gy f\u0151re. Az \u0151rz\u00f6tt iratanyag 710 iratfoly\u00f3m\u00e9tert tesz ki.<\/p>\n<p align=\"right\"><span style=\"font-family: 'Times New Roman', Times, serif;font-size: medium\">(Dr. Sz\u00f6gi L\u00e1szl\u00f3 &#8211; dr. Moln\u00e1r L\u00e1szl\u00f3)<\/span><\/p>\n<p align=\"justify\">\u00a0<\/p>\n<p align=\"justify\"><span style=\"font-family: 'Times New Roman', Times, serif;font-size: small\">*1 &#8211; A hazai fels\u0151oktat\u00e1s t\u00f6rt\u00e9neti forr\u00e1sanyag\u00e1r\u00f3l l\u00e1sd T\u00f3th Andr\u00e1s: Az \u00fajkori magyar egyetemt\u00f6rt\u00e9net forr\u00e1sprobl\u00e9m\u00e1i. in: A 600 \u00e9ves jogi fels\u0151oktat\u00e1s t\u00f6rt\u00e9net\u00e9b\u0151l 1367-1967. P\u00e9cs, 1968. 131-140. p., valamint Sz\u00f6gi L\u00e1szl\u00f3: Fels\u0151oktat\u00e1sunk m\u00faltj\u00e1nak forr\u00e1sai. in: Magyar Nemzet, 1981. febr. 11. \u00e9s ennek kieg\u00e9sz\u00edt\u00e9se: Dr. Hiller Istv\u00e1n :M\u00e9g egyszer fels\u0151oktat\u00e1sunk m\u00faltj\u00e1r\u00f3l. in: Magyar Nemzet, 1981. \u00e1pr. 29. Heilauf-Kiss-Sz\u00f6gi \/szerk.\/: Magyar egyetemi \u00e9s f\u0151iskolai lev\u00e9lt\u00e1rak fond- \u00e9s \u00e1llagjegyz\u00e9kei I. r\u00e9sz. MEFLSZ-ELTE, Bp., 1997.<br \/>\n*2 &#8211; 1784 ut\u00e1n m\u00e1r bizonyosan, mivel a feldolgoz\u00e1sok ilyen iratokra hivatkoznak. Pl. Gombocz i.m. 37. p.<br \/>\n*3 &#8211; Tauffer Vilmos: A b\u00e1ba-tan\u00edt\u00e1s t\u00f6rt\u00e9nete egyetem\u00fcnk\u00f6n c\u00edm\u0171 \u00edr\u00e1s\u00e1ban az &#8222;orvoskari lev\u00e9lt\u00e1r&#8221; egy 1776-b\u00f3l sz\u00e1rmaz\u00f3 irat\u00e1ra hivatkozott. V\u00f6.: H\u0151gyes i.m. 343. p.<br \/>\n*4 &#8211; V\u00f6.: SOTE Lt. 1\/b. Iratok 504\/1900-01. sz.<br \/>\n*5 &#8211; L\u00e1sd: SOTE Lt. 1\/b. Iratok 1203\/1910-11 sz. 1911. febr. 7. \u00e9s ELTE Lt. BTK DH ad 1115\/1910-11. sz. Ut\u00f3bbit k\u00f6zli dr. Papp J\u00f3zsefn\u00e9: Az ELTE Egyetemi Lev\u00e9lt\u00e1r fondjainak \u00e9s \u00e1llagainak jegyz\u00e9ke 1768-1972. K\u00e9zirat, Bp. 1978. 10. p.<br \/>\n*6 &#8211; R\u00e9szletesebben: \u00c9vk\u00f6nyv 72-75. p. Az iratok visszaker\u00fcl\u00e9s\u00e9re: SOTE Lt. 4. BOTE Gazdas\u00e1gi Hiv. iratai 6125-1-1\/1951. sz. Bp. 1951. febr. 3.<\/span><span style=\"font-family: 'Times New Roman', Times, serif;font-size: small\"><br \/>\n*7 &#8211; A tudom\u00e1nyegyetemhez hasonl\u00f3an ilyen iratselejtez\u00e9s volt m\u00e1s egyetemeken is. V\u00f6.: Sz\u00f6gi L\u00e1szl\u00f3: A Budapesti M\u0171szaki Egyetem Lev\u00e9lt\u00e1ra Repert\u00f3rium I. 1846-1960. Bp. 1975. 17-18. p.<br \/>\n*8 &#8211; Az adatokat k\u00f6zli: dr. Papp J\u00f3zsefn\u00e9 im. 12-13. p.<br \/>\n*9 &#8211; SOTE Lt. 5\/b. 142\/1961. sz. Ezek az iratok l\u00e9nyeg\u00e9ben az egykori egyetemi Quaestura nyilv\u00e1ntart\u00e1si k\u00f6nyvei voltak.<br \/>\n*10 &#8211; SOTE Lt. 3\/c 8223\/1964. sz.<\/span><span style=\"font-family: 'Times New Roman', Times, serif;font-size: small\"><br \/>\n*11 &#8211; Az ELTE Lev\u00e9lt\u00e1ra 1958-ban alakult, a soproni Erd\u00e9szeti \u00e9s Faipari Egyetem K\u00f6zponti K\u00f6nyvt\u00e1ra 1971 \u00f3ta lev\u00e9lt\u00e1ri feladatokat is ell\u00e1t, a Budapesti M\u0171szaki Egyetemen pedig 1972-ben hoztak l\u00e9tre lev\u00e9lt\u00e1ri r\u00e9szleget ugyancsak a K\u00f6zponti K\u00f6nyvt\u00e1r keret\u00e9ben.<br \/>\n*12 &#8211; Lad\u00e1nyi Andor: A fels\u0151oktat\u00e1s-t\u00f6rt\u00e9neti kutat\u00e1sokr\u00f3l. in: Tanulm\u00e1nyok a fels\u0151oktat\u00e1s k\u00f6r\u00e9b\u0151l 1974. Bp. 1974. 217. p.<br \/>\n*13 &#8211; A kezdem\u00e9nyez\u00e9s dr. Lombos Lajos, a SOTE akkori f\u0151titk\u00e1ra nev\u00e9hez f\u0171z\u0151dik.<\/span><\/p>\n","protected":false},"excerpt":{"rendered":"<p>M\u00e1r el\u00f6lj\u00e1r\u00f3ban le kell sz\u00f6gezni, hogy a Semmelweis Orvostudom\u00e1nyi Egyetem azon kev\u00e9s hazai fels\u0151oktat\u00e1si int\u00e9zm\u00e9nyek k\u00f6z\u00e9 tartozik, amely t\u00f6bb mint 200 \u00e9ves m\u00faltj\u00e1r\u00f3l csaknem \u00f6sszef\u00fcgg\u0151 &#8211; ha nem is hi\u00e1nytalan &#8211; \u00e9rt\u00e9kes t\u00f6rt\u00e9neti forr\u00e1sanyaggal rendelkezik. Nem az iratanyag mennyis\u00e9ge jelent\u0151s els\u0151sorban, hanem az a t\u00e9ny, hogy fontos iratsorozatok maradtak meg a XIX. sz\u00e1zad els\u0151 fel\u00e9b\u0151l, &hellip;<\/p>\n","protected":false},"author":12,"featured_media":0,"parent":5,"menu_order":0,"comment_status":"closed","ping_status":"open","template":"","meta":{"_acf_changed":false,"footnotes":""},"categories":[],"tags":[],"class_list":["post-112","page","type-page","status-publish","hentry"],"acf":[],"_links":{"self":[{"href":"https:\/\/semmelweis.hu\/leveltar\/wp-json\/wp\/v2\/pages\/112","targetHints":{"allow":["GET"]}}],"collection":[{"href":"https:\/\/semmelweis.hu\/leveltar\/wp-json\/wp\/v2\/pages"}],"about":[{"href":"https:\/\/semmelweis.hu\/leveltar\/wp-json\/wp\/v2\/types\/page"}],"author":[{"embeddable":true,"href":"https:\/\/semmelweis.hu\/leveltar\/wp-json\/wp\/v2\/users\/12"}],"replies":[{"embeddable":true,"href":"https:\/\/semmelweis.hu\/leveltar\/wp-json\/wp\/v2\/comments?post=112"}],"version-history":[{"count":5,"href":"https:\/\/semmelweis.hu\/leveltar\/wp-json\/wp\/v2\/pages\/112\/revisions"}],"predecessor-version":[{"id":655,"href":"https:\/\/semmelweis.hu\/leveltar\/wp-json\/wp\/v2\/pages\/112\/revisions\/655"}],"up":[{"embeddable":true,"href":"https:\/\/semmelweis.hu\/leveltar\/wp-json\/wp\/v2\/pages\/5"}],"wp:attachment":[{"href":"https:\/\/semmelweis.hu\/leveltar\/wp-json\/wp\/v2\/media?parent=112"}],"wp:term":[{"taxonomy":"category","embeddable":true,"href":"https:\/\/semmelweis.hu\/leveltar\/wp-json\/wp\/v2\/categories?post=112"},{"taxonomy":"post_tag","embeddable":true,"href":"https:\/\/semmelweis.hu\/leveltar\/wp-json\/wp\/v2\/tags?post=112"}],"curies":[{"name":"wp","href":"https:\/\/api.w.org\/{rel}","templated":true}]}}