{"id":99,"date":"2014-03-24T08:13:39","date_gmt":"2014-03-24T07:13:39","guid":{"rendered":"http:\/\/semmelweis.hu\/laboratorium\/?page_id=99"},"modified":"2025-06-03T16:26:39","modified_gmt":"2025-06-03T14:26:39","slug":"deustch","status":"publish","type":"page","link":"https:\/\/semmelweis.hu\/laboratorium\/deustch\/","title":{"rendered":"Bildung"},"content":{"rendered":"<h4><strong>Adresse<\/strong><\/h4>\n<p>H-1089 Budapest, Nagyv\u00e1rad Platz 4. Etage XIV.<\/p>\n<h4><strong>Gesch\u00e4ftsf\u00fchrende Direktoren<\/strong><\/h4>\n<p><strong>Allgemein und Ausbildung:<\/strong> <br \/>\nProf. Dr. Barna V\u00e1s\u00e1rhelyi, PhD., DSc. <br \/>\nvasarhelyi.barna@semmelweis.hu<\/p>\n<h4 style=\"text-align: justify\"><strong>Hintergrund<\/strong><\/h4>\n<p style=\"text-align: justify\">Die Abteilung f\u00fcr Labormedizin wurde 2010 mit Eins\u00e4tzen in folgenden Bereichen gegr\u00fcndet:<\/p>\n<ul style=\"text-align: justify\">\n<li>Bildung. Hauptziel ist die Einf\u00fchrung von Grundprinzipien der Labormedizin um Medizinstudenten zu bilden. Die Abteilung bietet auch postgraduale Ausbildung f\u00fcr Fachkr\u00e4fte des Gesundheitswesens, darunter \u00c4rzte und klinische Biochemiker.<\/li>\n<li>Es koordiniert Laboruntersuchungen\/-teste an der Mehrheit der Universit\u00e4t und bietet professionelle Unterst\u00fctzung f\u00fcr die klinische Entscheidungsfindung.<\/li>\n<li>Forschung. Die Abteilung beteiligt sich aktiv an Forschungsstudien mit Labortests; sie verwaltet auch eigene Forschungsprojekte. Die Abteilung verwaltet ein eigenes PhD-Programm.<\/li>\n<\/ul>\n<h4 style=\"text-align: justify\"><strong>Bildung<\/strong><\/h4>\n<p style=\"text-align: justify\">Der Lehrplan f\u00fcr Labormedizin basiert auf Kenntnissen, die w\u00e4hrend des Studiums der Pathophysiologie und der klinischen Labordiagnostik im vierten und f\u00fcnften Jahr erworben wurden. Das Hauptziel besteht darin, einige Ansatz- und Diagnosealgorithmen vorzustellen, die f\u00fcr eine effiziente Testreihenfolge und Auswertung der Labortestergebnisse erforderlich sind. Im Rahmen der Ausbildung erhalten die Studierenden Informationen zu:<\/p>\n<ul style=\"text-align: justify\">\n<li>dem Verfahren, mit dem Laborergebnisse generiert werden (von der Testbestellung bis zu Laborberichten),<\/li>\n<li>den Laboruntersuchungen zur Diagnosestellung,<\/li>\n<li>den Hauptaspekten, die \u00c4rzte bei der Bewertung eines Laborberichts ber\u00fccksichtigen sollten,<\/li>\n<li>den neuartigen Techniken, die im allgemeinen Labor angewendet werden (mit ihren Nachteilen und Vorteilen).<\/li>\n<\/ul>\n<table style=\"width: 100%\" width=\"100%\">\n<thead>\n<tr>\n<td width=\"104\">Vorlesung<\/td>\n<td width=\"510\">Themen der Vorlesungen<\/td>\n<\/tr>\n<\/thead>\n<tbody>\n<tr>\n<td width=\"104\">Vorlesung 1<\/td>\n<td width=\"510\">Allgemeine und spezielle h\u00e4matologische Laboruntersuchungen<\/td>\n<\/tr>\n<tr>\n<td width=\"104\">Vorlesung 2<\/td>\n<td width=\"510\">Grundlagen der Labormedizin II &#8211; Die analytische und postanalytische Phase<\/td>\n<\/tr>\n<tr>\n<td width=\"104\">Vorlesung 3<\/td>\n<td width=\"510\">Grundlagen der Labormedizin I &#8211; Proben zwischen Patient und Labor<\/td>\n<\/tr>\n<tr>\n<td width=\"104\">Vorlesung 4<\/td>\n<td width=\"510\">Laboruntersuchungen der H\u00e4mostase<\/td>\n<\/tr>\n<tr>\n<td width=\"104\">Vorlesung 5<\/td>\n<td width=\"510\">Enzyme in der Labordiagnostik<\/td>\n<\/tr>\n<tr>\n<td width=\"104\">Vorlesung 6<\/td>\n<td width=\"510\">Lipide, Lipoproteine und Hyperlipoprotein\u00e4mien<\/td>\n<\/tr>\n<tr>\n<td width=\"104\">Vorlesung 7<\/td>\n<td width=\"510\">P\u00e4diatrische Labordiagnostik<\/td>\n<\/tr>\n<tr>\n<td width=\"104\">Vorlesung 8<\/td>\n<td width=\"510\">Tumormarker im Blut<\/td>\n<\/tr>\n<tr>\n<td width=\"104\">Vorlesung 9<\/td>\n<td width=\"510\">Durchflusszytometrie im Klinikum<\/td>\n<\/tr>\n<tr>\n<td width=\"104\">Vorlesung 10<\/td>\n<td width=\"510\">Autoimmundiagnostik<\/td>\n<\/tr>\n<tr>\n<td width=\"104\">Vorlesung 11<\/td>\n<td width=\"510\">Molekularbiologische Laboruntersuchungen<\/td>\n<\/tr>\n<tr>\n<td width=\"104\">Vorlesung 12<\/td>\n<td width=\"510\">Point-Of-Care Testing \u201ePOCT\u201d Patientennahe Labordiagnostik<\/td>\n<\/tr>\n<\/tbody>\n<\/table>\n<p>&nbsp;<\/p>\n","protected":false},"excerpt":{"rendered":"<p>Adresse H-1089 Budapest, Nagyv\u00e1rad Platz 4. Etage XIV. Gesch\u00e4ftsf\u00fchrende Direktoren Allgemein und Ausbildung: Prof. Dr. Barna V\u00e1s\u00e1rhelyi, PhD., DSc. vasarhelyi.barna@semmelweis.hu Hintergrund Die Abteilung f\u00fcr Labormedizin wurde 2010 mit Eins\u00e4tzen in folgenden Bereichen gegr\u00fcndet: Bildung. Hauptziel ist die Einf\u00fchrung von Grundprinzipien der Labormedizin um Medizinstudenten zu bilden. Die Abteilung bietet auch postgraduale Ausbildung f\u00fcr Fachkr\u00e4fte des &hellip;<\/p>\n","protected":false},"author":101692,"featured_media":0,"parent":0,"menu_order":8,"comment_status":"closed","ping_status":"closed","template":"","meta":{"_acf_changed":false,"footnotes":""},"categories":[],"tags":[],"class_list":["post-99","page","type-page","status-publish","hentry"],"acf":[],"_links":{"self":[{"href":"https:\/\/semmelweis.hu\/laboratorium\/wp-json\/wp\/v2\/pages\/99","targetHints":{"allow":["GET"]}}],"collection":[{"href":"https:\/\/semmelweis.hu\/laboratorium\/wp-json\/wp\/v2\/pages"}],"about":[{"href":"https:\/\/semmelweis.hu\/laboratorium\/wp-json\/wp\/v2\/types\/page"}],"author":[{"embeddable":true,"href":"https:\/\/semmelweis.hu\/laboratorium\/wp-json\/wp\/v2\/users\/101692"}],"replies":[{"embeddable":true,"href":"https:\/\/semmelweis.hu\/laboratorium\/wp-json\/wp\/v2\/comments?post=99"}],"version-history":[{"count":11,"href":"https:\/\/semmelweis.hu\/laboratorium\/wp-json\/wp\/v2\/pages\/99\/revisions"}],"predecessor-version":[{"id":4727,"href":"https:\/\/semmelweis.hu\/laboratorium\/wp-json\/wp\/v2\/pages\/99\/revisions\/4727"}],"wp:attachment":[{"href":"https:\/\/semmelweis.hu\/laboratorium\/wp-json\/wp\/v2\/media?parent=99"}],"wp:term":[{"taxonomy":"category","embeddable":true,"href":"https:\/\/semmelweis.hu\/laboratorium\/wp-json\/wp\/v2\/categories?post=99"},{"taxonomy":"post_tag","embeddable":true,"href":"https:\/\/semmelweis.hu\/laboratorium\/wp-json\/wp\/v2\/tags?post=99"}],"curies":[{"name":"wp","href":"https:\/\/api.w.org\/{rel}","templated":true}]}}