{"id":552,"date":"2014-04-28T09:16:18","date_gmt":"2014-04-28T07:16:18","guid":{"rendered":"http:\/\/semmelweis.hu\/laboratorium\/?page_id=552"},"modified":"2026-02-16T11:37:48","modified_gmt":"2026-02-16T10:37:48","slug":"tdk-temak","status":"publish","type":"page","link":"https:\/\/semmelweis.hu\/laboratorium\/kutatas\/tdk-temak\/","title":{"rendered":"TDK t\u00e9m\u00e1k"},"content":{"rendered":"<div class=\"keretes w-100\">\n<p style=\"text-align: justify\">Valamennyi, a kutat\u00e1s oldalon felsorolt tudom\u00e1nyos \u00e9s klinikai laborat\u00f3riumi ter\u00fcleten lehets\u00e9ges TDK munk\u00e1t v\u00e9gezni.<\/p>\n<\/div>\n<h4>\u00a0<\/h4>\n<h4 style=\"text-align: justify\"><strong>TDK t\u00e9m\u00e1k \u00e9s t\u00e9mavezet\u0151k <\/strong><strong>2025\/26-ben<\/strong><strong>:<\/strong><\/h4>\n<p><strong>Laborat\u00f3riumi Medicina Int\u00e9zet:<\/strong><\/p>\n<ul>\n<li>\n<p>Klinikai laboradatb\u00e1zis elemz\u00e9se<br \/>\n<strong><span style=\"font-size: 1rem\">T\u00e9mavezet\u0151: <\/span><\/strong><a href=\"https:\/\/semmelweis.hu\/telefonkonyv?act=mt&amp;inst_id=304&amp;emp_id=7935\" target=\"_new\" rel=\"noopener noreferrer\">Prof. Dr. V\u00e1s\u00e1rhelyi Barna\u00a0<\/a><span style=\"font-size: 1rem\"> int\u00e9zetigazgat\u00f3 egyetemi tan\u00e1r<\/span><\/p>\n<\/li>\n<\/ul>\n<p><a href=\"https:\/\/semmelweis.hu\/laboratorium\/reszlegek\/klinikai-mikrobiologiai-diagnosztikai-laboratorium\/\" target=\"_blank\" rel=\"noopener\"><strong>Mikrobiol\u00f3giai Laborat\u00f3rium:<\/strong><\/a><\/p>\n<ul>\n<li>\n<div>Multirezisztens Gram-negat\u00edv bakt\u00e9riumok klinikai mikrobiol\u00f3giai vizsg\u00e1lati lehet\u0151s\u00e9gei<\/div>\n<\/li>\n<li>\n<div>V\u00e9r\u00e1ramfert\u0151z\u00e9st okoz\u00f3 ritka mikrob\u00e1k<\/div>\n<p><strong style=\"font-size: 1rem\"><span style=\"font-size: 1rem\">T\u00e9mavezet\u0151<\/span>:<\/strong> <a href=\"https:\/\/semmelweis.hu\/telefonkonyv?act=mt&amp;inst_id=304&amp;emp_id=7939\" target=\"_blank\" rel=\"noopener\">Dr. Krist\u00f3f Katalin<\/a> habilit\u00e1lt <span style=\"font-size: 1rem\">egyetemi docens<\/span><\/li>\n<\/ul>\n<p><a href=\"https:\/\/semmelweis.hu\/laboratorium\/reszlegek\/kozponti-laboratorium-trp-klinika\/\" target=\"_blank\" rel=\"noopener\"><strong>Transzplant\u00e1ci\u00f3s Laborat\u00f3rium (Bels\u0151 Klinikai T\u00f6mb):<\/strong><\/a><\/p>\n<ul>\n<li>Transzplant\u00e1ci\u00f3t k\u00f6vet\u0151 v\u00edrus eredet\u0171 sz\u00f6v\u0151dm\u00e9nyek, diagnosztika \u00e9s ter\u00e1pia<br \/>\n<strong>T\u00e9mavezet\u0151:<\/strong> <a href=\"https:\/\/semmelweis.hu\/telefonkonyv?act=mt&amp;inst_id=304&amp;emp_id=15999\" target=\"_new\" rel=\"noopener noreferrer\">Dr. Varga Marina<\/a><span style=\"font-size: 1rem\"> egyetemi adjunktus<\/span><\/li>\n<\/ul>\n<p><a href=\"https:\/\/semmelweis.hu\/laboratorium\/reszlegek\/endokrin-laboratorium\/\" target=\"_blank\" rel=\"noopener\"><strong>Klinikai Genetikai \u00e9s Endokrinol\u00f3giai Laborat\u00f3rium:<\/strong><\/a><\/p>\n<ul>\n<li>Neuroendokrin tumormarkerek<\/li>\n<li>Tumormarkerek vizsg\u00e1lata az endokrin rendszer daganataiban<\/li>\n<li>Molekul\u00e1ris markerek jelent\u0151s\u00e9ge az endokrin rendszer daganataiban<\/li>\n<li>Szteroid hormonok laborat\u00f3riumi vizsg\u00e1lata<\/li>\n<li>Ritmicit\u00e1s az endokrinol\u00f3gi\u00e1ban<\/li>\n<li>Neuroendokrin daganatok molekul\u00e1ris vizsg\u00e1lata<\/li>\n<li>Hormonrendszer \u00f6r\u00f6kletes daganatainak molekul\u00e1ris vizsg\u00e1lata<\/li>\n<li>Von Hippel-Lindau k\u00f3rk\u00e9p genot\u00edpus-fenot\u00edpus \u00f6sszef\u00fcgg\u00e9sei<br \/>\n<strong>T\u00e9mavezet\u0151:<\/strong> <a href=\"https:\/\/semmelweis.hu\/telefonkonyv?act=mt&amp;inst_id=304&amp;emp_id=7943\" target=\"_blank\" rel=\"noopener\">Prof. Dr. Pat\u00f3cs Attila<\/a> <span style=\"font-size: 1rem\">egyetemi tan\u00e1r<\/span><\/li>\n<\/ul>\n<ul>\n<li>Daganatsejtek in vitro molekul\u00e1ris anal\u00edzise<\/li>\n<li>A glukokortikoid receptor \u00e9s funkci\u00f3j\u00e1nak vizsg\u00e1lata hormon\u00e9rz\u00e9keny sz\u00f6vetekben<\/li>\n<li>\u00d6r\u00f6kletes genetikai elt\u00e9r\u00e9sekhez kapcsol\u00f3 mechanizmusok modellez\u00e9se<\/li>\n<li>Hormon\u00e9rz\u00e9keny daganatok molekul\u00e1ris genetikai vizsg\u00e1lata<\/li>\n<li><span data-olk-copy-source=\"MessageBody\">Cs\u00edravonalas genetikai vari\u00e1nsok vizsg\u00e1lata daganatos betegs\u00e9gekben<\/span><br \/>\n<strong>T\u00e9mavezet\u0151:<\/strong> <a href=\"https:\/\/semmelweis.hu\/telefonkonyv\/?emp_id=20963\" target=\"_blank\" rel=\"noopener\">Dr. Butz Henriett<\/a>\u00a0<\/li>\n<\/ul>\n<p><a href=\"https:\/\/semmelweis.hu\/laboratorium\/reszlegek\/tomegspektrometriai-reszleg\/\" target=\"_blank\" rel=\"noopener\"><strong>T\u00f6megspektrometriai \u00e9s Elv\u00e1laszt\u00e1stechnikai Laborat\u00f3rium:<\/strong><\/a><\/p>\n<ul>\n<li>A ter\u00e1pi\u00e1s gy\u00f3gyszerszint monitoroz\u00e1s hasznosul\u00e1sa a klinikumban<\/li>\n<li>A klinikai t\u00f6megspektrometria \u00e9s a bioinformatika integr\u00e1l\u00e1sa<\/li>\n<li>Az R alkalmaz\u00e1sa laborat\u00f3riumi eredm\u00e9nyek ki\u00e9rt\u00e9kel\u00e9s\u00e9hez \u00e9s prezent\u00e1l\u00e1s\u00e1hoz<br \/>\n<strong>T\u00e9mavezet\u0151:<\/strong> <a href=\"https:\/\/semmelweis.hu\/telefonkonyv?act=mt&amp;inst_id=304&amp;emp_id=16018\" target=\"_blank\" rel=\"noopener\">Dr. Karvaly Gell\u00e9rt Bal\u00e1zs<\/a><\/li>\n<\/ul>\n<p><a href=\"https:\/\/semmelweis.hu\/laboratorium\/reszlegek\/merenyi-laboratorium\/\" target=\"_blank\" rel=\"noopener\"><strong>K\u00f6zponti Laborat\u00f3rium (Mer\u00e9nyi Klinikai T\u00f6mb):<\/strong><\/a><\/p>\n<ul>\n<li>Biol\u00f3giai ter\u00e1pi\u00e1s szerek vizsg\u00e1lata IBD-ben<br \/>\n<strong>T\u00e9mavezet\u0151:<\/strong> <a class=\"emp-name\" href=\"https:\/\/semmelweis.hu\/telefonkonyv?emp_id=16019\">Kov\u00e1cs Kriszti\u00e1n<\/a><\/li>\n<\/ul>\n<p><a href=\"https:\/\/semmelweis.hu\/laboratorium\/reszlegek\/kozponti-laboratorium\/\" target=\"_blank\" rel=\"noopener\"><strong>K\u00f6zponti Laborat\u00f3rium (Pest):<\/strong><\/a><\/p>\n<ul>\n<li><span data-olk-copy-source=\"MessageBody\">Rejtett hematol\u00f3giai mint\u00e1zatok vizsg\u00e1lata korszer\u0171 analitikai m\u00f3dszerekkel<\/span><\/li>\n<li><span data-olk-copy-source=\"MessageBody\">Laborat\u00f3riumi referenciatartom\u00e1nyok meghat\u00e1roz\u00e1sa indirekt statisztikai m\u00f3dszerekkel<\/span><br \/>\n<strong>T\u00e9mavezet\u0151k:<\/strong> <a href=\"https:\/\/semmelweis.hu\/telefonkonyv\/?emp_id=21996\" target=\"_blank\" rel=\"noopener\">Dr. L\u00e1ng Orsolya<\/a> \u00e9s <a href=\"https:\/\/semmelweis.hu\/telefonkonyv\/?emp_id=26230\" target=\"_blank\" rel=\"noopener\">Dr. Papp \u00c9va Katinka<\/a><\/li>\n<\/ul>\n","protected":false},"excerpt":{"rendered":"<p>Valamennyi, a kutat\u00e1s oldalon felsorolt tudom\u00e1nyos \u00e9s klinikai laborat\u00f3riumi ter\u00fcleten lehets\u00e9ges TDK munk\u00e1t v\u00e9gezni. \u00a0 TDK t\u00e9m\u00e1k \u00e9s t\u00e9mavezet\u0151k 2025\/26-ben: Laborat\u00f3riumi Medicina Int\u00e9zet: Klinikai laboradatb\u00e1zis elemz\u00e9se T\u00e9mavezet\u0151: <a href=\"https:\/\/semmelweis.hu\/telefonkonyv?act=mt&amp;inst_id=304&amp;emp_id=7935\" target=\"_new\" rel=\"noopener noreferrer\">Prof. Dr. V\u00e1s\u00e1rhelyi Barna\u00a0<\/a> int\u00e9zetigazgat\u00f3 egyetemi tan\u00e1r <a href=\"https:\/\/semmelweis.hu\/laboratorium\/reszlegek\/klinikai-mikrobiologiai-diagnosztikai-laboratorium\/\" target=\"_blank\" rel=\"noopener\">Mikrobiol\u00f3giai Laborat\u00f3rium:<\/a> Multirezisztens Gram-negat\u00edv bakt\u00e9riumok klinikai mikrobiol\u00f3giai vizsg\u00e1lati lehet\u0151s\u00e9gei V\u00e9r\u00e1ramfert\u0151z\u00e9st okoz\u00f3 ritka mikrob\u00e1k T\u00e9mavezet\u0151: <a href=\"https:\/\/semmelweis.hu\/telefonkonyv?act=mt&amp;inst_id=304&amp;emp_id=7939\" target=\"_blank\" rel=\"noopener\">Dr. Krist\u00f3f Katalin<\/a> habilit\u00e1lt egyetemi docens <a href=\"https:\/\/semmelweis.hu\/laboratorium\/reszlegek\/kozponti-laboratorium-trp-klinika\/\" target=\"_blank\" rel=\"noopener\">Transzplant\u00e1ci\u00f3s Laborat\u00f3rium (Bels\u0151 Klinikai T\u00f6mb):<\/a> Transzplant\u00e1ci\u00f3t k\u00f6vet\u0151 v\u00edrus eredet\u0171 sz\u00f6v\u0151dm\u00e9nyek, diagnosztika \u00e9s ter\u00e1pia T\u00e9mavezet\u0151: <a href=\"https:\/\/semmelweis.hu\/telefonkonyv?act=mt&amp;inst_id=304&amp;emp_id=15999\" target=\"_new\" rel=\"noopener noreferrer\">Dr. Varga Marina<\/a> egyetemi &hellip;<\/p>\n","protected":false},"author":101692,"featured_media":0,"parent":13,"menu_order":1,"comment_status":"closed","ping_status":"closed","template":"","meta":{"_acf_changed":false,"footnotes":""},"categories":[],"tags":[],"class_list":["post-552","page","type-page","status-publish","hentry"],"acf":[],"_links":{"self":[{"href":"https:\/\/semmelweis.hu\/laboratorium\/wp-json\/wp\/v2\/pages\/552","targetHints":{"allow":["GET"]}}],"collection":[{"href":"https:\/\/semmelweis.hu\/laboratorium\/wp-json\/wp\/v2\/pages"}],"about":[{"href":"https:\/\/semmelweis.hu\/laboratorium\/wp-json\/wp\/v2\/types\/page"}],"author":[{"embeddable":true,"href":"https:\/\/semmelweis.hu\/laboratorium\/wp-json\/wp\/v2\/users\/101692"}],"replies":[{"embeddable":true,"href":"https:\/\/semmelweis.hu\/laboratorium\/wp-json\/wp\/v2\/comments?post=552"}],"version-history":[{"count":12,"href":"https:\/\/semmelweis.hu\/laboratorium\/wp-json\/wp\/v2\/pages\/552\/revisions"}],"predecessor-version":[{"id":5375,"href":"https:\/\/semmelweis.hu\/laboratorium\/wp-json\/wp\/v2\/pages\/552\/revisions\/5375"}],"up":[{"embeddable":true,"href":"https:\/\/semmelweis.hu\/laboratorium\/wp-json\/wp\/v2\/pages\/13"}],"wp:attachment":[{"href":"https:\/\/semmelweis.hu\/laboratorium\/wp-json\/wp\/v2\/media?parent=552"}],"wp:term":[{"taxonomy":"category","embeddable":true,"href":"https:\/\/semmelweis.hu\/laboratorium\/wp-json\/wp\/v2\/categories?post=552"},{"taxonomy":"post_tag","embeddable":true,"href":"https:\/\/semmelweis.hu\/laboratorium\/wp-json\/wp\/v2\/tags?post=552"}],"curies":[{"name":"wp","href":"https:\/\/api.w.org\/{rel}","templated":true}]}}