{"id":4629,"date":"2025-01-17T12:10:58","date_gmt":"2025-01-17T11:10:58","guid":{"rendered":"https:\/\/semmelweis.hu\/laboratorium\/?page_id=4629"},"modified":"2026-04-21T10:13:14","modified_gmt":"2026-04-21T08:13:14","slug":"kozponti-laboratorium-idegsebeszeti-es-neurointervencios-klinika","status":"publish","type":"page","link":"https:\/\/semmelweis.hu\/laboratorium\/reszlegek\/kozponti-laboratorium-idegsebeszeti-es-neurointervencios-klinika\/","title":{"rendered":"K\u00f6zponti Laborat\u00f3rium (Idegseb\u00e9szeti \u00e9s Neurointervenci\u00f3s Klinika)"},"content":{"rendered":"<div>\n<p>&nbsp;<\/p>\n<div class=\"responsive-tabs\">\n<h2 class=\"tabtitle\">Laborat\u00f3rium<\/h2>\n<div class=\"tabcontent\">\n\n<div class=\"lead\" style=\"text-align: justify\"><span style=\"font-size: 1rem;font-weight: 400\"><span style=\"font-size: 1rem;font-weight: 400\">A laborat\u00f3rium a k\u00f6vetkez\u0151 szakmai profillal v\u00e9gez klinikai diagnosztik\u00e1t:\u00a0<\/span><\/span><\/p>\n<h6><span style=\"font-size: 14pt;font-family: 'pt serif'\">klinikai k\u00e9mia, hematol\u00f3gia, hemoszt\u00e1zis, trombocita funkci\u00f3, vizelet, liquor, gy\u00f3gyszerszint, klinikai transzfuziol\u00f3gia.<\/span><\/p>\n<p><span style=\"font-size: 14pt;font-family: 'pt serif'\">A m\u0171szerezetts\u00e9g korszer\u0171 \u00e9s megfelel a min\u0151s\u00e9gi \u00e9s a speci\u00e1lis betegell\u00e1t\u00e1s \u00e1ltal t\u00e1masztott ig\u00e9nyeknek a k\u00f6vetkez\u0151 k\u00e9sz\u00fcl\u00e9kekkel: Siemens Dimension RxL Max HM \u00e9s Atellica k\u00e9miai automat\u00e1k, Sysmex XN 550 \u00e9s Sysmex XN 1000 hematol\u00f3giai automat\u00e1k, Sysmex CS 2000i \u00e9s Sysmex CS 2500\u00a0 hemoszt\u00e1zis automata, mini Vidas immunol\u00f3giai analiz\u00e1tor, Roche Multiplate analyzer 5.0 trombocita funkci\u00f3s analiz\u00e1tor, Cobas u 411 vizelet f\u00e9lautomata, Waters Acquity Arc t\u00edpus\u00fa HPLC (high pressure liquid chromatography) berendez\u00e9ssel (Waters system), CYTOPRO Wescor 7620 cytocentrifuga.<\/span><\/p>\n<p><span style=\"font-size: 14pt;font-family: 'pt serif'\">A sz\u00e1m\u00edt\u00f3g\u00e9pesen illesztett automat\u00e1k eredm\u00e9nyei k\u00f6zvetlen\u00fcl az Andromeda k\u00f3rh\u00e1zi laborat\u00f3riumi informatikai rendszerbe ker\u00fclnek. A szakmai megfelel\u0151s\u00e9g biztos\u00edt\u00e1sa \u00e9rdek\u00e9ben a laborat\u00f3rium r\u00e9szt vesz a nemzetk\u00f6zi Qualicont \u00e9s Bio-Rad EQAS min\u0151s\u00e9gbiztos\u00edt\u00e1si programokban.<\/span><\/p>\n<p><span style=\"font-size: 14pt;font-family: 'pt serif'\">Ell\u00e1t\u00e1si ter\u00fclet: az int\u00e9zet szakambulanci\u00e1i, fekv\u0151beteg oszt\u00e1lyai, m\u0171t\u00e9tes szervezeti egys\u00e9gei, foglalkoz\u00e1s-eg\u00e9szs\u00e9g\u00fcgy, valamint k\u00fcls\u0151 szerz\u0151d\u00f6tt partnerek (t\u00e9r\u00edt\u00e9s ellen\u00e9ben).<\/span><\/h6>\n<h6><span style=\"font-size: 14pt;font-family: 'pt serif'\">2026. febru\u00e1r elsej\u00e9t\u0151l az antikonvulz\u00edv gy\u00f3gyszerek ter\u00e1pi\u00e1s monitoroz\u00e1s\u00e1t a Semmelweis Egyetem Laborat\u00f3riumi Medicina Int\u00e9zetben az Amerikai \u00fati K\u00f6zponti Laborat\u00f3rium (Idegseb\u00e9szeti \u00e9s Neurointervenci\u00f3s Klinika) v\u00e9gzi.<\/span><\/h6>\n<p><span style=\"font-size: 1rem;font-weight: 400\">A laborat\u00f3rium hozz\u00e1j\u00e1rul az int\u00e9zetben foly\u00f3 tudom\u00e1nyos munka laborh\u00e1tter\u00e9nek biztos\u00edt\u00e1s\u00e1hoz. R\u00e9szt vesz orvostanhallgat\u00f3k k\u00e9pz\u00e9s\u00e9ben (pl. liquor cytol\u00f3gia ) is.<\/span><\/div>\n<div class=\"keretes w-100\">\n<p><strong>Telephely:<\/strong> <span style=\"font-size: 14pt\">1145 Budapest, Amerikai \u00fat 57., Diagnosztikai \u00e9p\u00fclet 3. emelet.<\/span><\/p>\n<p>El\u00e9rhet\u0151s\u00e9ge: 1145. Budapest, Laky \u00a0Adolf utca 44-46.<\/p>\n<p><strong>Laborat\u00f3rium vezet\u0151:<\/strong> <span style=\"font-size: 14pt\">G\u00e1l Anna<\/span><\/p>\n<p><span style=\"font-size: 14pt\"><strong>Email:<\/strong> gal.anna@semmelweis.hu<\/span><\/p>\n<p><strong>Telefonsz\u00e1m:<\/strong> <span style=\"font-size: 14pt\">1\/467-9347<\/span><\/p>\n<p><strong>Email<\/strong>: labor.amerikaiut@semmelweis.hu<\/p>\n<\/div>\n<p>\n<\/div><h2 class=\"tabtitle\">Munkat\u00e1rsak<\/h2>\n<div class=\"tabcontent\">\n \r\n<div id=\"telefonkonyv\">\r\n  <div class=\"tel-results col-12 px-0\">\r\n      <p class=\"desc mb-1\"><span>Ha hib\u00e1s, vagy hi\u00e1nyz\u00f3 adatot tal\u00e1l, k\u00e9rj\u00fck jelezze szervezeti egys\u00e9g\u00fcnk titk\u00e1rs\u00e1g\u00e1n.<\/span><\/p>\r\n      <p class=\"desc\"><em>A telefonk\u00f6nyvben tal\u00e1lhat\u00f3 adatok nem haszn\u00e1lhat\u00f3k fel az 1995. \u00e9vi CXIX. t\u00f6rv\u00e9ny szerinti kutat\u00e1s \u00e9s k\u00f6zvetlen \u00fczletszerz\u00e9s c\u00e9lj\u00e1ra.<\/em><\/p>\r\n                <div class=\"row mx-0 mt-3 mb-3 subunit-line text-uppercase font-weight-bold \r\n                    status-SZE\">\r\n                    <div class=\"col col-12 col-md-10 pl-2 pr-0\">\r\n                        <span>Laborat\u00f3riumi Medicina Int\u00e9zet<\/span>\r\n                    <\/div>\r\n                <\/div> \r\n                <div class=\"row mx-0 mt-3 mb-3 group-line text-uppercase font-weight-bold\">\r\n                    <div class=\"col col-12 col-md-10 pl-2 pr-0\">\r\n                        <span>K\u00f6zponti Laborat\u00f3rium (Idegseb\u00e9szeti \u00e9s Neurointervenci\u00f3s Klinika)<\/span>\r\n                    <\/div>\r\n                <\/div> \r\n          <div class=\"row mx-0 py-2 result-line emp-leader\">\r\n            <div class=\"col col-12 px-0 \"><div class=\"row mx-0 pr-2 result-line-content align-items-center\">\r\n                        <div class=\"col-12 col-md-6 px-0 \">\r\n                            <a class=\"emp-name\" href=\"https:\/\/semmelweis.hu\/telefonkonyv?emp_id=24343\"> G\u00e1l Anna <\/a>\r\n                            <br \/><span class=\"emp-phone\">laborat\u00f3rium vezet\u0151<\/span><\/div>\r\n                        <div class=\"col-12 col-md-6 px-0\"><span class=\"emp-phone\"><i class=\"fa fa-phone\" aria-hidden=\"true\"><\/i>30\/689-4152, <\/span><span class=\"emp-email\"><i class=\"fa fa-envelope-o\" aria-hidden=\"true\"><\/i>gal.anna<i class=\"fa fa-at m-0 text-body\"><\/i>semmelweis.hu<\/span>\r\n                        <\/div>\r\n                    <\/div>\r\n                \r\n            <\/div>\r\n\r\n                <div class=\"col-12 col-md-6 px-0 d-none\"><span class=\"emp-phone\"><i class=\"fa fa-phone\" aria-hidden=\"true\"><\/i>30\/689-4152, <\/span><span class=\"emp-email\"><i class=\"fa fa-envelope-o\" aria-hidden=\"true\"><\/i>gal.anna<i class=\"fa fa-at m-0 text-body\"><\/i>semmelweis.hu<\/span>\r\n                <\/div>\r\n\r\n\r\n        <\/div>\r\n          <div class=\"row mx-0 py-2 result-line \">\r\n            <div class=\"col col-12 px-0 \"><div class=\"row mx-0 pr-2 result-line-content align-items-center\">\r\n                        <div class=\"col-12 col-md-6 px-0 \">\r\n                            <a class=\"emp-name\" href=\"https:\/\/semmelweis.hu\/telefonkonyv?emp_id=24341\"> Benoist M\u00f3nika <\/a>\r\n                            <br \/><span class=\"emp-phone\">vezet\u0151 szakasszisztens<\/span><\/div>\r\n                        <div class=\"col-12 col-md-6 px-0\"><span class=\"emp-phone\"><i class=\"fa fa-phone\" aria-hidden=\"true\"><\/i>20\/333-0380, <\/span><span class=\"emp-email\"><i class=\"fa fa-envelope-o\" aria-hidden=\"true\"><\/i>benoist.monika<i class=\"fa fa-at m-0 text-body\"><\/i>semmelweis.hu<\/span>\r\n                        <\/div>\r\n                    <\/div>\r\n                \r\n            <\/div>\r\n\r\n                <div class=\"col-12 col-md-6 px-0 d-none\"><span class=\"emp-phone\"><i class=\"fa fa-phone\" aria-hidden=\"true\"><\/i>20\/333-0380, <\/span><span class=\"emp-email\"><i class=\"fa fa-envelope-o\" aria-hidden=\"true\"><\/i>benoist.monika<i class=\"fa fa-at m-0 text-body\"><\/i>semmelweis.hu<\/span>\r\n                <\/div>\r\n\r\n\r\n        <\/div>\r\n          <div class=\"row mx-0 py-2 result-line \">\r\n            <div class=\"col col-12 px-0 \"><div class=\"row mx-0 pr-2 result-line-content align-items-center\">\r\n                        <div class=\"col-12 col-md-6 px-0 \">\r\n                            <a class=\"emp-name\" href=\"https:\/\/semmelweis.hu\/telefonkonyv?emp_id=24342\"> Feh\u00e9r Anaszt\u00e1zia <\/a>\r\n                            <br \/><span class=\"emp-phone\">asszisztens<\/span><\/div>\r\n                        <div class=\"col-12 col-md-6 px-0\"><span class=\"emp-phone\"><i class=\"fa fa-phone\" aria-hidden=\"true\"><\/i>30\/842-3748, <\/span><span class=\"emp-email\"><i class=\"fa fa-envelope-o\" aria-hidden=\"true\"><\/i>feher.anasztazia<i class=\"fa fa-at m-0 text-body\"><\/i>semmelweis.hu<\/span>\r\n                        <\/div>\r\n                    <\/div>\r\n                \r\n            <\/div>\r\n\r\n                <div class=\"col-12 col-md-6 px-0 d-none\"><span class=\"emp-phone\"><i class=\"fa fa-phone\" aria-hidden=\"true\"><\/i>30\/842-3748, <\/span><span class=\"emp-email\"><i class=\"fa fa-envelope-o\" aria-hidden=\"true\"><\/i>feher.anasztazia<i class=\"fa fa-at m-0 text-body\"><\/i>semmelweis.hu<\/span>\r\n                <\/div>\r\n\r\n\r\n        <\/div>\r\n          <div class=\"row mx-0 py-2 result-line \">\r\n            <div class=\"col col-12 px-0 \"><div class=\"row mx-0 pr-2 result-line-content align-items-center\">\r\n                        <div class=\"col-12 col-md-6 px-0 \">\r\n                            <a class=\"emp-name\" href=\"https:\/\/semmelweis.hu\/telefonkonyv?emp_id=25905\"> Fejes Anette <\/a>\r\n                            <br \/><span class=\"emp-phone\">asszisztens<\/span><\/div>\r\n                        <div class=\"col-12 col-md-6 px-0\"><span class=\"emp-phone\"><i class=\"fa fa-phone\" aria-hidden=\"true\"><\/i>30\/714-3860, <\/span><span class=\"emp-email\"><i class=\"fa fa-envelope-o\" aria-hidden=\"true\"><\/i>anett.fejes<i class=\"fa fa-at m-0 text-body\"><\/i>semmelweis.hu<\/span>\r\n                        <\/div>\r\n                    <\/div>\r\n                \r\n            <\/div>\r\n\r\n                <div class=\"col-12 col-md-6 px-0 d-none\"><span class=\"emp-phone\"><i class=\"fa fa-phone\" aria-hidden=\"true\"><\/i>30\/714-3860, <\/span><span class=\"emp-email\"><i class=\"fa fa-envelope-o\" aria-hidden=\"true\"><\/i>anett.fejes<i class=\"fa fa-at m-0 text-body\"><\/i>semmelweis.hu<\/span>\r\n                <\/div>\r\n\r\n\r\n        <\/div>\r\n          <div class=\"row mx-0 py-2 result-line \">\r\n            <div class=\"col col-12 px-0 \"><div class=\"row mx-0 pr-2 result-line-content align-items-center\">\r\n                        <div class=\"col-12 col-md-6 px-0 \">\r\n                            <a class=\"emp-name\" href=\"https:\/\/semmelweis.hu\/telefonkonyv?emp_id=24344\"> Herczegh J\u00f3zsefn\u00e9 <\/a>\r\n                            <br \/><span class=\"emp-phone\">asszisztens<\/span><\/div>\r\n                        <div class=\"col-12 col-md-6 px-0\"><span class=\"emp-phone\"><i class=\"fa fa-phone\" aria-hidden=\"true\"><\/i>30\/689-4304, <\/span><span class=\"emp-email\"><i class=\"fa fa-envelope-o\" aria-hidden=\"true\"><\/i>herczegh.jozsefne<i class=\"fa fa-at m-0 text-body\"><\/i>semmelweis.hu<\/span>\r\n                        <\/div>\r\n                    <\/div>\r\n                \r\n            <\/div>\r\n\r\n                <div class=\"col-12 col-md-6 px-0 d-none\"><span class=\"emp-phone\"><i class=\"fa fa-phone\" aria-hidden=\"true\"><\/i>30\/689-4304, <\/span><span class=\"emp-email\"><i class=\"fa fa-envelope-o\" aria-hidden=\"true\"><\/i>herczegh.jozsefne<i class=\"fa fa-at m-0 text-body\"><\/i>semmelweis.hu<\/span>\r\n                <\/div>\r\n\r\n\r\n        <\/div>\r\n          <div class=\"row mx-0 py-2 result-line \">\r\n            <div class=\"col col-12 px-0 \"><div class=\"row mx-0 pr-2 result-line-content align-items-center\">\r\n                        <div class=\"col-12 col-md-6 px-0 \">\r\n                            <a class=\"emp-name\" href=\"https:\/\/semmelweis.hu\/telefonkonyv?emp_id=24345\"> Lesku-Kundr\u00e1k \u00c1gota <\/a>\r\n                            <br \/><span class=\"emp-phone\">szakasszisztens<\/span><\/div>\r\n                        <div class=\"col-12 col-md-6 px-0\"><span class=\"emp-phone\"><i class=\"fa fa-phone\" aria-hidden=\"true\"><\/i>30\/689-4304, <\/span><span class=\"emp-email\"><i class=\"fa fa-envelope-o\" aria-hidden=\"true\"><\/i>lesku-kundrak.agota<i class=\"fa fa-at m-0 text-body\"><\/i>semmelweis.hu<\/span>\r\n                        <\/div>\r\n                    <\/div>\r\n                \r\n            <\/div>\r\n\r\n                <div class=\"col-12 col-md-6 px-0 d-none\"><span class=\"emp-phone\"><i class=\"fa fa-phone\" aria-hidden=\"true\"><\/i>30\/689-4304, <\/span><span class=\"emp-email\"><i class=\"fa fa-envelope-o\" aria-hidden=\"true\"><\/i>lesku-kundrak.agota<i class=\"fa fa-at m-0 text-body\"><\/i>semmelweis.hu<\/span>\r\n                <\/div>\r\n\r\n\r\n        <\/div>\r\n          <div class=\"row mx-0 py-2 result-line \">\r\n            <div class=\"col col-12 px-0 \"><div class=\"row mx-0 pr-2 result-line-content align-items-center\">\r\n                        <div class=\"col-12 col-md-6 px-0 \">\r\n                            <a class=\"emp-name\" href=\"https:\/\/semmelweis.hu\/telefonkonyv?emp_id=24366\">Dr. Menyei-Kiss Magdolna <\/a>\r\n                            <br \/><span class=\"emp-phone\">szakorvos jel\u00f6lt<\/span><\/div>\r\n                        <div class=\"col-12 col-md-6 px-0\"><span class=\"emp-phone\"><i class=\"fa fa-phone\" aria-hidden=\"true\"><\/i>50\/115-1396, <\/span><span class=\"emp-email\"><i class=\"fa fa-envelope-o\" aria-hidden=\"true\"><\/i>menyei.kiss.magdolna<i class=\"fa fa-at m-0 text-body\"><\/i>semmelweis.hu<\/span>\r\n                        <\/div>\r\n                    <\/div>\r\n                \r\n            <\/div>\r\n\r\n                <div class=\"col-12 col-md-6 px-0 d-none\"><span class=\"emp-phone\"><i class=\"fa fa-phone\" aria-hidden=\"true\"><\/i>50\/115-1396, <\/span><span class=\"emp-email\"><i class=\"fa fa-envelope-o\" aria-hidden=\"true\"><\/i>menyei.kiss.magdolna<i class=\"fa fa-at m-0 text-body\"><\/i>semmelweis.hu<\/span>\r\n                <\/div>\r\n\r\n\r\n        <\/div>\r\n          <div class=\"row mx-0 py-2 result-line \">\r\n            <div class=\"col col-12 px-0 \"><div class=\"row mx-0 pr-2 result-line-content align-items-center\">\r\n                        <div class=\"col-12 col-md-6 px-0 \">\r\n                            <a class=\"emp-name\" href=\"https:\/\/semmelweis.hu\/telefonkonyv?emp_id=24346\"> Moln\u00e1r M\u00e1ria <\/a>\r\n                            <br \/><span class=\"emp-phone\">szakasszisztens<\/span><\/div>\r\n                        <div class=\"col-12 col-md-6 px-0\"><span class=\"emp-phone\"><i class=\"fa fa-phone\" aria-hidden=\"true\"><\/i>30\/664-5216, <\/span><span class=\"emp-email\"><i class=\"fa fa-envelope-o\" aria-hidden=\"true\"><\/i>molnar.maria1<i class=\"fa fa-at m-0 text-body\"><\/i>semmelweis.hu<\/span>\r\n                        <\/div>\r\n                    <\/div>\r\n                \r\n            <\/div>\r\n\r\n                <div class=\"col-12 col-md-6 px-0 d-none\"><span class=\"emp-phone\"><i class=\"fa fa-phone\" aria-hidden=\"true\"><\/i>30\/664-5216, <\/span><span class=\"emp-email\"><i class=\"fa fa-envelope-o\" aria-hidden=\"true\"><\/i>molnar.maria1<i class=\"fa fa-at m-0 text-body\"><\/i>semmelweis.hu<\/span>\r\n                <\/div>\r\n\r\n\r\n        <\/div>\r\n          <div class=\"row mx-0 py-2 result-line \">\r\n            <div class=\"col col-12 px-0 \"><div class=\"row mx-0 pr-2 result-line-content align-items-center\">\r\n                        <div class=\"col-12 col-md-6 px-0 \">\r\n                            <a class=\"emp-name\" href=\"https:\/\/semmelweis.hu\/telefonkonyv?emp_id=24348\"> Somogyi Dorina <\/a>\r\n                            <br \/><span class=\"emp-phone\">k\u00e9mikus<\/span><\/div>\r\n                        <div class=\"col-12 col-md-6 px-0\"><span class=\"emp-phone\"><i class=\"fa fa-phone\" aria-hidden=\"true\"><\/i>30\/266-3309, <\/span><span class=\"emp-email\"><i class=\"fa fa-envelope-o\" aria-hidden=\"true\"><\/i>somogyi.dorina<i class=\"fa fa-at m-0 text-body\"><\/i>semmelweis.hu<\/span>\r\n                        <\/div>\r\n                    <\/div>\r\n                \r\n            <\/div>\r\n\r\n                <div class=\"col-12 col-md-6 px-0 d-none\"><span class=\"emp-phone\"><i class=\"fa fa-phone\" aria-hidden=\"true\"><\/i>30\/266-3309, <\/span><span class=\"emp-email\"><i class=\"fa fa-envelope-o\" aria-hidden=\"true\"><\/i>somogyi.dorina<i class=\"fa fa-at m-0 text-body\"><\/i>semmelweis.hu<\/span>\r\n                <\/div>\r\n\r\n\r\n        <\/div>\r\n          <div class=\"row mx-0 py-2 result-line \">\r\n            <div class=\"col col-12 px-0 \"><div class=\"row mx-0 pr-2 result-line-content align-items-center\">\r\n                        <div class=\"col-12 col-md-6 px-0 \">\r\n                            <a class=\"emp-name\" href=\"https:\/\/semmelweis.hu\/telefonkonyv?emp_id=24349\"> Sz\u0151ll\u0151sin\u00e9 Simon Judit <\/a>\r\n                            <br \/><span class=\"emp-phone\">szakasszisztens<\/span><\/div>\r\n                        <div class=\"col-12 col-md-6 px-0\"><span class=\"emp-phone\"><i class=\"fa fa-phone\" aria-hidden=\"true\"><\/i>30\/733-2418, <\/span><span class=\"emp-email\"><i class=\"fa fa-envelope-o\" aria-hidden=\"true\"><\/i>szollosine.simon.judit<i class=\"fa fa-at m-0 text-body\"><\/i>semmelweis.hu<\/span>\r\n                        <\/div>\r\n                    <\/div>\r\n                \r\n            <\/div>\r\n\r\n                <div class=\"col-12 col-md-6 px-0 d-none\"><span class=\"emp-phone\"><i class=\"fa fa-phone\" aria-hidden=\"true\"><\/i>30\/733-2418, <\/span><span class=\"emp-email\"><i class=\"fa fa-envelope-o\" aria-hidden=\"true\"><\/i>szollosine.simon.judit<i class=\"fa fa-at m-0 text-body\"><\/i>semmelweis.hu<\/span>\r\n                <\/div>\r\n\r\n\r\n        <\/div>\r\n          <div class=\"row mx-0 py-2 result-line \">\r\n            <div class=\"col col-12 px-0 \"><div class=\"row mx-0 pr-2 result-line-content align-items-center\">\r\n                        <div class=\"col-12 col-md-6 px-0 \">\r\n                            <a class=\"emp-name\" href=\"https:\/\/semmelweis.hu\/telefonkonyv?emp_id=24350\">Dr. Tordai Attila \u00c1rp\u00e1d <\/a>\r\n                            <br \/><span class=\"emp-phone\">szakorvos<\/span><\/div>\r\n                        <div class=\"col-12 col-md-6 px-0\"><span class=\"emp-phone\"><i class=\"fa fa-phone\" aria-hidden=\"true\"><\/i>20\/663-2334, <\/span><span class=\"emp-email\"><i class=\"fa fa-envelope-o\" aria-hidden=\"true\"><\/i>tordai.attila<i class=\"fa fa-at m-0 text-body\"><\/i>semmelweis.hu<\/span>\r\n                        <\/div>\r\n                    <\/div>\r\n                \r\n            <\/div>\r\n\r\n                <div class=\"col-12 col-md-6 px-0 d-none\"><span class=\"emp-phone\"><i class=\"fa fa-phone\" aria-hidden=\"true\"><\/i>20\/663-2334, <\/span><span class=\"emp-email\"><i class=\"fa fa-envelope-o\" aria-hidden=\"true\"><\/i>tordai.attila<i class=\"fa fa-at m-0 text-body\"><\/i>semmelweis.hu<\/span>\r\n                <\/div>\r\n\r\n\r\n        <\/div><\/div><\/div><\/p>\n<\/div><\/div>\n<\/div>\n<div class=\"keretes w-100\">\n<p><a href=\"https:\/\/semmelweis.hu\/laboratorium\/files\/2025\/06\/SE-AOK-LMI-MU-07_Veszforgatokonyv-SE-LMI-ISLA.pdf\" target=\"_blank\" rel=\"noopener\"><strong>V\u00e9szforga<\/strong><strong>t\u00f3k\u00f6nyv labordiagnosztikai szolg\u00e1ltat\u00e1s le\u00e1ll\u00e1sa eset\u00e9re<\/strong><\/a><\/p>\n<\/div>\n","protected":false},"excerpt":{"rendered":"<p>&nbsp; A laborat\u00f3rium a k\u00f6vetkez\u0151 szakmai profillal v\u00e9gez klinikai diagnosztik\u00e1t:\u00a0 klinikai k\u00e9mia, hematol\u00f3gia, hemoszt\u00e1zis, trombocita funkci\u00f3, vizelet, liquor, gy\u00f3gyszerszint, klinikai transzfuziol\u00f3gia. A m\u0171szerezetts\u00e9g korszer\u0171 \u00e9s megfelel a min\u0151s\u00e9gi \u00e9s a speci\u00e1lis betegell\u00e1t\u00e1s \u00e1ltal t\u00e1masztott ig\u00e9nyeknek a k\u00f6vetkez\u0151 k\u00e9sz\u00fcl\u00e9kekkel: Siemens Dimension RxL Max HM \u00e9s Atellica k\u00e9miai automat\u00e1k, Sysmex XN 550 \u00e9s Sysmex XN 1000 hematol\u00f3giai &hellip;<\/p>\n","protected":false},"author":101692,"featured_media":0,"parent":1466,"menu_order":9,"comment_status":"closed","ping_status":"closed","template":"","meta":{"_acf_changed":false,"footnotes":""},"categories":[],"tags":[],"class_list":["post-4629","page","type-page","status-publish","hentry"],"acf":[],"_links":{"self":[{"href":"https:\/\/semmelweis.hu\/laboratorium\/wp-json\/wp\/v2\/pages\/4629","targetHints":{"allow":["GET"]}}],"collection":[{"href":"https:\/\/semmelweis.hu\/laboratorium\/wp-json\/wp\/v2\/pages"}],"about":[{"href":"https:\/\/semmelweis.hu\/laboratorium\/wp-json\/wp\/v2\/types\/page"}],"author":[{"embeddable":true,"href":"https:\/\/semmelweis.hu\/laboratorium\/wp-json\/wp\/v2\/users\/101692"}],"replies":[{"embeddable":true,"href":"https:\/\/semmelweis.hu\/laboratorium\/wp-json\/wp\/v2\/comments?post=4629"}],"version-history":[{"count":11,"href":"https:\/\/semmelweis.hu\/laboratorium\/wp-json\/wp\/v2\/pages\/4629\/revisions"}],"predecessor-version":[{"id":5464,"href":"https:\/\/semmelweis.hu\/laboratorium\/wp-json\/wp\/v2\/pages\/4629\/revisions\/5464"}],"up":[{"embeddable":true,"href":"https:\/\/semmelweis.hu\/laboratorium\/wp-json\/wp\/v2\/pages\/1466"}],"wp:attachment":[{"href":"https:\/\/semmelweis.hu\/laboratorium\/wp-json\/wp\/v2\/media?parent=4629"}],"wp:term":[{"taxonomy":"category","embeddable":true,"href":"https:\/\/semmelweis.hu\/laboratorium\/wp-json\/wp\/v2\/categories?post=4629"},{"taxonomy":"post_tag","embeddable":true,"href":"https:\/\/semmelweis.hu\/laboratorium\/wp-json\/wp\/v2\/tags?post=4629"}],"curies":[{"name":"wp","href":"https:\/\/api.w.org\/{rel}","templated":true}]}}