{"id":3193,"date":"2022-02-02T15:16:44","date_gmt":"2022-02-02T14:16:44","guid":{"rendered":"https:\/\/semmelweis.hu\/laboratorium\/?page_id=3193"},"modified":"2025-12-11T22:38:28","modified_gmt":"2025-12-11T21:38:28","slug":"lmi-oktato-laboratorium","status":"publish","type":"page","link":"https:\/\/semmelweis.hu\/laboratorium\/reszlegek\/lmi-oktato-laboratorium\/","title":{"rendered":"Oktat\u00f3 laborat\u00f3rium"},"content":{"rendered":"<p><a href=\"https:\/\/semmelweis.hu\/laboratorium\/files\/2024\/01\/Kerdeslista-a-kieso-kontrollertekek-kivizsgalasahoz.pdf\">K\u00e9rd\u00e9slista a kies\u0151 kontroll\u00e9rt\u00e9kek kivizsg\u00e1l\u00e1s\u00e1hoz<\/a><\/p>\n<p style=\"text-align: justify\"><span style=\"font-size: 12pt\">A Laborat\u00f3riumi Medicina Int\u00e9zet 2022-ben nyitotta meg oktat\u00f3 laborat\u00f3rium\u00e1t.\u00a0<\/span><\/p>\n<div class=\"responsive-tabs\">\n<h2 class=\"tabtitle\">Laborat\u00f3rium<\/h2>\n<div class=\"tabcontent\">\n\n<p style=\"text-align: justify\"><span style=\"font-size: 12pt\">Asszisztensek, szakasszisztens, analitikus,\u00a0 orvos \u00e9s gy\u00f3gyszer\u00e9sz hallgat\u00f3k r\u00e9sz\u00e9re gyakorlati lehet\u0151s\u00e9get biztos\u00edt.<\/span><\/p>\n<h5 style=\"text-align: justify\"><img loading=\"lazy\" decoding=\"async\" class=\"wp-image-3207 alignleft\" src=\"https:\/\/semmelweis.hu\/laboratorium\/files\/2022\/02\/oktatolabor02-scaled-e1643813789981-300x198.jpg\" alt=\"\" width=\"252\" height=\"166\" srcset=\"https:\/\/semmelweis.hu\/laboratorium\/files\/2022\/02\/oktatolabor02-scaled-e1643813789981-300x198.jpg 300w, https:\/\/semmelweis.hu\/laboratorium\/files\/2022\/02\/oktatolabor02-scaled-e1643813789981-454x300.jpg 454w, https:\/\/semmelweis.hu\/laboratorium\/files\/2022\/02\/oktatolabor02-scaled-e1643813789981.jpg 700w\" sizes=\"auto, (max-width: 252px) 100vw, 252px\" \/><\/h5>\n<p>&nbsp;<\/p>\n<p>&nbsp;<\/p>\n<p>&nbsp;<\/p>\n<p>&nbsp;<\/p>\n<p>&nbsp;<\/p>\n<p style=\"text-align: justify\">Az oktat\u00f3 laborat\u00f3riumban megtal\u00e1lhat\u00f3k a rutin laborat\u00f3riumi medicina alapvet\u0151 szakter\u00fcleteire jellemz\u0151 m\u0171szerek (klinikai k\u00e9miai, immunk\u00e9miai, hematol\u00f3giai, v\u00e9ralvad\u00e1si, vizeletdiagnosztikai, valamint beteg\u00e1gy mellett haszn\u00e1latos m\u0171szerek) \u00e9s sz\u00e1mos egy\u00e9b demonstr\u00e1ci\u00f3s eszk\u00f6z\u00f6k.<\/p>\n<p><a href=\"https:\/\/semmelweis.hu\/laboratorium\/files\/2022\/02\/oktatolabor03-scaled-e1643813765290.jpg\"><img loading=\"lazy\" decoding=\"async\" class=\"wp-image-3208 alignleft\" src=\"https:\/\/semmelweis.hu\/laboratorium\/files\/2022\/02\/oktatolabor03-scaled-e1643813765290-300x183.jpg\" alt=\"\" width=\"256\" height=\"156\" srcset=\"https:\/\/semmelweis.hu\/laboratorium\/files\/2022\/02\/oktatolabor03-scaled-e1643813765290-300x183.jpg 300w, https:\/\/semmelweis.hu\/laboratorium\/files\/2022\/02\/oktatolabor03-scaled-e1643813765290-491x300.jpg 491w, https:\/\/semmelweis.hu\/laboratorium\/files\/2022\/02\/oktatolabor03-scaled-e1643813765290.jpg 700w\" sizes=\"auto, (max-width: 256px) 100vw, 256px\" \/><\/a><\/p>\n<p>&nbsp;<\/p>\n<p>&nbsp;<\/p>\n<p>&nbsp;<\/p>\n<p>&nbsp;<\/p>\n<p>&nbsp;<\/p>\n<p><strong>Laborat\u00f3rium vezet\u0151: <\/strong>Kov\u00e1cs Kriszti\u00e1n\u00a0<\/p>\n<p><strong>Oktat\u00f3k:<\/strong><\/p>\n<p style=\"padding-left: 40px\">Prof. Dr. V\u00e1s\u00e1rhelyi Barna<br \/>\nL\u00e1szl\u00f3 \u00c1gnes<br \/>\nKov\u00e1cs Kriszti\u00e1n\u00a0<br \/>\nHeigern\u00e9 Holczer T\u00fcnde<br \/>\nDr. Feh\u00e9r Adrienne<br \/>\nDr. Blaha B\u00e9la<\/p>\n<p><strong>El\u00e9rhet\u0151s\u00e9g:\u00a0<\/strong> \u00a0<\/p>\n<p style=\"padding-left: 40px\">Telefon: 20\/666-3756<\/p>\n<p style=\"padding-left: 40px\">Email: kovacs.krisztian1@semmelweis.hu<\/p>\n<p><strong>Telephely<\/strong>: 1083 Budapest, Ill\u00e9s utca 26.<\/p>\n<p>&nbsp;<\/p>\n<h5><a href=\"https:\/\/semmelweis.hu\/laboratorium\/files\/2022\/02\/oktatolabor01-scaled-e1643813677152.jpg\"><img loading=\"lazy\" decoding=\"async\" class=\"alignnone size-medium wp-image-3206\" src=\"https:\/\/semmelweis.hu\/laboratorium\/files\/2022\/02\/oktatolabor01-scaled-e1643813677152-300x168.jpg\" alt=\"\" width=\"300\" height=\"168\" srcset=\"https:\/\/semmelweis.hu\/laboratorium\/files\/2022\/02\/oktatolabor01-scaled-e1643813677152-300x168.jpg 300w, https:\/\/semmelweis.hu\/laboratorium\/files\/2022\/02\/oktatolabor01-scaled-e1643813677152-536x300.jpg 536w, https:\/\/semmelweis.hu\/laboratorium\/files\/2022\/02\/oktatolabor01-scaled-e1643813677152.jpg 700w\" sizes=\"auto, (max-width: 300px) 100vw, 300px\" \/><\/a><\/h5>\n\n<\/div><h2 class=\"tabtitle\">K\u00e9pz\u00e9si anyagok<\/h2>\n<div class=\"tabcontent\">\n\n<p>Szakasszisztens k\u00e9pz\u00e9s anyagai:<\/p>\n<p><a href=\"https:\/\/semmelweis.hu\/laboratorium\/files\/2022\/03\/Veralvadas-gyakorlat.pdf\" target=\"_blank\" rel=\"noopener\">V\u00e9ralvad\u00e1s gyakorlat<\/a><\/p>\n<p><a href=\"https:\/\/semmelweis.hu\/laboratorium\/files\/2023\/01\/Antikoagulans-terapiak-monitorozasa.pdf\" target=\"_blank\" rel=\"noopener\">Antikoagul\u00e1ns ter\u00e1pi\u00e1k monitoroz\u00e1sa<\/a><\/p>\n<p><a href=\"https:\/\/semmelweis.hu\/laboratorium\/files\/2022\/03\/POCT-es-Vizelet.pdf\" target=\"_blank\" rel=\"noopener\">POCT \u00e9s Vizeletdiagnosztika gyakorlat<\/a><\/p>\n<p><a href=\"https:\/\/semmelweis.hu\/laboratorium\/files\/2022\/04\/Immunkemia-gyakorlat.pdf\" target=\"_blank\" rel=\"noopener\">Immunk\u00e9mia gyakorlat<\/a><\/p>\n<p><a href=\"https:\/\/semmelweis.hu\/laboratorium\/files\/2024\/01\/Kerdeslista-a-kieso-kontrollertekek-kivizsgalasahoz.pdf\" target=\"_blank\" rel=\"noopener\">K\u00e9rd\u00e9slista a kies\u0151 kontroll\u00e9rt\u00e9kek kivizsg\u00e1l\u00e1s\u00e1hoz<\/a><\/p>\n<p><a href=\"https:\/\/semmelweis.hu\/laboratorium\/files\/2022\/04\/Vercsoport-szerologia_nehany-dia.pdf\" target=\"_blank\" rel=\"noopener\">V\u00e9rcsoport szerol\u00f3gia_n\u00e9h\u00e1ny dia<\/a><\/p>\n<p><a href=\"https:\/\/semmelweis.hu\/laboratorium\/files\/2022\/04\/TDM.pdf\" target=\"_blank\" rel=\"noopener\">TDM oktat\u00e1s<\/a><\/p>\n<p><a href=\"https:\/\/semmelweis.hu\/laboratorium\/files\/2022\/04\/Osszefoglalo-tanulasi-segedlet-haematologia-temakorbol.pdf\" target=\"_blank\" rel=\"noopener\">\u00d6sszefoglal\u00f3 tanul\u00e1si seg\u00e9dlet haematol\u00f3gia t\u00e9mak\u00f6rb\u0151l<\/a><\/p>\n<p><a href=\"https:\/\/semmelweis.hu\/laboratorium\/files\/2022\/04\/Westgard-szabalyok.pdf\" target=\"_blank\" rel=\"noopener\">Westgard szab\u00e1lyok<\/a><\/p>\n<p><a href=\"https:\/\/semmelweis.hu\/laboratorium\/files\/2025\/03\/Gyakorlat-diasor_20250310.pdf\" target=\"_blank\" rel=\"noopener\">Laborgyakorlatok<\/a><\/p>\n<\/div><\/div>\n<p>&nbsp;<\/p>\n<p>&nbsp;<\/p>\n","protected":false},"excerpt":{"rendered":"<p><a href=\"https:\/\/semmelweis.hu\/laboratorium\/files\/2024\/01\/Kerdeslista-a-kieso-kontrollertekek-kivizsgalasahoz.pdf\">K\u00e9rd\u00e9slista a kies\u0151 kontroll\u00e9rt\u00e9kek kivizsg\u00e1l\u00e1s\u00e1hoz<\/a> A Laborat\u00f3riumi Medicina Int\u00e9zet 2022-ben nyitotta meg oktat\u00f3 laborat\u00f3rium\u00e1t.\u00a0 Asszisztensek, szakasszisztens, analitikus,\u00a0 orvos \u00e9s gy\u00f3gyszer\u00e9sz hallgat\u00f3k r\u00e9sz\u00e9re gyakorlati lehet\u0151s\u00e9get biztos\u00edt. &nbsp; &nbsp; &nbsp; &nbsp; &nbsp; Az oktat\u00f3 laborat\u00f3riumban megtal\u00e1lhat\u00f3k a rutin laborat\u00f3riumi medicina alapvet\u0151 szakter\u00fcleteire jellemz\u0151 m\u0171szerek (klinikai k\u00e9miai, immunk\u00e9miai, hematol\u00f3giai, v\u00e9ralvad\u00e1si, vizeletdiagnosztikai, valamint beteg\u00e1gy mellett haszn\u00e1latos m\u0171szerek) \u00e9s sz\u00e1mos egy\u00e9b demonstr\u00e1ci\u00f3s eszk\u00f6z\u00f6k. <a href=\"https:\/\/semmelweis.hu\/laboratorium\/files\/2022\/02\/oktatolabor03-scaled-e1643813765290.jpg\"><\/a> &nbsp; &nbsp; &hellip;<\/p>\n","protected":false},"author":101692,"featured_media":0,"parent":1466,"menu_order":12,"comment_status":"closed","ping_status":"closed","template":"","meta":{"_acf_changed":false,"footnotes":""},"categories":[],"tags":[],"class_list":["post-3193","page","type-page","status-publish","hentry"],"acf":[],"_links":{"self":[{"href":"https:\/\/semmelweis.hu\/laboratorium\/wp-json\/wp\/v2\/pages\/3193","targetHints":{"allow":["GET"]}}],"collection":[{"href":"https:\/\/semmelweis.hu\/laboratorium\/wp-json\/wp\/v2\/pages"}],"about":[{"href":"https:\/\/semmelweis.hu\/laboratorium\/wp-json\/wp\/v2\/types\/page"}],"author":[{"embeddable":true,"href":"https:\/\/semmelweis.hu\/laboratorium\/wp-json\/wp\/v2\/users\/101692"}],"replies":[{"embeddable":true,"href":"https:\/\/semmelweis.hu\/laboratorium\/wp-json\/wp\/v2\/comments?post=3193"}],"version-history":[{"count":10,"href":"https:\/\/semmelweis.hu\/laboratorium\/wp-json\/wp\/v2\/pages\/3193\/revisions"}],"predecessor-version":[{"id":4682,"href":"https:\/\/semmelweis.hu\/laboratorium\/wp-json\/wp\/v2\/pages\/3193\/revisions\/4682"}],"up":[{"embeddable":true,"href":"https:\/\/semmelweis.hu\/laboratorium\/wp-json\/wp\/v2\/pages\/1466"}],"wp:attachment":[{"href":"https:\/\/semmelweis.hu\/laboratorium\/wp-json\/wp\/v2\/media?parent=3193"}],"wp:term":[{"taxonomy":"category","embeddable":true,"href":"https:\/\/semmelweis.hu\/laboratorium\/wp-json\/wp\/v2\/categories?post=3193"},{"taxonomy":"post_tag","embeddable":true,"href":"https:\/\/semmelweis.hu\/laboratorium\/wp-json\/wp\/v2\/tags?post=3193"}],"curies":[{"name":"wp","href":"https:\/\/api.w.org\/{rel}","templated":true}]}}