{"id":2805,"date":"2021-03-17T09:19:33","date_gmt":"2021-03-17T08:19:33","guid":{"rendered":"https:\/\/semmelweis.hu\/laboratorium\/?page_id=2805"},"modified":"2022-04-13T19:47:36","modified_gmt":"2022-04-13T17:47:36","slug":"hallgatoi-visszajelzes","status":"publish","type":"page","link":"https:\/\/semmelweis.hu\/laboratorium\/oktatas\/hallgatoi-visszajelzes\/","title":{"rendered":"Hallgat\u00f3i Visszajelz\u00e9s"},"content":{"rendered":"<p style=\"text-align: justify\">A Laborat\u00f3riumi Medicina Int\u00e9zet ezen az oldalon teszi k\u00f6zz\u00e9 az oktat\u00e1si tev\u00e9kenys\u00e9ge sor\u00e1n kapott hallgat\u00f3i visszajelz\u00e9seket \u00e9s a visszajelz\u00e9seket is alapul vev\u0151, az oktat\u00e1si tev\u00e9kenys\u00e9g jav\u00edt\u00e1s\u00e1t szolg\u00e1l\u00f3 oktat\u00e1si int\u00e9zked\u00e9si terveket.\u00a0<\/p>\n<p>&nbsp;<\/p>\n<p>&nbsp;<\/p>\n<p>&nbsp;<\/p>\n<p>&nbsp;<\/p>\n","protected":false},"excerpt":{"rendered":"<p>A Laborat\u00f3riumi Medicina Int\u00e9zet ezen az oldalon teszi k\u00f6zz\u00e9 az oktat\u00e1si tev\u00e9kenys\u00e9ge sor\u00e1n kapott hallgat\u00f3i visszajelz\u00e9seket \u00e9s a visszajelz\u00e9seket is alapul vev\u0151, az oktat\u00e1si tev\u00e9kenys\u00e9g jav\u00edt\u00e1s\u00e1t szolg\u00e1l\u00f3 oktat\u00e1si int\u00e9zked\u00e9si terveket.\u00a0<br \/>\n&nbsp;<br \/>\n&nbsp;<br \/>\n&nbsp;<br \/>\n&nbsp;<\/p>\n","protected":false},"author":101692,"featured_media":0,"parent":285,"menu_order":3,"comment_status":"closed","ping_status":"closed","template":"","meta":{"_acf_changed":false,"footnotes":""},"categories":[],"tags":[],"class_list":["post-2805","page","type-page","status-publish","hentry"],"acf":[],"_links":{"self":[{"href":"https:\/\/semmelweis.hu\/laboratorium\/wp-json\/wp\/v2\/pages\/2805","targetHints":{"allow":["GET"]}}],"collection":[{"href":"https:\/\/semmelweis.hu\/laboratorium\/wp-json\/wp\/v2\/pages"}],"about":[{"href":"https:\/\/semmelweis.hu\/laboratorium\/wp-json\/wp\/v2\/types\/page"}],"author":[{"embeddable":true,"href":"https:\/\/semmelweis.hu\/laboratorium\/wp-json\/wp\/v2\/users\/101692"}],"replies":[{"embeddable":true,"href":"https:\/\/semmelweis.hu\/laboratorium\/wp-json\/wp\/v2\/comments?post=2805"}],"version-history":[{"count":4,"href":"https:\/\/semmelweis.hu\/laboratorium\/wp-json\/wp\/v2\/pages\/2805\/revisions"}],"predecessor-version":[{"id":2816,"href":"https:\/\/semmelweis.hu\/laboratorium\/wp-json\/wp\/v2\/pages\/2805\/revisions\/2816"}],"up":[{"embeddable":true,"href":"https:\/\/semmelweis.hu\/laboratorium\/wp-json\/wp\/v2\/pages\/285"}],"wp:attachment":[{"href":"https:\/\/semmelweis.hu\/laboratorium\/wp-json\/wp\/v2\/media?parent=2805"}],"wp:term":[{"taxonomy":"category","embeddable":true,"href":"https:\/\/semmelweis.hu\/laboratorium\/wp-json\/wp\/v2\/categories?post=2805"},{"taxonomy":"post_tag","embeddable":true,"href":"https:\/\/semmelweis.hu\/laboratorium\/wp-json\/wp\/v2\/tags?post=2805"}],"curies":[{"name":"wp","href":"https:\/\/api.w.org\/{rel}","templated":true}]}}