{"id":2510,"date":"2020-09-13T10:28:44","date_gmt":"2020-09-13T08:28:44","guid":{"rendered":"https:\/\/semmelweis.hu\/laboratorium\/?page_id=2510"},"modified":"2025-09-17T07:55:24","modified_gmt":"2025-09-17T05:55:24","slug":"pharmaceutical-programme","status":"publish","type":"page","link":"https:\/\/semmelweis.hu\/laboratorium\/deustch\/pharmaceutical-programme\/","title":{"rendered":"Pharmazeutisches Programm"},"content":{"rendered":"<div class=\"entry-title lead\" style=\"text-align: justify\">Im Studienjahr 2025\/26 organisierte die Abteilung f\u00fcr Laboratoriumsmedizin die Lehre der F\u00e4cher Klinische Chemie und Labordiagnostik (GYKLMI082E1N) f\u00fcr Studenten im dritten Studienjahr der Fakult\u00e4t f\u00fcr Pharmazie.<\/div>\n<div>\u00a0<\/div>\n<div class=\"entry-content\">\n<div class=\"fontos_div\">\n<p><a href=\"https:\/\/semmelweis.hu\/laboratorium\/files\/2025\/09\/Klinische-Chemie-und-Labordiagnostik_2025_26.pdf\" target=\"_blank\" rel=\"noopener\"><strong>KURSPROGRAMM\u00a0<\/strong><\/a><\/p>\n<\/div>\n<\/div>\n<p>&nbsp;<\/p>\n<p><strong>W\u00f6chentliche laborbesuche<\/strong><\/p>\n<p>Findet im Rahmen des Kurses \u201eKlinische Chemie und Labordiagnostik\u201c jede Woche ein 45-min\u00fctiger pers\u00f6nlicher Laborbesuch oder Analyse der Laborbefunde statt:<\/p>\n<p><strong>Ort und Datum der Laborbesuche<\/strong><\/p>\n<p>&nbsp;<\/p>\n<div class=\"entry-content\">\n<div class=\"fontos_div\">\n<p>Video-Aufzeichnungen und Folien\u00a0der Vorlesungen sind im Moodle verf\u00fcgbar: <a href=\"https:\/\/itc.semmelweis.hu\/moodle\/course\/view.php?id=10531\" target=\"_blank\" rel=\"noopener\">Klinische Chemie und Labordiagnostik (Vorlesung) (DP, 2025\/26)<\/a><\/p>\n<\/div>\n<p dir=\"ltr\">\u00a0<\/p>\n<div class=\"keretes w-100\">\n<p dir=\"ltr\"><strong>PR\u00dcFUNG<\/strong><\/p>\n<p>Die Kontrollpr\u00fcfung kann zu den in Neptun bekannt gegebenen Pr\u00fcfungsterminen online auf Moodle abgelegt werden.<\/p>\n<p>Bei der Kontrollpr\u00fcfung m\u00fcssen 50 Fragen in 50 Minuten gel\u00f6st werden. Die meisten Fragen sind Single-Choice-Fragen (vor den Antworten steht ein Kreis), aber es gibt auch einige Multiple-Choice-Fragen (vor der Antwort steht ein Quadrat).<\/p>\n<\/div>\n<p>&nbsp;<\/p>\n<p>Wertung:<\/p>\n<p>46 \u2013 50 Punkte: ausgezeichnet<\/p>\n<p>41 \u2013 45 Punkte: gut<\/p>\n<p>36 \u2013 40 Punkte: befriedigend<\/p>\n<p>31 \u2013 35 Punkte: eher schwach<\/p>\n<p>30 Punkte oder weniger: nicht bestanden<\/p>\n<p>&nbsp;<\/p>\n<p>Auf Moodle steht ein Mustertest zur Verf\u00fcgung, um sich \u00fcber Art und M\u00f6glichkeiten der Kontrollpr\u00fcfung zu informieren. Dieser Test enth\u00e4lt 11 Aufgaben, sie sind 6,6 Minuten zu l\u00f6sen. Unbegrenzte Wiederholbarkeit.<\/p>\n<p dir=\"ltr\" style=\"text-align: justify\">Die folgenden Materialien helfen Ihnen auch bei der Vorbereitung auf die Pr\u00fcfung:<\/p>\n<p dir=\"ltr\"><a href=\"https:\/\/semmelweis.hu\/laboratorium\/files\/2022\/12\/Learning-aid-for-exam-NEW.pdf\" target=\"_blank\" rel=\"noopener\"><strong>Learning aid for the exam<\/strong><\/a><\/p>\n<\/div>\n","protected":false},"excerpt":{"rendered":"<p>Im Studienjahr 2025\/26 organisierte die Abteilung f\u00fcr Laboratoriumsmedizin die Lehre der F\u00e4cher Klinische Chemie und Labordiagnostik (GYKLMI082E1N) f\u00fcr Studenten im dritten Studienjahr der Fakult\u00e4t f\u00fcr Pharmazie. \u00a0 <a href=\"https:\/\/semmelweis.hu\/laboratorium\/files\/2025\/09\/Klinische-Chemie-und-Labordiagnostik_2025_26.pdf\" target=\"_blank\" rel=\"noopener\">KURSPROGRAMM\u00a0<\/a> &nbsp; W\u00f6chentliche laborbesuche Findet im Rahmen des Kurses \u201eKlinische Chemie und Labordiagnostik\u201c jede Woche ein 45-min\u00fctiger pers\u00f6nlicher Laborbesuch oder Analyse der Laborbefunde statt: Ort und Datum der Laborbesuche &hellip;<\/p>\n","protected":false},"author":101692,"featured_media":0,"parent":99,"menu_order":2,"comment_status":"closed","ping_status":"closed","template":"","meta":{"_acf_changed":false,"footnotes":""},"categories":[],"tags":[],"class_list":["post-2510","page","type-page","status-publish","hentry"],"acf":[],"_links":{"self":[{"href":"https:\/\/semmelweis.hu\/laboratorium\/wp-json\/wp\/v2\/pages\/2510","targetHints":{"allow":["GET"]}}],"collection":[{"href":"https:\/\/semmelweis.hu\/laboratorium\/wp-json\/wp\/v2\/pages"}],"about":[{"href":"https:\/\/semmelweis.hu\/laboratorium\/wp-json\/wp\/v2\/types\/page"}],"author":[{"embeddable":true,"href":"https:\/\/semmelweis.hu\/laboratorium\/wp-json\/wp\/v2\/users\/101692"}],"replies":[{"embeddable":true,"href":"https:\/\/semmelweis.hu\/laboratorium\/wp-json\/wp\/v2\/comments?post=2510"}],"version-history":[{"count":11,"href":"https:\/\/semmelweis.hu\/laboratorium\/wp-json\/wp\/v2\/pages\/2510\/revisions"}],"predecessor-version":[{"id":5205,"href":"https:\/\/semmelweis.hu\/laboratorium\/wp-json\/wp\/v2\/pages\/2510\/revisions\/5205"}],"up":[{"embeddable":true,"href":"https:\/\/semmelweis.hu\/laboratorium\/wp-json\/wp\/v2\/pages\/99"}],"wp:attachment":[{"href":"https:\/\/semmelweis.hu\/laboratorium\/wp-json\/wp\/v2\/media?parent=2510"}],"wp:term":[{"taxonomy":"category","embeddable":true,"href":"https:\/\/semmelweis.hu\/laboratorium\/wp-json\/wp\/v2\/categories?post=2510"},{"taxonomy":"post_tag","embeddable":true,"href":"https:\/\/semmelweis.hu\/laboratorium\/wp-json\/wp\/v2\/tags?post=2510"}],"curies":[{"name":"wp","href":"https:\/\/api.w.org\/{rel}","templated":true}]}}