{"id":2118,"date":"2019-11-28T13:48:00","date_gmt":"2019-11-28T12:48:00","guid":{"rendered":"http:\/\/semmelweis.hu\/laboratorium\/?page_id=2118"},"modified":"2025-06-04T12:02:30","modified_gmt":"2025-06-04T10:02:30","slug":"doktori-kepzes","status":"publish","type":"page","link":"https:\/\/semmelweis.hu\/laboratorium\/kutatas\/doktori-kepzes\/","title":{"rendered":"Doktori k\u00e9pz\u00e9s"},"content":{"rendered":"<div style=\"text-align: justify\">A Semmelweis Egyetem \u00c1OK Laborat\u00f3riumi Medicina Int\u00e9zet munkat\u00e1rsai a Klinikai Orvostudom\u00e1nyok Doktori Iskola al\u00e1bbi tagozat\u00e1ban vezetnek t\u00e9m\u00e1kat.<\/div>\n<div>\u00a0<\/div>\n<div class=\"lead\"><span style=\"font-size: 14pt\"><a href=\"https:\/\/semmelweis.hu\/phd\/elmeleti-es-transzlacios-orvostudomanyi-tagozat\/\" target=\"_blank\" rel=\"noopener\">Elm\u00e9leti \u00e9s Transzl\u00e1ci\u00f3s Orvostudom\u00e1nyi Tagozat<\/a><\/span><\/div>\n<div>\u00a0<\/div>\n<div class=\"keretes w-100\">\n<p><strong>Program: Alapkutat\u00e1sok klinikai alkalmaz\u00e1sa<\/strong><\/p>\n<p>Programvezet\u0151: Prof. Dr. V\u00e1s\u00e1rhelyi Barna Ph.D., D.Sc.<\/p>\n<\/div>\n<p>Doktori k\u00e9pz\u00e9st a SE Doktori Szab\u00e1lyzat r\u00e9szletesen szab\u00e1lyozza.<\/p>\n<p>&nbsp;<\/p>\n<div class=\"lead\"><strong>Ph.D. hallgat\u00f3k 2025-ben:<\/strong><\/div>\n<p>T\u00e9mavezet\u0151: Dr. Karvaly Gell\u00e9rt Bal\u00e1zs D.Pharm., Ph.D.<\/p>\n<p>Dr. K\u00f6ll\u0151 Zolt\u00e1n, M.D.<br \/>\nDr. Guly\u00e1s Eszter, D.Pharm.<br \/>\nDr. K\u00e1rp\u00e1thi Istv\u00e1n Keve, M.D.<br \/>\nDr. Keszty\u0171s Viktor, M.D.<br \/>\nDr. K\u00f3ph\u00e1zi Luca Krisztina, M.D.<\/p>\n<p>&nbsp;<\/p>\n","protected":false},"excerpt":{"rendered":"<p>A Semmelweis Egyetem \u00c1OK Laborat\u00f3riumi Medicina Int\u00e9zet munkat\u00e1rsai a Klinikai Orvostudom\u00e1nyok Doktori Iskola al\u00e1bbi tagozat\u00e1ban vezetnek t\u00e9m\u00e1kat. \u00a0 <a href=\"https:\/\/semmelweis.hu\/phd\/elmeleti-es-transzlacios-orvostudomanyi-tagozat\/\" target=\"_blank\" rel=\"noopener\">Elm\u00e9leti \u00e9s Transzl\u00e1ci\u00f3s Orvostudom\u00e1nyi Tagozat<\/a> \u00a0 Program: Alapkutat\u00e1sok klinikai alkalmaz\u00e1sa Programvezet\u0151: Prof. Dr. V\u00e1s\u00e1rhelyi Barna Ph.D., D.Sc. Doktori k\u00e9pz\u00e9st a SE Doktori Szab\u00e1lyzat r\u00e9szletesen szab\u00e1lyozza. &nbsp; Ph.D. hallgat\u00f3k 2025-ben: T\u00e9mavezet\u0151: Dr. Karvaly Gell\u00e9rt Bal\u00e1zs D.Pharm., Ph.D. Dr. K\u00f6ll\u0151 Zolt\u00e1n, M.D. Dr. Guly\u00e1s &hellip;<\/p>\n","protected":false},"author":101692,"featured_media":0,"parent":13,"menu_order":4,"comment_status":"closed","ping_status":"closed","template":"","meta":{"_acf_changed":false,"footnotes":""},"categories":[],"tags":[],"class_list":["post-2118","page","type-page","status-publish","hentry"],"acf":[],"_links":{"self":[{"href":"https:\/\/semmelweis.hu\/laboratorium\/wp-json\/wp\/v2\/pages\/2118","targetHints":{"allow":["GET"]}}],"collection":[{"href":"https:\/\/semmelweis.hu\/laboratorium\/wp-json\/wp\/v2\/pages"}],"about":[{"href":"https:\/\/semmelweis.hu\/laboratorium\/wp-json\/wp\/v2\/types\/page"}],"author":[{"embeddable":true,"href":"https:\/\/semmelweis.hu\/laboratorium\/wp-json\/wp\/v2\/users\/101692"}],"replies":[{"embeddable":true,"href":"https:\/\/semmelweis.hu\/laboratorium\/wp-json\/wp\/v2\/comments?post=2118"}],"version-history":[{"count":10,"href":"https:\/\/semmelweis.hu\/laboratorium\/wp-json\/wp\/v2\/pages\/2118\/revisions"}],"predecessor-version":[{"id":5027,"href":"https:\/\/semmelweis.hu\/laboratorium\/wp-json\/wp\/v2\/pages\/2118\/revisions\/5027"}],"up":[{"embeddable":true,"href":"https:\/\/semmelweis.hu\/laboratorium\/wp-json\/wp\/v2\/pages\/13"}],"wp:attachment":[{"href":"https:\/\/semmelweis.hu\/laboratorium\/wp-json\/wp\/v2\/media?parent=2118"}],"wp:term":[{"taxonomy":"category","embeddable":true,"href":"https:\/\/semmelweis.hu\/laboratorium\/wp-json\/wp\/v2\/categories?post=2118"},{"taxonomy":"post_tag","embeddable":true,"href":"https:\/\/semmelweis.hu\/laboratorium\/wp-json\/wp\/v2\/tags?post=2118"}],"curies":[{"name":"wp","href":"https:\/\/api.w.org\/{rel}","templated":true}]}}