{"id":2111,"date":"2019-11-28T13:34:49","date_gmt":"2019-11-28T12:34:49","guid":{"rendered":"http:\/\/semmelweis.hu\/laboratorium\/?page_id=2111"},"modified":"2023-09-21T19:28:13","modified_gmt":"2023-09-21T17:28:13","slug":"szakdolgozatok","status":"publish","type":"page","link":"https:\/\/semmelweis.hu\/laboratorium\/oktatas\/gradualis-kepzes-2\/szakdolgozatok\/","title":{"rendered":"Laborat\u00f3riumi medicina t\u00e1rgy Orvostanhallgat\u00f3k r\u00e9sz\u00e9re"},"content":{"rendered":"<p style=\"text-align: justify\">Az \u00e1ltal\u00e1nos orvosk\u00e9pz\u00e9sen bel\u00fcl a Laborat\u00f3riumi Medicina t\u00e1rgy oktat\u00e1s\u00e1nak a c\u00e9lja, hogy a hallgat\u00f3k elsaj\u00e1t\u00edts\u00e1k azt a szeml\u00e9letet, aminek a r\u00e9v\u00e9n a k\u00e9s\u0151bbi gy\u00f3gy\u00edt\u00f3 munka sor\u00e1n a klinikai laborat\u00f3rium fel\u00e9 c\u00e9lzottan j\u00f3l defini\u00e1lt vizsg\u00e1lati k\u00e9rd\u00e9seket tudnak feltenni; a kapott eredm\u00e9nyeket helyesen tudj\u00e1k \u00e9rt\u00e9kelni \u00e9s be\u00e9p\u00edteni a diagnosztikus algoritmusba.<\/p>\n<p style=\"text-align: justify\">\u00a0Az oktat\u00e1s kapcs\u00e1n a hallgat\u00f3k inform\u00e1ci\u00f3t kapnak arr\u00f3l, hogy a klinikai \u201erutin\u201d laborat\u00f3riumban milyen munkafolyamat vezet az eredm\u00e9nyk\u00f6zl\u00e9sig, egyes k\u00f3rk\u00e9pek sor\u00e1n milyen laborat\u00f3riumi vizsg\u00e1latok v\u00e9gz\u00e9se indokolt \u00e9s c\u00e9lszer\u0171, a kapott laborat\u00f3riumi eredm\u00e9nyek \u00e9rt\u00e9kel\u00e9se sor\u00e1n milyen szempontokat kell figyelembe venni, megismerkedjenek a mai modern laborat\u00f3riumi elj\u00e1r\u00e1sokkal (hematol\u00f3giai- \u00e9s immunol\u00f3giai automat\u00e1k eredm\u00e9ny k\u00f6zl\u00e9sei, \u00e1raml\u00e1si citometri\u00e1s anal\u00edzisek, t\u00f6megspektrometri\u00e1s vizsg\u00e1latok, ter\u00e1pi\u00e1s gy\u00f3gyszerszint monitoroz\u00e1s, molekul\u00e1ris biol\u00f3giai vizsg\u00e1latok).<\/p>\n<p style=\"text-align: justify\"><div class=\"responsive-tabs\">\n<h2 class=\"tabtitle\">Tant\u00e1rgyle\u00edr\u00e1s, k\u00f6vetelm\u00e9nyrendszer<\/h2>\n<div class=\"tabcontent\">\n<\/p>\n<div class=\"entry-content\">\n<p style=\"text-align: justify\">A\u00a0<b><i>Laborat\u00f3riumi Medicina<\/i><\/b><b>\u00a0<\/b>t\u00e1rgy (<b>AOKLMI709_1M<\/b>) oktat\u00e1s\u00e1ra az \u00c1OK hallgat\u00f3k IV. \u00e9vfolyam\u00e1ban ker\u00fcl sor.<\/p>\n<p style=\"text-align: justify\">A t\u00e1rgy oktat\u00e1s\u00e1nak c\u00e9lja a laborat\u00f3riumi munkafolyamatok megismertet\u00e9se, a laborat\u00f3riumi d\u00f6nt\u00e9shozatal logik\u00e1j\u00e1nak, buktat\u00f3inak \u00e9s felt\u00e9telrendszer\u00e9nek megismer\u00e9se. Az \u00e1ltal\u00e1nos alapismereteken t\u00fal a belgy\u00f3gy\u00e1szati k\u00e9pz\u00e9sbe integr\u00e1lva, ahhoz szorosan kapcsol\u00f3d\u00f3 diagnosztikus probl\u00e9m\u00e1k megbesz\u00e9l\u00e9se az \u00e9letb\u0151l hozott p\u00e9ld\u00e1k seg\u00edts\u00e9g\u00e9vel. A kurrikulum elv\u00e9gz\u00e9se ut\u00e1n a hallgat\u00f3k a korszer\u0171 diagnosztikus lehet\u0151s\u00e9gek elm\u00e9leti \u00e9s gyakorlati tud\u00e1s\u00e1nak birtok\u00e1ban \u00f6n\u00e1ll\u00f3an lesznek k\u00e9pesek k\u00f6lts\u00e9ghat\u00e9kony diagnosztikus algoritmusok fel\u00e1ll\u00edt\u00e1s\u00e1ra \u00e9s azok eredm\u00e9nyeinek \u00e9rt\u00e9kel\u00e9s\u00e9re.<\/p>\n<p style=\"text-align: justify\">A tant\u00e1rgy felv\u00e9tel\u00e9hez, illetve elsaj\u00e1t\u00edt\u00e1s\u00e1hoz sz\u00fcks\u00e9ges el\u0151tanulm\u00e1nyi felt\u00e9telek: Orvosi mikrobiol\u00f3gia II. (AOKMIK022_2M), Transzl\u00e1ci\u00f3s medicina \u00e9s k\u00f3r\u00e9lettan (AOKTLM740_2M) t\u00e1rgyak teljes\u00edt\u00e9se.<\/p>\n<p style=\"text-align: justify\">A k\u00e9pz\u00e9s 21 \u00f3ra elm\u00e9leti el\u0151ad\u00e1sb\u00f3l \u00e9s 14 \u00f3ra gyakorlatb\u00f3l \u00e1ll. Az oktat\u00e1s minden hallgat\u00f3nak egy h\u00e9tig tart\u00f3 t\u00f6mbben\/ turnusban ker\u00fcl megszervez\u00e9sre. A hallgat\u00f3knak a tan\u00e9v sor\u00e1n megszervezett 16 azonos turnus valamelyik\u00e9ben kell r\u00e9szt venni\u00fck.\u00a0<\/p>\n<p style=\"text-align: justify\"><strong>A foglalkoz\u00e1sokon val\u00f3 r\u00e9szv\u00e9tel k\u00f6vetelm\u00e9nyei \u00e9s a t\u00e1volmarad\u00e1s p\u00f3tl\u00e1s\u00e1nak lehet\u0151s\u00e9ge:<\/strong><\/p>\n<p style=\"text-align: justify\">A tanulm\u00e1nyi \u00e9s vizsgaszab\u00e1lyzatnak megfelel\u0151en a gyakorlatok 75%-\u00e1n k\u00f6telez\u0151 a r\u00e9szv\u00e9tel. A p\u00f3tl\u00e1sra t\u00e1vkonzult\u00e1ci\u00f3s alkalmakat hirdet\u00fcnk meg az egyetemi Zoom keret\u00e9n bel\u00fcl, t\u00f6mb\u00f6nk\u00e9nt 2 alkalommal.<\/p>\n<p style=\"text-align: justify\"><strong>A megszerzett ismeretek ellen\u0151rz\u00e9s\u00e9nek m\u00f3dja a szorgalmi id\u0151szakban:<\/strong><\/p>\n<p style=\"text-align: justify\">Minden elm\u00e9leti \u00e9s gyakorlati t\u00e9m\u00e1hoz tartoz\u00f3 blended-learning anyagot \u00e1ll\u00edtunk \u00f6ssze, amit a hallgat\u00f3k szabadidej\u00fckben \u00e1t tudnak tanulm\u00e1nyozni \u00e9s az ezekhez tartoz\u00f3 tesztk\u00e9rd\u00e9seket a Moodle-rendszer keret\u00e9ben megv\u00e1laszolj\u00e1k. A rendszer sz\u00e1mon tartja eredm\u00e9nyeiket \u00e9s amennyiben 80% felett teljes\u00edtenek, \u00fagy sz\u00e1mukra a vizsgajegyet megaj\u00e1nljuk (80-89,9% \u2013 j\u00f3, 90-100% \u2013 jeles). A gyakorlatokon r\u00e9szt vev\u0151 hallgat\u00f3knak az el\u0151bb eml\u00edtett e-learning anyagok seg\u00edts\u00e9g\u00e9vel online elm\u00e9leti felk\u00e9sz\u00fcl\u00e9st kell teljes\u00edteni, ennek elv\u00e9gz\u00e9s\u00e9t a tanagyagban tal\u00e1lhat\u00f3 tesztek sikeres teljes\u00edt\u00e9s\u00e9vel igazolj\u00e1k.\u00a0<\/p>\n<p style=\"text-align: justify\"><strong>A f\u00e9l\u00e9v al\u00e1\u00edr\u00e1s\u00e1nak k\u00f6vetelm\u00e9nyei:<\/strong><\/p>\n<p style=\"text-align: justify\">A gyakorlati online elm\u00e9leti tesztek teljes\u00edt\u00e9se \u00e9s a gyakorlatokon t\u00f6rt\u00e9n\u0151 r\u00e9szv\u00e9tel.<\/p>\n<p style=\"text-align: justify\">A hallgat\u00f3k a NEPTUN rendszeren kereszt\u00fcl jelentkezhetnek a vizsg\u00e1kra. Az \u00e9rdemjegyet a vizsg\u00e1ztat\u00f3 a NEPTUN rendszerben r\u00f6gz\u00edti.<\/p>\n<p><a href=\"https:\/\/semmelweis.hu\/laboratorium\/files\/2023\/09\/Tantargyi-kovetelmenyrendszer-Laboratoriumi-medicina_2023_24.pdf\" target=\"_blank\" rel=\"noopener\"><u><b>K\u00d6VETELM\u00c9NYRENDSZER<\/b><\/u><\/a><\/p>\n<\/div>\n<\/div><\/div>\n","protected":false},"excerpt":{"rendered":"<p>Az \u00e1ltal\u00e1nos orvosk\u00e9pz\u00e9sen bel\u00fcl a Laborat\u00f3riumi Medicina t\u00e1rgy oktat\u00e1s\u00e1nak a c\u00e9lja, hogy a hallgat\u00f3k elsaj\u00e1t\u00edts\u00e1k azt a szeml\u00e9letet, aminek a r\u00e9v\u00e9n a k\u00e9s\u0151bbi gy\u00f3gy\u00edt\u00f3 munka sor\u00e1n a klinikai laborat\u00f3rium fel\u00e9 c\u00e9lzottan j\u00f3l defini\u00e1lt vizsg\u00e1lati k\u00e9rd\u00e9seket tudnak feltenni; a kapott eredm\u00e9nyeket helyesen tudj\u00e1k \u00e9rt\u00e9kelni \u00e9s be\u00e9p\u00edteni a diagnosztikus algoritmusba. \u00a0Az oktat\u00e1s kapcs\u00e1n a hallgat\u00f3k inform\u00e1ci\u00f3t kapnak &hellip;<\/p>\n","protected":false},"author":101692,"featured_media":0,"parent":2103,"menu_order":1,"comment_status":"closed","ping_status":"closed","template":"","meta":{"_acf_changed":false,"footnotes":""},"categories":[],"tags":[],"class_list":["post-2111","page","type-page","status-publish","hentry"],"acf":[],"_links":{"self":[{"href":"https:\/\/semmelweis.hu\/laboratorium\/wp-json\/wp\/v2\/pages\/2111","targetHints":{"allow":["GET"]}}],"collection":[{"href":"https:\/\/semmelweis.hu\/laboratorium\/wp-json\/wp\/v2\/pages"}],"about":[{"href":"https:\/\/semmelweis.hu\/laboratorium\/wp-json\/wp\/v2\/types\/page"}],"author":[{"embeddable":true,"href":"https:\/\/semmelweis.hu\/laboratorium\/wp-json\/wp\/v2\/users\/101692"}],"replies":[{"embeddable":true,"href":"https:\/\/semmelweis.hu\/laboratorium\/wp-json\/wp\/v2\/comments?post=2111"}],"version-history":[{"count":10,"href":"https:\/\/semmelweis.hu\/laboratorium\/wp-json\/wp\/v2\/pages\/2111\/revisions"}],"predecessor-version":[{"id":4128,"href":"https:\/\/semmelweis.hu\/laboratorium\/wp-json\/wp\/v2\/pages\/2111\/revisions\/4128"}],"up":[{"embeddable":true,"href":"https:\/\/semmelweis.hu\/laboratorium\/wp-json\/wp\/v2\/pages\/2103"}],"wp:attachment":[{"href":"https:\/\/semmelweis.hu\/laboratorium\/wp-json\/wp\/v2\/media?parent=2111"}],"wp:term":[{"taxonomy":"category","embeddable":true,"href":"https:\/\/semmelweis.hu\/laboratorium\/wp-json\/wp\/v2\/categories?post=2111"},{"taxonomy":"post_tag","embeddable":true,"href":"https:\/\/semmelweis.hu\/laboratorium\/wp-json\/wp\/v2\/tags?post=2111"}],"curies":[{"name":"wp","href":"https:\/\/api.w.org\/{rel}","templated":true}]}}