{"id":904,"date":"2018-07-27T11:12:15","date_gmt":"2018-07-27T09:12:15","guid":{"rendered":"http:\/\/semmelweis.hu\/kutlab\/?page_id=904"},"modified":"2023-07-18T10:01:54","modified_gmt":"2023-07-18T08:01:54","slug":"phd-lehetoseg","status":"publish","type":"page","link":"https:\/\/semmelweis.hu\/kutlab\/phd-lehetoseg\/","title":{"rendered":"PhD lehet\u0151s\u00e9g"},"content":{"rendered":"<p><strong>PhD lehet\u0151s\u00e9g a Semmelweis Egyetem Belgy\u00f3gy\u00e1szati \u00e9s Hematol\u00f3giai Klinika Kutat\u00f3laborat\u00f3rium\u00e1ban<\/strong><\/p>\n<p><strong>\u00a0<\/strong>A kutat\u00e1s ir\u00e1nt elk\u00f6telezett MSc. diplom\u00e1val rendelkez\u0151 (vagy utols\u00f3 f\u00e9l\u00e9v\u00e9t v\u00e9gz\u0151) <strong>biol\u00f3gus\/biom\u00e9rn\u00f6k\/analitikus\/vegy\u00e9sz\/gy\u00f3gyszer\u00e9sz, vagy orvos<\/strong> munkat\u00e1rsat keres\u00fcnk,\u00a0 <strong>akit \u00e9rdekel a laborat\u00f3riumi munka, \u00e9s sz\u00edvesen csatlakozna a Kutat\u00f3laborat\u00f3riumunkban zajl\u00f3 orvos-biol\u00f3giai k\u00e9rd\u00e9sekkel kapcsolatos elm\u00e9leti vagy klinikai kutat\u00e1sokba. <\/strong><\/p>\n<p><strong>Amit k\u00edn\u00e1lunk:<\/strong><strong>\u00a0<\/strong><\/p>\n<ul>\n<li><strong>seg\u00edts\u00e9g a PhD munkaterv kialak\u00edt\u00e1s\u00e1hoz, \u00e9s a vizsg\u00e1ra val\u00f3 felk\u00e9sz\u00edt\u00e9shez<\/strong><\/li>\n<li><strong>immunk\u00e9miai m\u00f3dszerek <\/strong><strong>megismer\u00e9se\/megtanul\u00e1sa <\/strong><\/li>\n<li><strong>sejtes laborat\u00f3riumi m\u00f3dszerek <\/strong><strong>megismer\u00e9se\/megtanul\u00e1sa (human endot\u00e9lsejtek, neutrofil sejtek)<\/strong><\/li>\n<li><strong>alap- \u00e9s klinikai kutat\u00e1sba val\u00f3 bekapcsol\u00f3d\u00e1s<\/strong><\/li>\n<li>a kutat\u00e1si szakter\u00fclettel kapcsolatos ismeretek elsaj\u00e1t\u00edt\u00e1sa<\/li>\n<li><strong>r\u00e9szv\u00e9tel hazai \u00e9s nemzetk\u00f6zi tudom\u00e1nyos f\u00f3rumokon, konferenci\u00e1kon<\/strong><\/li>\n<li><strong>a PhD fokozat megszerz\u00e9s\u00e9re val\u00f3 felk\u00e9sz\u00edt\u00e9s (publik\u00e1ci\u00f3k, vizsg\u00e1k, dolgozat)<\/strong><\/li>\n<li><strong>hozz\u00e1seg\u00edt\u00e9s az \u00f6n\u00e1ll\u00f3 kutat\u00e1shoz sz\u00fcks\u00e9ges k\u00e9pess\u00e9gek megszerz\u00e9s\u00e9hez <\/strong><\/li>\n<li><strong>egy\u00fcttm\u0171k\u00f6d\u00e9si lehet\u0151s\u00e9g, kapcsolat\u00e9p\u00edt\u00e9s m\u00e1s (hazai, nemzetk\u00f6zi) kutat\u00f3kkal<\/strong><\/li>\n<li><strong>j\u00f3 hangulat, fiatalos csapat<\/strong><\/li>\n<li><strong>napi konzult\u00e1ci\u00f3s lehet\u0151s\u00e9g a t\u00e9mavezet\u0151vel<\/strong><strong>\u00a0<\/strong><\/li>\n<\/ul>\n<p><strong>Amit elv\u00e1runk:<\/strong><\/p>\n<ul>\n<li>sikeres felv\u00e9teli a Semmelweis Egyetem nappali k\u00e9pz\u00e9ses doktori iskol\u00e1j\u00e1ba<\/li>\n<li>lelkes \u00e9s kitart\u00f3 \u00e9rdekl\u0151d\u00e9s az orvos-biol\u00f3gia szakter\u00fclete ir\u00e1nt<\/li>\n<li>j\u00f3\/jeles vizsgaeredm\u00e9nyek a t\u00e9m\u00e1hoz sz\u00fcks\u00e9ges tant\u00e1rgyakb\u00f3l<\/li>\n<li>angol nyelvismeret (tudom\u00e1nyos cikkek olvas\u00e1sa, \u00edr\u00e1sa, t\u00e1rsalg\u00e1s, vitak\u00e9szs\u00e9g szakmai k\u00e9rd\u00e9sekr\u0151l)<\/li>\n<li>k\u00f6lcs\u00f6n\u00f6s megel\u00e9gedetts\u00e9g eset\u00e9n el\u0151nyt jelenthet a hosszabb t\u00e1v\u00fa elk\u00f6telezetts\u00e9g a doktori fokozat megszerz\u00e9s\u00e9t k\u00f6vet\u0151en is<\/li>\n<\/ul>\n<p><strong>Jelentkez\u00e9s m\u00f3dja:<\/strong><\/p>\n<ul>\n<li>telefonon vagy e-mailen<\/li>\n<li>alap inform\u00e1ci\u00f3k megad\u00e1sa<\/li>\n<li>CV bek\u00e9r\u00e9se<\/li>\n<li>szem\u00e9lyes besz\u00e9lget\u00e9s id\u0151pontj\u00e1nak egyeztet\u00e9se<\/li>\n<\/ul>\n","protected":false},"excerpt":{"rendered":"<p>PhD lehet\u0151s\u00e9g a Semmelweis Egyetem Belgy\u00f3gy\u00e1szati \u00e9s Hematol\u00f3giai Klinika Kutat\u00f3laborat\u00f3rium\u00e1ban \u00a0A kutat\u00e1s ir\u00e1nt elk\u00f6telezett MSc. diplom\u00e1val rendelkez\u0151 (vagy utols\u00f3 f\u00e9l\u00e9v\u00e9t v\u00e9gz\u0151) biol\u00f3gus\/biom\u00e9rn\u00f6k\/analitikus\/vegy\u00e9sz\/gy\u00f3gyszer\u00e9sz, vagy orvos munkat\u00e1rsat keres\u00fcnk,\u00a0 akit \u00e9rdekel a laborat\u00f3riumi munka, \u00e9s sz\u00edvesen csatlakozna a Kutat\u00f3laborat\u00f3riumunkban zajl\u00f3 orvos-biol\u00f3giai k\u00e9rd\u00e9sekkel kapcsolatos elm\u00e9leti vagy klinikai kutat\u00e1sokba. Amit k\u00edn\u00e1lunk:\u00a0 seg\u00edts\u00e9g a PhD munkaterv kialak\u00edt\u00e1s\u00e1hoz, \u00e9s a vizsg\u00e1ra val\u00f3 &hellip;<\/p>\n","protected":false},"author":101092,"featured_media":0,"parent":0,"menu_order":0,"comment_status":"closed","ping_status":"closed","template":"","meta":{"_acf_changed":false,"footnotes":""},"categories":[],"tags":[],"class_list":["post-904","page","type-page","status-publish","hentry"],"acf":[],"_links":{"self":[{"href":"https:\/\/semmelweis.hu\/kutlab\/wp-json\/wp\/v2\/pages\/904","targetHints":{"allow":["GET"]}}],"collection":[{"href":"https:\/\/semmelweis.hu\/kutlab\/wp-json\/wp\/v2\/pages"}],"about":[{"href":"https:\/\/semmelweis.hu\/kutlab\/wp-json\/wp\/v2\/types\/page"}],"author":[{"embeddable":true,"href":"https:\/\/semmelweis.hu\/kutlab\/wp-json\/wp\/v2\/users\/101092"}],"replies":[{"embeddable":true,"href":"https:\/\/semmelweis.hu\/kutlab\/wp-json\/wp\/v2\/comments?post=904"}],"version-history":[{"count":4,"href":"https:\/\/semmelweis.hu\/kutlab\/wp-json\/wp\/v2\/pages\/904\/revisions"}],"predecessor-version":[{"id":1578,"href":"https:\/\/semmelweis.hu\/kutlab\/wp-json\/wp\/v2\/pages\/904\/revisions\/1578"}],"wp:attachment":[{"href":"https:\/\/semmelweis.hu\/kutlab\/wp-json\/wp\/v2\/media?parent=904"}],"wp:term":[{"taxonomy":"category","embeddable":true,"href":"https:\/\/semmelweis.hu\/kutlab\/wp-json\/wp\/v2\/categories?post=904"},{"taxonomy":"post_tag","embeddable":true,"href":"https:\/\/semmelweis.hu\/kutlab\/wp-json\/wp\/v2\/tags?post=904"}],"curies":[{"name":"wp","href":"https:\/\/api.w.org\/{rel}","templated":true}]}}

PhD lehetőség

<p><strong>PhD lehetőség a Semmelweis Egyetem Belgyógyászati és Hematológiai Klinika Kutatólaboratóriumában</strong></p>
<p><strong> </strong>A kutatás iránt elkötelezett MSc. diplomával rendelkező (vagy utolsó félévét végző) <strong>biológus/biomérnök/analitikus/vegyész/gyógyszerész, vagy orvos</strong> munkatársat keresünk,  <strong>akit érdekel a laboratóriumi munka, és szívesen csatlakozna a Kutatólaboratóriumunkban zajló orvos-biológiai kérdésekkel kapcsolatos elméleti vagy klinikai kutatásokba. </strong></p>
<p><strong>Amit kínálunk:</strong><strong> </strong></p>
<ul>
<li><strong>segítség a PhD munkaterv kialakításához, és a vizsgára való felkészítéshez</strong></li>
<li><strong>immunkémiai módszerek </strong><strong>megismerése/megtanulása </strong></li>
<li><strong>sejtes laboratóriumi módszerek </strong><strong>megismerése/megtanulása (human endotélsejtek, neutrofil sejtek)</strong></li>
<li><strong>alap- és klinikai kutatásba való bekapcsolódás</strong></li>
<li>a kutatási szakterülettel kapcsolatos ismeretek elsajátítása</li>
<li><strong>részvétel hazai és nemzetközi tudományos fórumokon, konferenciákon</strong></li>
<li><strong>a PhD fokozat megszerzésére való felkészítés (publikációk, vizsgák, dolgozat)</strong></li>
<li><strong>hozzásegítés az önálló kutatáshoz szükséges képességek megszerzéséhez </strong></li>
<li><strong>együttműködési lehetőség, kapcsolatépítés más (hazai, nemzetközi) kutatókkal</strong></li>
<li><strong>jó hangulat, fiatalos csapat</strong></li>
<li><strong>napi konzultációs lehetőség a témavezetővel</strong><strong> </strong></li>
</ul>
<p><strong>Amit elvárunk:</strong></p>
<ul>
<li>sikeres felvételi a Semmelweis Egyetem nappali képzéses doktori iskolájába</li>
<li>lelkes és kitartó érdeklődés az orvos-biológia szakterülete iránt</li>
<li>jó/jeles vizsgaeredmények a témához szükséges tantárgyakból</li>
<li>angol nyelvismeret (tudományos cikkek olvasása, írása, társalgás, vitakészség szakmai kérdésekről)</li>
<li>kölcsönös megelégedettség esetén előnyt jelenthet a hosszabb távú elkötelezettség a doktori fokozat megszerzését követően is</li>
</ul>
<p><strong>Jelentkezés módja:</strong></p>
<ul>
<li>telefonon vagy e-mailen</li>
<li>alap információk megadása</li>
<li>CV bekérése</li>
<li>személyes beszélgetés időpontjának egyeztetése</li>
</ul>

<p>PhD lehetőség a Semmelweis Egyetem Belgyógyászati és Hematológiai Klinika Kutatólaboratóriumában  A kutatás iránt elkötelezett MSc. diplomával rendelkező (vagy utolsó félévét végző) biológus/biomérnök/analitikus/vegyész/gyógyszerész, vagy orvos munkatársat keresünk,  akit érdekel a laboratóriumi munka, és szívesen csatlakozna a Kutatólaboratóriumunkban zajló orvos-biológiai kérdésekkel kapcsolatos elméleti vagy klinikai kutatásokba. Amit kínálunk:  segítség a PhD munkaterv kialakításához, és a vizsgára való &hellip;</p>
