{"id":81,"date":"2016-01-08T00:00:00","date_gmt":"2016-01-07T23:00:00","guid":{"rendered":"http:\/\/semmelweis.hu\/kutlab\/122-29614\/"},"modified":"2023-07-28T11:57:12","modified_gmt":"2023-07-28T09:57:12","slug":"szakdolgozat","status":"publish","type":"page","link":"https:\/\/semmelweis.hu\/kutlab\/oktatas\/szakdolgozat\/","title":{"rendered":"Szakdolgozat"},"content":{"rendered":"<div class=\"keretes w-100\">\n<p>Kutat\u00f3laborunkban v\u00e9gz\u0151s egyetemi \u00e9s f\u0151iskolai hallgat\u00f3k jelentkez\u00e9s\u00e9t v\u00e1rjuk szakdolgozati t\u00e9m\u00e1kkal. Nyitottak vagyunk orvostanhallgat\u00f3k, TTK-s hallgat\u00f3k, \u00e9s diplom\u00e1s analitikus laborat\u00f3riumi asszisztensi szakon v\u00e9gz\u0151k ir\u00e1ny\u00e1ban minden TDK t\u00e9mak\u00f6rben (<a href=\"122-29615\">Tov\u00e1bb a TDK t\u00e9m\u00e1k list\u00e1j\u00e1ra \u2192<\/a>).<\/p>\n<\/div>\n<h4><strong>Kor\u00e1bbi szakdolgoz\u00f3ink \u00e9s munk\u00e1juk t\u00e9m\u00e1ja<\/strong><\/h4>\n<p><span style=\"font-weight: bold;\">Oroszl\u00e1n Melinda<\/span> &#8211; Komplement feh\u00e9rj\u00e9k hat\u00e1sa az endot\u00e9lsejtek aktiv\u00e1ci\u00f3j\u00e1ra (2001)<br \/>\n<span style=\"font-weight: bold;\">B\u00edr\u00f3 Adrienn<\/span> &#8211; Anti-koleszterin ellenanyagok (2001)<br \/>\n<span style=\"font-weight: bold;\">Herczenik Eszter<\/span> &#8211; Az ateroszkler\u00f3zis modellez\u00e9se in vitro endot\u00e9lsejt vizsg\u00e1latokkal (2002)<br \/>\n<span style=\"font-weight: bold;\">Kiszel Petra<\/span> &#8211; A k\u00f6nnyfeh\u00e9rj\u00e9k vizsg\u00e1lata (2003)<br \/>\n<span style=\"font-weight: bold;\">Cseleny\u00e1k Attila<\/span> &#8211; Az endot\u00e9lsejtek \u00e1ltal termelt NO meghat\u00e1roz\u00e1sa (2005)<br \/>\n<span style=\"font-weight: bold;\">Mak\u00f3 Veronika<\/span> &#8211; Az extracellul\u00e1ris HSP70 hat\u00e1sa endot\u00e9lsejtekre (2006)<br \/>\n<span style=\"font-weight: bold;\">Jani P\u00e9ter<\/span> &#8211; Flavonoidok gyullad\u00e1sg\u00e1tl\u00f3 hat\u00e1sa endot\u00e9lsejteken (2010)<\/p>\n","protected":false},"excerpt":{"rendered":"<p>Kutat\u00f3laborunkban v\u00e9gz\u0151s egyetemi \u00e9s f\u0151iskolai hallgat\u00f3k jelentkez\u00e9s\u00e9t v\u00e1rjuk szakdolgozati t\u00e9m\u00e1kkal. Nyitottak vagyunk orvostanhallgat\u00f3k, TTK-s hallgat\u00f3k, \u00e9s diplom\u00e1s analitikus laborat\u00f3riumi asszisztensi szakon v\u00e9gz\u0151k ir\u00e1ny\u00e1ban minden TDK t\u00e9mak\u00f6rben ( <a href=\"122-29615\">Tov\u00e1bb a TDK t\u00e9m\u00e1k list\u00e1j\u00e1ra \u2192<\/a> ). Kor\u00e1bbi szakdolgoz\u00f3ink \u00e9s munk\u00e1juk t\u00e9m\u00e1ja Oroszl\u00e1n Melinda &#8211; Komplement feh\u00e9rj\u00e9k hat\u00e1sa az endot\u00e9lsejtek aktiv\u00e1ci\u00f3j\u00e1ra (2001) B\u00edr\u00f3 Adrienn &#8211; Anti-koleszterin ellenanyagok (2001) Herczenik Eszter &#8211; Az ateroszkler\u00f3zis modellez\u00e9se &hellip;<\/p>\n","protected":false},"author":1,"featured_media":0,"parent":26,"menu_order":4,"comment_status":"closed","ping_status":"closed","template":"","meta":{"_acf_changed":false,"footnotes":""},"categories":[],"tags":[],"class_list":["post-81","page","type-page","status-publish","hentry"],"acf":[],"_links":{"self":[{"href":"https:\/\/semmelweis.hu\/kutlab\/wp-json\/wp\/v2\/pages\/81","targetHints":{"allow":["GET"]}}],"collection":[{"href":"https:\/\/semmelweis.hu\/kutlab\/wp-json\/wp\/v2\/pages"}],"about":[{"href":"https:\/\/semmelweis.hu\/kutlab\/wp-json\/wp\/v2\/types\/page"}],"author":[{"embeddable":true,"href":"https:\/\/semmelweis.hu\/kutlab\/wp-json\/wp\/v2\/users\/1"}],"replies":[{"embeddable":true,"href":"https:\/\/semmelweis.hu\/kutlab\/wp-json\/wp\/v2\/comments?post=81"}],"version-history":[{"count":2,"href":"https:\/\/semmelweis.hu\/kutlab\/wp-json\/wp\/v2\/pages\/81\/revisions"}],"predecessor-version":[{"id":1737,"href":"https:\/\/semmelweis.hu\/kutlab\/wp-json\/wp\/v2\/pages\/81\/revisions\/1737"}],"up":[{"embeddable":true,"href":"https:\/\/semmelweis.hu\/kutlab\/wp-json\/wp\/v2\/pages\/26"}],"wp:attachment":[{"href":"https:\/\/semmelweis.hu\/kutlab\/wp-json\/wp\/v2\/media?parent=81"}],"wp:term":[{"taxonomy":"category","embeddable":true,"href":"https:\/\/semmelweis.hu\/kutlab\/wp-json\/wp\/v2\/categories?post=81"},{"taxonomy":"post_tag","embeddable":true,"href":"https:\/\/semmelweis.hu\/kutlab\/wp-json\/wp\/v2\/tags?post=81"}],"curies":[{"name":"wp","href":"https:\/\/api.w.org\/{rel}","templated":true}]}}