{"id":80,"date":"2016-01-08T00:00:00","date_gmt":"2016-01-07T23:00:00","guid":{"rendered":"http:\/\/semmelweis.hu\/kutlab\/122-29615\/"},"modified":"2023-07-28T13:30:10","modified_gmt":"2023-07-28T11:30:10","slug":"tdk","status":"publish","type":"page","link":"https:\/\/semmelweis.hu\/kutlab\/oktatas\/tdk\/","title":{"rendered":"TDK munka"},"content":{"rendered":"<p>A meghirdetett kutat\u00e1si-, szakdolgozat- \u00e9s TDK t\u00e9m\u00e1k mellett m\u00e1s, a profilunkba v\u00e1g\u00f3 ter\u00fcleteken is van lehet\u0151s\u00e9g egy\u00fcttm\u0171k\u00f6d\u00e9sre, k\u00e9rj\u00fck, hogy konkr\u00e9t javaslat\u00e1val keressen meg benn\u00fcnket!<\/p>\n<h4><strong>A Kutat\u00f3laborban meghirdetett TDK t\u00e9m\u00e1k \u00e9s t\u00e9mavezet\u0151k:<\/strong><\/h4>\n<ul>\n<li>\n<div>A thrombocytopeni\u00e1s thrombotikus purpura (TTP) pathogenesise \u00e9s kezel\u00e9se \u00b7 (Dr. Sinkovits Gy\u00f6rgym Dr. Farkas P\u00e9ter, Dr. Proh\u00e1szka Zolt\u00e1n)<\/div>\n<\/li>\n<li>A C3-glomerulop\u00e1thia pathogenezis\u00e9nek vizsg\u00e1lata (Dr. Csuka Dorottya)<\/li>\n<li>Az antitestmedi\u00e1lt vesegraft-rejectio vizsg\u00e1lata: komplement biomarkerek azonos\u00edt\u00e1sa a graft t\u00fal\u00e9l\u00e9s\u00e9nek jav\u00edt\u00e1s\u00e1ra (Dr. Proh\u00e1szka Zolt\u00e1n)<\/li>\n<li>\n<div>Az ADAMTS13 prote\u00e1z hi\u00e1ny\u00e1nak vizsg\u00e1lata \u00b7 (Dr. Sinkovits Gy\u00f6rgy, Dr. Proh\u00e1szka Zolt\u00e1n)<\/div>\n<\/li>\n<li>\n<div>A komplementaktiv\u00e1ci\u00f3 szab\u00e1lyoz\u00e1si folyamatainak vizsg\u00e1lata \u00b7 (Dr. Sinkovits Gy\u00f6rgy)<\/div>\n<\/li>\n<li>\n<div><a href=\"https:\/\/semmelweis.hu\/kutlab\/files\/2023\/01\/TDK-felhivas_2022_COVID_SE.pdf\">Citokinmint\u00e1zat elemz\u00e9se COVID-19 betegs\u00e9gben (Dr. Cervenak L\u00e1szl\u00f3)<\/a><\/div>\n<\/li>\n<li>\n<div>Az angio\u00f6d\u00e9ma (C1-INH hi\u00e1ny) patogenezis\u00e9nek vizsg\u00e1lata (Dr. Farkas Henriette)<\/div>\n<\/li>\n<li><a href=\"https:\/\/semmelweis.hu\/kutlab\/files\/2022\/11\/TDK-felhivas_2022_MSC_ELTE_BME.pdf\">Mezenchim\u00e1lis \u0151ssejtek (MSC) immunszupressz\u00edv k\u00e9pess\u00e9g\u00e9nek in vitro vizsg\u00e1lata (Dr. Kajd\u00e1csi Erika)<\/a><\/li>\n<li><a href=\"https:\/\/semmelweis.hu\/kutlab\/files\/2022\/11\/TDK-felhivas_2022_EC_SE.pdf\">A gyullad\u00e1s \u00e9s a fert\u0151z\u00e9sek (k\u00fcl\u00f6n\u00f6sk\u00e9ppen a SARS-CoV-2) szerepe az endot\u00e9lsejtek aktiv\u00e1ci\u00f3j\u00e1ban (Dr. Demeter Fl\u00f3ra)<\/a><\/li>\n<li><a href=\"https:\/\/semmelweis.hu\/kutlab\/files\/2023\/01\/TDK-felhivas_2022_EC_microarray.pdf\">Endot\u00e9lsejtek g\u00e9nexpresszi\u00f3s mint\u00e1zat\u00e1nak vizsg\u00e1lata (Dr. Kiszel Petra)<\/a><\/li>\n<\/ul>\n<h4><strong>A Belgy\u00f3gy\u00e1szati \u00e9s Hematol\u00f3giai Klinika tov\u00e1bbi TDK t\u00e9m\u00e1i<\/strong><\/h4>\n<ul>\n<li>\u0150ssejt ter\u00e1pia 1-es t\u00edpus\u00fa Diab\u00e9teszben<\/li>\n<li>Komplement genetika<\/li>\n<li>Komplement biomarkerek szerepe gyullad\u00e1sos \u00e1llapotokban<\/li>\n<li>HANO allergia \u00e1s autoimmunit\u00e1s<\/li>\n<li>Mikroszk\u00f3pos colitis term\u00e9szetes lefoly\u00e1sa \u00e9s csontanyagcser\u00e9vel val\u00f3 kapcsolata<\/li>\n<li>V\u00e1ltoz\u00e1sok a chronicus lymphoid leukaemia ter\u00e1pi\u00e1j\u00e1ban<\/li>\n<li>A szerzett inhibitoros hemophilia \u00e9s modern kezel\u00e9se<\/li>\n<li>Predikt\u00edv \u00e9s progmnosztikus markerek vizsg\u00e1ata gastrointestin\u00e1lis daganatban szenved\u0151 betegekben<\/li>\n<li>Terhess\u00e9g \u00e9s diabetes<\/li>\n<li>HANO \u00e9s allergia, \u00e9s a nem-C1inh hi\u00e1nyos angio\u00f6d\u00e9ma genetikai vizsg\u00e1lta<\/li>\n<li>A TLR9\/autof\u00e1gia k\u00f6lcs\u00f6nhat\u00e1s \u00e9s a HGFR jel\u00e1tvitel szerepe a HT29 \u00e9s HuH7 sejtek t\u00fal\u00e9l\u00e9s\u00e9re<\/li>\n<li>A TLR9-medi\u00e1lt autof\u00e1gia v\u00e1lasz \u00e9s az IGF1R jel\u00e1tvitel befoly\u00e1sol\u00e1s\u00e1nak hat\u00e1sa a HT29 \u00e9s HuH7 sejtek ultrastrukt\u00far\u00e1j\u00e1ra<\/li>\n<li>A hydradenitis suppurativa \u00e9s a microsopos colitis kapcsolt\u00e1nak vizsg\u00e1lata<\/li>\n<li>Nem CRC sz\u0171r\u00e9s miatt v\u00e9gzett colonoscopa sor\u00e1n azonos\u00edtott incident\u00e1lis CRC-k vizsg\u00e1klata<\/li>\n<\/ul>\n<p><a href=\"https:\/\/semelweis.hu\/tdk\/\" target=\"_blank\" rel=\"noopener\">Tov\u00e1bb a Semmelweis Egyetem TDK Tan\u00e1cs honlapj\u00e1ra \u2192<\/a><\/p>\n","protected":false},"excerpt":{"rendered":"<p>A meghirdetett kutat\u00e1si-, szakdolgozat- \u00e9s TDK t\u00e9m\u00e1k mellett m\u00e1s, a profilunkba v\u00e1g\u00f3 ter\u00fcleteken is van lehet\u0151s\u00e9g egy\u00fcttm\u0171k\u00f6d\u00e9sre, k\u00e9rj\u00fck, hogy konkr\u00e9t javaslat\u00e1val keressen meg benn\u00fcnket! A Kutat\u00f3laborban meghirdetett TDK t\u00e9m\u00e1k \u00e9s t\u00e9mavezet\u0151k: A thrombocytopeni\u00e1s thrombotikus purpura (TTP) pathogenesise \u00e9s kezel\u00e9se \u00b7 (Dr. Sinkovits Gy\u00f6rgym Dr. Farkas P\u00e9ter, Dr. Proh\u00e1szka Zolt\u00e1n) A C3-glomerulop\u00e1thia pathogenezis\u00e9nek vizsg\u00e1lata (Dr. Csuka &hellip;<\/p>\n","protected":false},"author":158,"featured_media":0,"parent":26,"menu_order":3,"comment_status":"closed","ping_status":"closed","template":"","meta":{"_acf_changed":false,"footnotes":""},"categories":[],"tags":[],"class_list":["post-80","page","type-page","status-publish","hentry"],"acf":[],"_links":{"self":[{"href":"https:\/\/semmelweis.hu\/kutlab\/wp-json\/wp\/v2\/pages\/80","targetHints":{"allow":["GET"]}}],"collection":[{"href":"https:\/\/semmelweis.hu\/kutlab\/wp-json\/wp\/v2\/pages"}],"about":[{"href":"https:\/\/semmelweis.hu\/kutlab\/wp-json\/wp\/v2\/types\/page"}],"author":[{"embeddable":true,"href":"https:\/\/semmelweis.hu\/kutlab\/wp-json\/wp\/v2\/users\/158"}],"replies":[{"embeddable":true,"href":"https:\/\/semmelweis.hu\/kutlab\/wp-json\/wp\/v2\/comments?post=80"}],"version-history":[{"count":11,"href":"https:\/\/semmelweis.hu\/kutlab\/wp-json\/wp\/v2\/pages\/80\/revisions"}],"predecessor-version":[{"id":1812,"href":"https:\/\/semmelweis.hu\/kutlab\/wp-json\/wp\/v2\/pages\/80\/revisions\/1812"}],"up":[{"embeddable":true,"href":"https:\/\/semmelweis.hu\/kutlab\/wp-json\/wp\/v2\/pages\/26"}],"wp:attachment":[{"href":"https:\/\/semmelweis.hu\/kutlab\/wp-json\/wp\/v2\/media?parent=80"}],"wp:term":[{"taxonomy":"category","embeddable":true,"href":"https:\/\/semmelweis.hu\/kutlab\/wp-json\/wp\/v2\/categories?post=80"},{"taxonomy":"post_tag","embeddable":true,"href":"https:\/\/semmelweis.hu\/kutlab\/wp-json\/wp\/v2\/tags?post=80"}],"curies":[{"name":"wp","href":"https:\/\/api.w.org\/{rel}","templated":true}]}}