{"id":77,"date":"2016-01-08T00:00:00","date_gmt":"2016-01-07T23:00:00","guid":{"rendered":"http:\/\/semmelweis.hu\/kutlab\/122-29607\/"},"modified":"2025-05-19T14:53:26","modified_gmt":"2025-05-19T12:53:26","slug":"vizsgalatok-kerolap-iranyelv","status":"publish","type":"page","link":"https:\/\/semmelweis.hu\/kutlab\/betegellatas\/vizsgalatok-kerolap-iranyelv\/","title":{"rendered":"El\u00e9rhet\u0151 vizsg\u00e1latok list\u00e1ja, k\u00e9r\u0151lap, ir\u00e1nyelv"},"content":{"rendered":"<p>A Kutat\u00f3laborban k\u00f6zfinansz\u00edrozott hazai, valamint k\u00fclf\u00f6ldi- \u00e9s meg\u00e1llapod\u00e1s alapj\u00e1n v\u00e9gzett betegell\u00e1t\u00e1si (diagnosztikai) tev\u00e9kenys\u00e9g is t\u00f6rt\u00e9nik.<\/p>\n<ul>\n<li>\n<p><strong>A 2018-as HUS\/TTP Szakmai ir\u00e1nyelv<\/strong> el\u00e9rhet\u0151 az <a href=\"https:\/\/akademiai.com\/doi\/pdf\/10.1556\/650.2017.30808\">Akad\u00e9miai Kiad\u00f3 honlapj\u00e1r\u00f3l<\/a><\/p>\n<\/li>\n<li>\n<p><strong>A friss\u00edtett, 2022-es HUS\/TTP Szakmai ir\u00e1nyelv <\/strong>el\u00e9rhet\u0151 az <a href=\"https:\/\/akjournals.com\/view\/journals\/650\/164\/Supplement-1\/article-p3.xml\">Orvosi Hetilap<\/a> vagy az <a href=\"http:\/\/www.kozlonyok.hu\/kozlonyok\/Kozlonyok\/6\/PDF\/2022\/18.pdf\">Eg\u00e9szs\u00e9g\u00fcgyi K\u00f6zl\u00f6ny honlapj\u00e1n<\/a><\/p>\n<\/li>\n<li>Non-official, English translation of the 2022 TTP-HUS Guideline available here as\u00a0 <a href=\"https:\/\/semmelweis.hu\/kutlab\/files\/2023\/10\/002168-TTP_HUS_Guideline_HUN.pdf\">002168 TTP_HUS_Guideline_HUN<\/a><\/li>\n<li>\n<p><strong>Vizsg\u00e1latk\u00e9r\u0151 lap <a href=\"https:\/\/semmelweis.hu\/kutlab\/files\/2021\/02\/KUTLABk\u00e9r\u0151lap2021.doc\">doc <\/a>\u00e9s <a href=\"https:\/\/semmelweis.hu\/kutlab\/files\/2021\/02\/KUTLABk\u00e9r\u0151lap2021.pdf\">pdf <\/a>form\u00e1tumban<\/strong><\/p>\n<\/li>\n<li>\n<p>Beleegyez\u0151 nyilatkozat\u00a0<a href=\"https:\/\/semmelweis.hu\/kutlab\/files\/2025\/05\/Beleegyezo-nyilatkozat-TMAkomplement-2023.docx\">(ITT)<\/a> \u00e9s<\/p>\n<\/li>\n<li>\n<p>t\u00e1j\u00e9koztat\u00f3 genetikai vizsg\u00e1lat v\u00e9gz\u00e9se el\u0151tt (<a href=\"https:\/\/semmelweis.hu\/kutlab\/files\/2025\/05\/Betegtajekoztato-TMAkomplement-2023.docx\">ITT)<\/a><\/p>\n<\/li>\n<\/ul>\n<div class=\"keretes w-100\">\n<p><strong>SE felhaszn\u00e1l\u00f3knak MEDSOL k\u00e9r\u0151lap k\u00f3dja: KUTL<\/strong><\/p>\n<\/div>\n<h1>El\u00e9rhet\u0151 vizsg\u00e1latok list\u00e1ja:<\/h1>\n<table style=\"width: 100%\" border=\"0\" cellspacing=\"0\" cellpadding=\"0\">\n<colgroup>\n<col width=\"338\" \/>\n<col width=\"79\" \/>\n<col width=\"115\" \/> <\/colgroup>\n<tbody>\n<tr style=\"height: 48px\">\n<td style=\"width: 47.5807%;height: 48px\"><strong>Vizsg\u00e1lat<br \/>\n\u00a0<\/strong><\/td>\n<td style=\"width: 16.2689%;height: 48px\"><strong>Minta<br \/>\n\u00a0<\/strong><\/td>\n<td style=\"width: 13.9768%;height: 48px\"><strong>Eredm\u00e9ny<br \/>\n\u00a0<\/strong><\/td>\n<td style=\"width: 37.5314%;height: 48px\">\n<p><strong>Eredm\u00e9ny<br \/>\n<\/strong><strong> (s\u00fcrg\u0151s esetben)*<\/strong><\/p>\n<\/td>\n<\/tr>\n<tr style=\"height: 24px\">\n<td style=\"width: 115.358%;height: 10px\" colspan=\"4\"><strong>\u00d6sszkomplement-aktivit\u00e1s meghat\u00e1roz\u00e1sa<\/strong><\/td>\n<\/tr>\n<tr style=\"height: 24px\">\n<td style=\"width: 47.5807%;height: 10px\" height=\"17\">Klasszikus \u00fat (hemolitikus essz\u00e9, CH50)<\/td>\n<td style=\"width: 16.2689%;height: 10px\">Sz\u00e9rum<\/td>\n<td style=\"width: 13.9768%;height: 10px\">1 h\u00e9t<\/td>\n<td style=\"width: 37.5314%;height: 10px\">&#8211;<\/td>\n<\/tr>\n<tr style=\"height: 24px\">\n<td style=\"width: 47.5807%;height: 10px\" height=\"17\">Alternat\u00edv \u00fat (ELISA)<\/td>\n<td style=\"width: 16.2689%;height: 10px\">Sz\u00e9rum<\/td>\n<td style=\"width: 13.9768%;height: 10px\">1 h\u00e9t<\/td>\n<td style=\"width: 37.5314%;height: 10px\">1 nap<\/td>\n<\/tr>\n<tr style=\"height: 24px\">\n<td style=\"width: 47.5807%;height: 10px\" height=\"17\">MBL-lektin \u00fat<\/td>\n<td style=\"width: 16.2689%;height: 10px\">Sz\u00e9rum<\/td>\n<td style=\"width: 13.9768%;height: 10px\">1 h\u00e9t<\/td>\n<td style=\"width: 37.5314%;height: 10px\">&#8211;<\/td>\n<\/tr>\n<tr style=\"height: 24px\">\n<td style=\"width: 47.5807%;height: 10px\" colspan=\"4\"><strong>Komplementkomponensek \u00e9s regul\u00e1torok koncentr\u00e1ci\u00f3j\u00e1nak \u00e9s aktivit\u00e1s\u00e1nak meghat\u00e1roz\u00e1sa<\/strong><\/td>\n<\/tr>\n<tr style=\"height: 24px\">\n<td style=\"width: 47.5807%;height: 10px\" height=\"17\">C3 koncentr\u00e1ci\u00f3<\/td>\n<td style=\"width: 16.2689%;height: 10px\">Sz\u00e9rum<\/td>\n<td style=\"width: 13.9768%;height: 10px\">2 nap<\/td>\n<td style=\"width: 37.5314%;height: 10px\">1 nap<\/td>\n<\/tr>\n<tr style=\"height: 24px\">\n<td style=\"width: 47.5807%;height: 10px\" height=\"17\">C4 koncentr\u00e1ci\u00f3<\/td>\n<td style=\"width: 16.2689%;height: 10px\">Sz\u00e9rum<\/td>\n<td style=\"width: 13.9768%;height: 10px\">2 nap<\/td>\n<td style=\"width: 37.5314%;height: 10px\">1 nap<\/td>\n<\/tr>\n<tr style=\"height: 24px\">\n<td style=\"width: 47.5807%;height: 10px\" height=\"17\">C1q koncentr\u00e1ci\u00f3<\/td>\n<td style=\"width: 16.2689%;height: 10px\">Sz\u00e9rum<\/td>\n<td style=\"width: 13.9768%;height: 10px\">1 h\u00e9t<\/td>\n<td style=\"width: 37.5314%;height: 10px\">&#8211;<\/td>\n<\/tr>\n<tr style=\"height: 24px\">\n<td style=\"width: 47.5807%;height: 10px\" height=\"17\">C1-inhibitor koncentr\u00e1ci\u00f3<\/td>\n<td style=\"width: 16.2689%;height: 10px\">Sz\u00e9rum<\/td>\n<td style=\"width: 13.9768%;height: 10px\">1 h\u00e9t<\/td>\n<td style=\"width: 37.5314%;height: 10px\">&#8211;<\/td>\n<\/tr>\n<tr style=\"height: 24px\">\n<td style=\"width: 47.5807%;height: 10px\" height=\"17\">C1-inhibitor aktivit\u00e1s<\/td>\n<td style=\"width: 16.2689%;height: 10px\">Sz\u00e9rum<\/td>\n<td style=\"width: 13.9768%;height: 10px\">1 h\u00e9t<\/td>\n<td style=\"width: 37.5314%;height: 10px\">1 nap<\/td>\n<\/tr>\n<tr style=\"height: 24px\">\n<td style=\"width: 47.5807%;height: 10px\" height=\"17\">Komplement H-faktor koncentr\u00e1ci\u00f3<\/td>\n<td style=\"width: 16.2689%;height: 10px\">Sz\u00e9rum<\/td>\n<td style=\"width: 13.9768%;height: 10px\">1 h\u00e9t<\/td>\n<td style=\"width: 37.5314%;height: 10px\">2 nap<\/td>\n<\/tr>\n<tr style=\"height: 24px\">\n<td style=\"width: 47.5807%;height: 10px\" height=\"17\">Komplement I-faktor koncentr\u00e1ci\u00f3<\/td>\n<td style=\"width: 16.2689%;height: 10px\">Sz\u00e9rum<\/td>\n<td style=\"width: 13.9768%;height: 10px\">1 h\u00e9t<\/td>\n<td style=\"width: 37.5314%;height: 10px\">&#8211;<\/td>\n<\/tr>\n<tr style=\"height: 24px\">\n<td style=\"width: 47.5807%;height: 10px\" height=\"17\">Komplement B-faktor koncentr\u00e1ci\u00f3<\/td>\n<td style=\"width: 16.2689%;height: 10px\">Sz\u00e9rum<\/td>\n<td style=\"width: 13.9768%;height: 10px\">1 h\u00e9t<\/td>\n<td style=\"width: 37.5314%;height: 10px\">&#8211;<\/td>\n<\/tr>\n<tr style=\"height: 24px\">\n<td style=\"width: 47.5807%;height: 10px\" colspan=\"4\"><strong>Komplementkomponensek \u00e9s komplexek elleni antitestek szintj\u00e9nek meghat\u00e1roz\u00e1sa<\/strong><\/td>\n<\/tr>\n<tr style=\"height: 24px\">\n<td style=\"width: 47.5807%;height: 10px\" height=\"17\">Anti-C1q (IgG)<\/td>\n<td style=\"width: 16.2689%;height: 10px\">Sz\u00e9rum<\/td>\n<td style=\"width: 13.9768%;height: 10px\">1 h\u00e9t<\/td>\n<td style=\"width: 37.5314%;height: 10px\">&#8211;<\/td>\n<\/tr>\n<tr style=\"height: 24px\">\n<td style=\"width: 47.5807%;height: 10px\" height=\"17\">Anti-H-faktor (IgG)<\/td>\n<td style=\"width: 16.2689%;height: 10px\">Sz\u00e9rum<\/td>\n<td style=\"width: 13.9768%;height: 10px\">1 h\u00e9t<\/td>\n<td style=\"width: 37.5314%;height: 10px\">2 nap<\/td>\n<\/tr>\n<tr style=\"height: 24px\">\n<td style=\"width: 47.5807%;height: 10px\" height=\"17\">Anti-C1-inhibitor (IgG)<\/td>\n<td style=\"width: 16.2689%;height: 10px\">Sz\u00e9rum<\/td>\n<td style=\"width: 13.9768%;height: 10px\">2 h\u00e9t<\/td>\n<td style=\"width: 37.5314%;height: 10px\">&#8211;<\/td>\n<\/tr>\n<tr style=\"height: 24px\">\n<td style=\"width: 47.5807%;height: 10px\" height=\"17\">Anti-C1-inhibitor (IgA)<\/td>\n<td style=\"width: 16.2689%;height: 10px\">Sz\u00e9rum<\/td>\n<td style=\"width: 13.9768%;height: 10px\">2 h\u00e9t<\/td>\n<td style=\"width: 37.5314%;height: 10px\">&#8211;<\/td>\n<\/tr>\n<tr style=\"height: 24px\">\n<td style=\"width: 47.5807%;height: 10px\" height=\"17\">Anti-C1-inhibitor (IgM)<\/td>\n<td style=\"width: 16.2689%;height: 10px\">Sz\u00e9rum<\/td>\n<td style=\"width: 13.9768%;height: 10px\">2 h\u00e9t<\/td>\n<td style=\"width: 37.5314%;height: 10px\">&#8211;<\/td>\n<\/tr>\n<tr style=\"height: 24px\">\n<td style=\"width: 47.5807%;height: 10px\" height=\"17\">C3-nefritikus faktor<\/td>\n<td style=\"width: 16.2689%;height: 10px\">Sz\u00e9rum<\/td>\n<td style=\"width: 13.9768%;height: 10px\">2 h\u00e9t<\/td>\n<td style=\"width: 37.5314%;height: 10px\">&#8211;<\/td>\n<\/tr>\n<tr style=\"height: 24px\">\n<td style=\"width: 47.5807%;height: 10px\" colspan=\"4\"><strong>Komplement aktiv\u00e1ci\u00f3s marker szintj\u00e9nek meghat\u00e1roz\u00e1sa<\/strong><\/td>\n<\/tr>\n<tr style=\"height: 24px\">\n<td style=\"height: 10px;width: 47.5807%\">Termin\u00e1lis \u00fat aktiv\u00e1ci\u00f3s term\u00e9k (sC5b-9, TCC)<\/td>\n<td style=\"height: 10px;width: 16.2689%\">EDTA plazma<\/td>\n<td style=\"height: 10px;width: 13.9768%\">1 h\u00e9t<\/td>\n<td style=\"height: 10px;width: 37.5314%\">1 nap<\/td>\n<\/tr>\n<tr style=\"height: 24px\">\n<td style=\"width: 47.5807%;height: 10px\" height=\"17\"><strong>TTP- (ADAMTS13-) vizsg\u00e1latok<\/strong><\/td>\n<td style=\"height: 10px;width: 16.2689%\">\u00a0<\/td>\n<td style=\"height: 10px;width: 13.9768%\">\u00a0<\/td>\n<td style=\"width: 37.5314%;height: 10px\">\u00a0<\/td>\n<\/tr>\n<tr style=\"height: 24px\">\n<td style=\"width: 47.5807%;height: 10px\" height=\"17\">ADAMTS13-aktivit\u00e1s<\/td>\n<td style=\"width: 16.2689%;height: 10px\">Citr\u00e1tos plazma<\/td>\n<td style=\"width: 13.9768%;height: 10px\">1 h\u00e9t<\/td>\n<td style=\"width: 37.5314%;height: 10px\">1 nap<\/td>\n<\/tr>\n<tr style=\"height: 24px\">\n<td style=\"width: 47.5807%;height: 10px\" height=\"17\">ADAMTS13 inhibitor (funkcion\u00e1lis g\u00e1tl\u00e1s)<\/td>\n<td style=\"width: 16.2689%;height: 10px\">Citr\u00e1tos plazma<\/td>\n<td style=\"width: 13.9768%;height: 10px\">1 h\u00e9t<\/td>\n<td style=\"width: 37.5314%;height: 10px\">1 nap<\/td>\n<\/tr>\n<tr style=\"height: 24px\">\n<td style=\"width: 47.5807%;height: 10px\" height=\"17\">Anti-ADAMTS13 IgG antitest<\/td>\n<td style=\"width: 16.2689%;height: 10px\">Citr\u00e1tos plazma<\/td>\n<td style=\"width: 13.9768%;height: 10px\">1 h\u00f3nap<\/td>\n<td style=\"width: 37.5314%;height: 10px\">2 nap<\/td>\n<\/tr>\n<tr>\n<td style=\"width: 47.5807%\" colspan=\"4\"><strong>Genetikai vizsg\u00e1latok (rendszeresen v\u00e9gzett)<\/strong><\/td>\n<\/tr>\n<tr style=\"height: 24px\">\n<td style=\"width: 47.5807%;height: 10px\" height=\"21\">DNS kivon\u00e1sa biol\u00f3giai mint\u00e1b\u00f3l<\/td>\n<td style=\"width: 16.2689%;height: 10px\">EDTA v\u00e9r<\/td>\n<td style=\"width: 13.9768%;height: 10px\">&#8211;<\/td>\n<td style=\"width: 37.5314%;height: 10px\">&#8211;<\/td>\n<\/tr>\n<tr style=\"height: 24px\">\n<td style=\"width: 47.5807%;height: 10px\" height=\"21\">HFE Cys282Tyr mut\u00e1ci\u00f3 anal\u00edzis<\/td>\n<td style=\"width: 16.2689%;height: 10px\">EDTA v\u00e9r<\/td>\n<td style=\"width: 13.9768%;height: 10px\">2 h\u00f3nap<\/td>\n<td style=\"width: 37.5314%;height: 10px\">&#8211;<\/td>\n<\/tr>\n<tr>\n<td style=\"width: 47.5807%\" colspan=\"4\"><strong>Mut\u00e1ci\u00f3anal\u00edzis az al\u00e1bbi k\u00f3rk\u00e9pek gyan\u00faja eset\u00e9n (megbesz\u00e9l\u00e9s szerint v\u00e9gzett)<\/strong><\/td>\n<\/tr>\n<tr style=\"height: 24px\">\n<td style=\"width: 47.5807%;height: 10px\" height=\"21\">Komplementdeficiencia<\/td>\n<td style=\"width: 16.2689%;height: 10px\">EDTA v\u00e9r<\/td>\n<td style=\"width: 13.9768%;height: 10px\">2 h\u00f3nap<\/td>\n<td style=\"width: 37.5314%;height: 10px\">&#8211;<\/td>\n<\/tr>\n<tr style=\"height: 24px\">\n<td style=\"width: 47.5807%;height: 10px\" height=\"17\">At\u00edpusos hemolitikus ur\u00e9mi\u00e1s szindr\u00f3ma (aHUS)<\/td>\n<td style=\"width: 16.2689%;height: 10px\">EDTA v\u00e9r<\/td>\n<td style=\"width: 13.9768%;height: 10px\">2 h\u00f3nap<\/td>\n<td style=\"width: 37.5314%;height: 10px\">&#8211;<\/td>\n<\/tr>\n<tr style=\"height: 24px\">\n<td style=\"width: 47.5807%;height: 10px\" height=\"21\">Glomerulonephritis<\/td>\n<td style=\"width: 16.2689%;height: 10px\">EDTA v\u00e9r<\/td>\n<td style=\"width: 13.9768%;height: 10px\">2 h\u00f3nap<\/td>\n<td style=\"width: 37.5314%;height: 10px\">&#8211;<\/td>\n<\/tr>\n<tr style=\"height: 24px\">\n<td style=\"width: 47.5807%;height: 10px\" height=\"17\">Herediter angio\u00f6d\u00e9ma (C1-INH-HAE, nC1-INH-HAE)<\/td>\n<td style=\"width: 16.2689%;height: 10px\">EDTA v\u00e9r<\/td>\n<td style=\"width: 13.9768%;height: 10px\">2 h\u00f3nap<\/td>\n<td style=\"width: 37.5314%;height: 10px\">&#8211;<\/td>\n<\/tr>\n<tr style=\"height: 24px\">\n<td style=\"width: 47.5807%;height: 10px\" height=\"21\">Komplement g\u00e9n k\u00f3piasz\u00e1m meghat\u00e1roz\u00e1s<\/td>\n<td style=\"width: 16.2689%;height: 10px\">EDTA v\u00e9r<\/td>\n<td style=\"width: 13.9768%;height: 10px\">2 h\u00f3nap<\/td>\n<td style=\"width: 37.5314%;height: 10px\">&#8211;<\/td>\n<\/tr>\n<tr style=\"height: 24px\">\n<td style=\"width: 47.5807%;height: 10px\" height=\"21\">Upshaw-Schulman-szindr\u00f3ma (USS, herediter TTP)<\/td>\n<td style=\"width: 16.2689%;height: 10px\">EDTA v\u00e9r<\/td>\n<td style=\"width: 13.9768%;height: 10px\">2 h\u00f3nap<\/td>\n<td style=\"width: 37.5314%;height: 10px\">&#8211;<\/td>\n<\/tr>\n<tr style=\"height: 24px\">\n<td style=\"width: 47.5807%;height: 10px\" height=\"21\">Transztiretin-amiloid\u00f3zis<\/td>\n<td style=\"width: 16.2689%;height: 10px\">EDTA v\u00e9r<\/td>\n<td style=\"width: 13.9768%;height: 10px\">2 h\u00f3nap<\/td>\n<td style=\"width: 37.5314%;height: 10px\">&#8211;<\/td>\n<\/tr>\n<tr style=\"height: 24px\">\n<td style=\"width: 47.5807%;height: 10px\" height=\"21\">Csal\u00e1dtagsz\u0171r\u00e9s ismert mut\u00e1ci\u00f3 alapj\u00e1n<\/td>\n<td style=\"width: 16.2689%;height: 10px\">EDTA v\u00e9r<\/td>\n<td style=\"width: 13.9768%;height: 10px\">1 h\u00f3nap<\/td>\n<td style=\"width: 37.5314%;height: 10px\">&#8211;<\/td>\n<\/tr>\n<\/tbody>\n<\/table>\n<p style=\"text-align: justify\">A fenti vizsg\u00e1latok elv\u00e9gz\u00e9s\u00e9re biztos\u00edt\u00e1ssal nem rendelkez\u0151 magyar vagy k\u00fclf\u00f6ldi \u00e1llampolg\u00e1rok r\u00e9sz\u00e9re a Semmelweis Egyetem T\u00e9r\u00edt\u00e9si D\u00edj Szab\u00e1lyzat\u00e1ban r\u00f6gz\u00edtett \u00e1rk\u00e9pz\u00e9s alapj\u00e1n van lehet\u0151s\u00e9g.\u00a0<\/p>\n<p style=\"text-align: justify\">* <strong>Trombotikus mikroangiop\u00e1tia<\/strong> vagy <strong>herediter angio\u00f6d\u00e9ma<\/strong> gyan\u00faj\u00e1t felvet\u0151 <strong>akut epiz\u00f3d<\/strong> eset\u00e9n az al\u00e1bbi teszteket <strong>s\u00fcrg\u0151ss\u00e9ggel<\/strong> elv\u00e9gezz\u00fck, amennyiben a minta \u00e9rkez\u00e9s\u00e9r\u0151l \u00e9s a beteg k\u00f3rt\u00f6rt\u00e9net\u00e9r\u0151l \u00e9s a s\u00fcrg\u0151ss\u00e9g t\u00e9ny\u00e9r\u0151l <strong>el\u0151zetes t\u00e1j\u00e9koztat\u00e1s<\/strong>t kapunk.<\/p>\n<p style=\"text-align: justify\"><strong>S\u00fcrg\u0151s vizsg\u00e1lat ig\u00e9nye eset\u00e9n k\u00e9rj\u00fck vegye fel a kapcsolatot Dr. Proh\u00e1szka Zolt\u00e1n laborvezet\u0151vel<\/strong> (+36-20-825-0962, <a href=\"mailto:prohaszka.zoltan@semmelweis.hu\">prohaszka.zoltan@semmelweis.hu<\/a>), illetve t\u00e1voll\u00e9t\u00e9ben Dr. Sinkovits Gy\u00f6rgy laborat\u00f3riumi szakorvossal (+36-20-802-2555, <a href=\"mailto:sinkovits.gyorgy@semmelweis.hu\">sinkovits.gyorgy@semmelweis.hu<\/a>).<\/p>\n<p style=\"text-align: justify\">A <a href=\"https:\/\/semmelweis.hu\/kutlab\/betegellatas\/ttp\/ttp-orvosoknak\/ttp-klinikai-diagnozis\/\">trombotikus trombocitop\u00e9ni\u00e1s purpura klinikai diagn\u00f3zi\u00e1snak fel\u00e1ll\u00edt\u00e1s\u00e1r\u00f3l<\/a>, az <a href=\"https:\/\/semmelweis.hu\/kutlab\/betegellatas\/ttp\/ttp-orvosoknak\/ttp-vizsgalatok\/\">ennek kapcs\u00e1n v\u00e9gzend\u0151 vizsg\u00e1latokr\u00f3l<\/a>, a <a href=\"https:\/\/semmelweis.hu\/kutlab\/betegellatas\/ttp\/ttp-orvosoknak\/ttp-minta-eredmenykozles\/\">vizsg\u00e1lati mint\u00e1k k\u00fcld\u00e9s\u00e9r\u0151l, illetve az ered\u00e9nyek k\u00f6zl\u00e9s\u00e9r\u0151l<\/a> \u00edrt \u00f6sszefoglal\u00f3inkat a fenti linkekre kattintva is el\u00e9rheti.<\/p>\n","protected":false},"excerpt":{"rendered":"<p>A Kutat\u00f3laborban k\u00f6zfinansz\u00edrozott hazai, valamint k\u00fclf\u00f6ldi- \u00e9s meg\u00e1llapod\u00e1s alapj\u00e1n v\u00e9gzett betegell\u00e1t\u00e1si (diagnosztikai) tev\u00e9kenys\u00e9g is t\u00f6rt\u00e9nik. A 2018-as HUS\/TTP Szakmai ir\u00e1nyelv el\u00e9rhet\u0151 az <a href=\"https:\/\/akademiai.com\/doi\/pdf\/10.1556\/650.2017.30808\">Akad\u00e9miai Kiad\u00f3 honlapj\u00e1r\u00f3l<\/a> A friss\u00edtett, 2022-es HUS\/TTP Szakmai ir\u00e1nyelv el\u00e9rhet\u0151 az <a href=\"https:\/\/akjournals.com\/view\/journals\/650\/164\/Supplement-1\/article-p3.xml\">Orvosi Hetilap<\/a> vagy az <a href=\"http:\/\/www.kozlonyok.hu\/kozlonyok\/Kozlonyok\/6\/PDF\/2022\/18.pdf\">Eg\u00e9szs\u00e9g\u00fcgyi K\u00f6zl\u00f6ny honlapj\u00e1n<\/a> Non-official, English translation of the 2022 TTP-HUS Guideline available here as\u00a0 <a href=\"https:\/\/semmelweis.hu\/kutlab\/files\/2023\/10\/002168-TTP_HUS_Guideline_HUN.pdf\">002168 TTP_HUS_Guideline_HUN<\/a> Vizsg\u00e1latk\u00e9r\u0151 lap <a href=\"https:\/\/semmelweis.hu\/kutlab\/files\/2021\/02\/KUTLABk\u00e9r\u0151lap2021.doc\">doc <\/a> \u00e9s <a href=\"https:\/\/semmelweis.hu\/kutlab\/files\/2021\/02\/KUTLABk\u00e9r\u0151lap2021.pdf\">pdf <\/a> form\u00e1tumban Beleegyez\u0151 nyilatkozat\u00a0 <a href=\"https:\/\/semmelweis.hu\/kutlab\/files\/2025\/05\/Beleegyezo-nyilatkozat-TMAkomplement-2023.docx\">(ITT)<\/a> \u00e9s t\u00e1j\u00e9koztat\u00f3 genetikai vizsg\u00e1lat v\u00e9gz\u00e9se el\u0151tt &hellip;<\/p>\n","protected":false},"author":158,"featured_media":0,"parent":25,"menu_order":1,"comment_status":"closed","ping_status":"closed","template":"","meta":{"_acf_changed":false,"footnotes":""},"categories":[],"tags":[],"class_list":["post-77","page","type-page","status-publish","hentry"],"acf":[],"_links":{"self":[{"href":"https:\/\/semmelweis.hu\/kutlab\/wp-json\/wp\/v2\/pages\/77","targetHints":{"allow":["GET"]}}],"collection":[{"href":"https:\/\/semmelweis.hu\/kutlab\/wp-json\/wp\/v2\/pages"}],"about":[{"href":"https:\/\/semmelweis.hu\/kutlab\/wp-json\/wp\/v2\/types\/page"}],"author":[{"embeddable":true,"href":"https:\/\/semmelweis.hu\/kutlab\/wp-json\/wp\/v2\/users\/158"}],"replies":[{"embeddable":true,"href":"https:\/\/semmelweis.hu\/kutlab\/wp-json\/wp\/v2\/comments?post=77"}],"version-history":[{"count":11,"href":"https:\/\/semmelweis.hu\/kutlab\/wp-json\/wp\/v2\/pages\/77\/revisions"}],"predecessor-version":[{"id":2177,"href":"https:\/\/semmelweis.hu\/kutlab\/wp-json\/wp\/v2\/pages\/77\/revisions\/2177"}],"up":[{"embeddable":true,"href":"https:\/\/semmelweis.hu\/kutlab\/wp-json\/wp\/v2\/pages\/25"}],"wp:attachment":[{"href":"https:\/\/semmelweis.hu\/kutlab\/wp-json\/wp\/v2\/media?parent=77"}],"wp:term":[{"taxonomy":"category","embeddable":true,"href":"https:\/\/semmelweis.hu\/kutlab\/wp-json\/wp\/v2\/categories?post=77"},{"taxonomy":"post_tag","embeddable":true,"href":"https:\/\/semmelweis.hu\/kutlab\/wp-json\/wp\/v2\/tags?post=77"}],"curies":[{"name":"wp","href":"https:\/\/api.w.org\/{rel}","templated":true}]}}