{"id":56,"date":"2016-01-08T00:00:00","date_gmt":"2016-01-07T23:00:00","guid":{"rendered":"http:\/\/semmelweis.hu\/kutlab\/122-45784\/"},"modified":"2025-07-30T11:08:10","modified_gmt":"2025-07-30T09:08:10","slug":"sinkovits-gyorgy","status":"publish","type":"page","link":"https:\/\/semmelweis.hu\/kutlab\/munkatarsak\/sinkovits-gyorgy\/","title":{"rendered":"Dr. Sinkovits Gy\u00f6rgy"},"content":{"rendered":"<div class=\"contacts_list\"><img loading=\"lazy\" decoding=\"async\" class=\"alignleft wp-image-1423 \" src=\"https:\/\/semmelweis.hu\/kutlab\/files\/2022\/11\/sinkovits-gyorgy-index-268x400.jpg\" alt=\"\" width=\"150\" height=\"224\" srcset=\"https:\/\/semmelweis.hu\/kutlab\/files\/2022\/11\/sinkovits-gyorgy-index-268x400.jpg 268w, https:\/\/semmelweis.hu\/kutlab\/files\/2022\/11\/sinkovits-gyorgy-index-201x300.jpg 201w, https:\/\/semmelweis.hu\/kutlab\/files\/2022\/11\/sinkovits-gyorgy-index.jpg 600w\" sizes=\"auto, (max-width: 150px) 100vw, 150px\" \/><\/p>\n<table style=\"width: 100%;height: 96px\" border=\"0\" cellspacing=\"0\" cellpadding=\"0\">\n<tbody>\n<tr style=\"height: 24px\">\n<td style=\"padding-right: 10px;height: 24px\">Beoszt\u00e1s:<\/td>\n<td style=\"height: 24px\">Tudom\u00e1nyos munkat\u00e1rs, klinikai szakorvos<\/td>\n<\/tr>\n<tr style=\"height: 24px\">\n<td style=\"padding-right: 10px;height: 24px\">V\u00e9gzetts\u00e9g:<\/td>\n<td style=\"height: 24px\">Orvosi laborat\u00f3riumi diagnosztika szakorvos<\/td>\n<\/tr>\n<tr>\n<td style=\"padding-right: 10px\">Fokozat:<\/td>\n<td>PhD<\/td>\n<\/tr>\n<tr style=\"height: 24px\">\n<td style=\"padding-right: 10px;height: 24px\">Telefon:<\/td>\n<td style=\"height: 24px\">+36 20\/80-22-555<\/td>\n<\/tr>\n<tr style=\"height: 24px\">\n<td style=\"padding-right: 10px;height: 24px\">E-mail:<\/td>\n<td style=\"height: 24px\"><a href=\"mailto:gysinkovits@gmail.com\">gysinkovits@gmail.com<\/a><\/td>\n<\/tr>\n<\/tbody>\n<\/table>\n<div class=\"cv\">\n<p style=\"text-align: justify\"><strong>F\u0151 \u00e9rdekl\u0151d\u00e9si ter\u00fcletek:<\/strong><\/p>\n<p>Trombotikus trombocitop\u00e9ni\u00e1s purpura patogenezis\u00e9nek kutat\u00e1sa, trombotikus mikroangiop\u00e1ti\u00e1k differenci\u00e1ldiagnosztik\u00e1ja, komplementrendszer vizsg\u00e1lata<\/p>\n<p style=\"text-align: justify\"><strong>Bemutatkoz\u00e1s<\/strong><br \/>\n2010 okt\u00f3ber\u00e9ben TDK hallgat\u00f3k\u00e9nt kapcsol\u00f3dtam be a III. Sz. Belgy\u00f3gy\u00e1szati Klinika Kutat\u00f3laborat\u00f3rium\u00e1nak munk\u00e1j\u00e1ba, ahol a komplementrendszer trombotikus mikroangiop\u00e1ti\u00e1kban j\u00e1tszott szerep\u00e9vel foglalkoztam, ezzel kapcsolatos eredm\u00e9nyeim k\u00e9pezt\u00e9k a szakdolgozatom alapj\u00e1t. <br \/>\n2013-ban v\u00e9geztem a Semmelweis Egyetem \u00c1ltal\u00e1nos Orvosi Kar\u00e1n, az\u00f3ta teljes munkaid\u0151ben dolgozom a Kutat\u00f3laborat\u00f3riumban.<br \/>\nEls\u0151dleges kutat\u00e1si \u00e9s \u00e9rdekl\u0151d\u00e9si ter\u00fcletem a trombotikus trombocitop\u00e9ni\u00e1s purpura (TTP) patogenezis\u00e9nek \u00e9s az ADAMTS13-ellenes antitestek kialakul\u00e1s\u00e1nak vizsg\u00e1lata, ez k\u00e9pezte doktori (PhD) \u00e9rtekez\u00e9sem t\u00e9m\u00e1j\u00e1t is. <br \/>\nA COVID-19 j\u00e1rv\u00e1ny kezdet\u00e9n a mi \u00e9rdekl\u0151d\u00e9s\u00fcnk is r\u00e9szben e sokakat \u00e9rint\u0151 betegs\u00e9g fel\u00e9 fordult, laborat\u00f3riumunkban a komplementrendszer, illetve a von Willebrand-faktor\u2013ADAMTS13 tengely szerep\u00e9t vizsg\u00e1ljuk COVID-19 betegs\u00e9gben \u00e9s ehhez t\u00e1rsul\u00f3 egy\u00e9b k\u00f3rk\u00e9pekben.<br \/>\nA kutat\u00f3munka mellett a Komplementdiagnosztikai munkacsoport vezet\u0151jek\u00e9nt r\u00e9szt veszek a Kutat\u00f3laborat\u00f3rium diagnosztikus tev\u00e9kenys\u00e9g\u00e9ben is.\u00a0<\/p>\n<p style=\"text-align: justify\"><strong>Tanulm\u00e1nyok<\/strong><\/p>\n<table style=\"border-collapse: collapse;width: 117.343%\">\n<tbody>\n<tr>\n<td style=\"width: 18.6986%\">2016 &#8211; 2021<\/td>\n<td style=\"width: 97.649%\">Orvosi laborat\u00f3riumi diagnosztika szakk\u00e9pz\u00e9s, Semmelweis Egyetem<\/td>\n<\/tr>\n<tr>\n<td style=\"width: 18.6986%\">2013 &#8211; 2016<\/td>\n<td style=\"width: 97.649%\">Elm\u00e9leti \u00e9s Transzl\u00e1ci\u00f3s Orvostudom\u00e1nyok Doktori Iskola, Semmelweis Egyetem<\/td>\n<\/tr>\n<tr>\n<td style=\"width: 18.6986%\">2007 &#8211; 2013<\/td>\n<td style=\"width: 97.649%\">\u00c1ltal\u00e1nos Orvostudom\u00e1nyi Kar, Semmelweis Egyetem<\/td>\n<\/tr>\n<tr>\n<td style=\"width: 18.6986%\">2003 &#8211; 2007<\/td>\n<td style=\"width: 97.649%\">Bolyai J\u00e1nos Gimn\u00e1zium, Szombathely<\/td>\n<\/tr>\n<\/tbody>\n<\/table>\n<p style=\"text-align: justify\"><strong>Munkahelyek<\/strong><\/p>\n<table style=\"border-collapse: collapse;width: 116.562%\">\n<tbody>\n<tr>\n<td style=\"width: 21.4062%\">2013 &#8211;<\/td>\n<td style=\"width: 95.1563%\">Semmelweis Egyetem, III. Sz. Belgy\u00f3gy\u00e1szati Klinika, <br \/>\n(k\u00e9s\u0151bb Belgy\u00f3gy\u00e1szati \u00e9s Hematol\u00f3giai Klinika), Kutat\u00f3laborat\u00f3rium<\/td>\n<\/tr>\n<\/tbody>\n<\/table>\n<p style=\"text-align: justify\">\n<strong>Oktat\u00e1si tev\u00e9kenys\u00e9g<\/strong><\/p>\n<table style=\"border-collapse: collapse;width: 116.719%\">\n<tbody>\n<tr>\n<td style=\"width: 21.7187%\">2017 &#8211;<\/td>\n<td style=\"width: 94.9999%\">Oktat\u00f3: Klinikai Biostatisztika PhD kurzus, Semmelweis Egyetem, Doktori Iskola<\/td>\n<\/tr>\n<tr>\n<td style=\"width: 21.7187%\">2016 &#8211;<\/td>\n<td style=\"width: 94.9999%\">T\u00e9mavezet\u0151: 2 akt\u00edv \u00e9s 4 kor\u00e1bbi TDK hallgat\u00f3 (2 szakdolgozat, 1 diplomamunka)<\/td>\n<\/tr>\n<tr>\n<td style=\"width: 21.7187%\">2010 &#8211; 2013<\/td>\n<td style=\"width: 94.9999%\">Demonstr\u00e1tor: Semmelweis Egyetem, K\u00f3r\u00e9lettani int\u00e9zet<\/td>\n<\/tr>\n<\/tbody>\n<\/table>\n<p>1417<\/p>\n<p style=\"text-align: justify\">\n<strong>Tudom\u00e1nyos tev\u00e9kenys\u00e9g<\/strong><\/p>\n<table style=\"border-collapse: collapse;width: 116.875%\">\n<tbody>\n<tr>\n<td style=\"width: 18.5829%\">2013 &#8211;<\/td>\n<td style=\"width: 98.2921%\">A <strong>trombotikus trombocitop\u00e9ni\u00e1s purpura<\/strong> (TTP) <strong>patogenezis\u00e9nek<\/strong> vizsg\u00e1lata<\/td>\n<\/tr>\n<tr>\n<td style=\"width: 18.5829%\">2020 &#8211;<\/td>\n<td style=\"width: 98.2921%\">A komplementrendszer \u00e9s a von Willebrand-faktor \u2013 ADAMTS13 tengely szerepe a COVID-19 betegs\u00e9gben \u00e9s kapcsol\u00f3d\u00f3 k\u00f3rk\u00e9pekben<\/td>\n<\/tr>\n<\/tbody>\n<\/table>\n<p style=\"text-align: justify\">A teljes publik\u00e1ci\u00f3s lista \u00e9s id\u00e9zetts\u00e9gi mutat\u00f3k az\u00a0<a href=\"https:\/\/m2.mtmt.hu\/api\/publication?cond=published;eq;true&amp;cond=core;eq;true&amp;cond=authors.mtid;eq;10060721&amp;sort=publishedYear,desc&amp;sort=firstAuthor,asc&amp;page=1&amp;size=20&amp;fields=template&amp;labelLang=hun&amp;cite_type=2\"><strong>MTMT<\/strong><\/a> adatb\u00e1zis\u00e1ban el\u00e9rhet\u0151k.<\/p>\n<p style=\"text-align: justify\"><strong>Elnyert p\u00e1ly\u00e1zatok<\/strong><\/p>\n<table style=\"border-collapse: collapse;width: 116.719%\">\n<tbody>\n<tr>\n<td style=\"width: 15.4688%\">2019<\/td>\n<td style=\"width: 101.25%\">Fokozatszerz\u00e9si \u00d6szt\u00f6nd\u00edj (Semmelweis Egyetem, Doktori Iskola)<\/td>\n<\/tr>\n<tr>\n<td style=\"width: 15.4688%\">2018<\/td>\n<td style=\"width: 101.25%\">\u00daj Nemzeti Kiv\u00e1l\u00f3s\u00e1gi Program (\u00daNKP) Doktorjel\u00f6lti Kutat\u00f3i \u00d6szt\u00f6nd\u00edj<\/td>\n<\/tr>\n<tr>\n<td style=\"width: 15.4688%\">2021<\/td>\n<td style=\"width: 101.25%\">HORIZON-MSCA-2021-DN, r\u00e9sztvev\u0151<\/td>\n<\/tr>\n<tr>\n<td style=\"width: 15.4688%\">2021<\/td>\n<td style=\"width: 101.25%\">TKP\/MOLORKIV, r\u00e9sztvev\u0151<\/td>\n<\/tr>\n<tr>\n<td style=\"width: 15.4688%\">2020<\/td>\n<td style=\"width: 101.25%\">2020-1.1.6-J\u00d6V\u0150, r\u00e9sztvev\u0151<\/td>\n<\/tr>\n<\/tbody>\n<\/table>\n<p style=\"text-align: justify\">\n<strong>D\u00edjak, elismer\u00e9sek<\/strong><\/p>\n<table style=\"border-collapse: collapse;width: 116.25%\">\n<tbody>\n<tr>\n<td style=\"width: 11.9624%\">2021<\/td>\n<td style=\"width: 104.288%\">El\u0151ad\u00e1s\u00e9rt j\u00e1r\u00f3 k\u00fcl\u00f6nd\u00edj (28. International Complement Workshop)<\/td>\n<\/tr>\n<tr>\n<td style=\"width: 11.9624%\">2021<\/td>\n<td style=\"width: 104.288%\">Legjobb el\u0151ad\u00e1s\u00e9rt j\u00e1r\u00f3 d\u00edj (a GTH 65. \u00e9ves gy\u0171l\u00e9se, COVID-19 szekci\u00f3)<\/td>\n<\/tr>\n<\/tbody>\n<\/table>\n<p style=\"text-align: justify\"><strong>T\u00e1rsas\u00e1gi tags\u00e1gok<\/strong><\/p>\n<table style=\"border-collapse: collapse;width: 116.406%\">\n<tbody>\n<tr>\n<td style=\"width: 15.7812%\">2019 &#8211;<\/td>\n<td style=\"width: 100.625%\">Gesellschaft f\u00fcr Thrombose- und H\u00e4mostaseforschung (GTH)<\/td>\n<\/tr>\n<tr>\n<td style=\"width: 15.7812%\">2014 &#8211;<\/td>\n<td style=\"width: 100.625%\">Magyar Immunol\u00f3giai T\u00e1rsas\u00e1g (MIT)<\/td>\n<\/tr>\n<tr>\n<td style=\"width: 15.7812%\">2013 &#8211;<\/td>\n<td style=\"width: 100.625%\">Magyar Thrombosis \u00e9s Haemostasis T\u00e1rsas\u00e1g (MTHT)<\/td>\n<\/tr>\n<\/tbody>\n<\/table>\n<p style=\"text-align: justify\"><strong>Nyelvtud\u00e1s<\/strong><\/p>\n<table style=\"border-collapse: collapse;width: 100%\">\n<tbody>\n<tr>\n<td style=\"width: 18.2813%\">2006<\/td>\n<td style=\"width: 81.7186%\">Angol \u2013 fels\u0151fok\u00fa komplex (C) nyelvvizsga<\/td>\n<\/tr>\n<tr>\n<td style=\"width: 18.2813%\">2005\u00a0<\/td>\n<td style=\"width: 81.7186%\">N\u00e9met \u2013 fels\u0151fok\u00fa komplex (C) nyelvvizsga<\/td>\n<\/tr>\n<\/tbody>\n<\/table>\n<p><strong>Sz\u00e1m\u00edt\u00f3g\u00e9pes ismeretek<\/strong><\/p>\n<table style=\"border-collapse: collapse;width: 100%\">\n<tbody>\n<tr>\n<td style=\"width: 100%\">Microsoft Excel, Word, PowerPoint<\/td>\n<\/tr>\n<tr>\n<td style=\"width: 100%\">GraphPad Prism, IBM SPSS, StatSoft Statistica<\/td>\n<\/tr>\n<tr>\n<td style=\"width: 100%\">MedSol, Glims, Androm\u00e9da Gemini<\/td>\n<\/tr>\n<\/tbody>\n<\/table>\n<div style=\"text-align: justify\">\u00a0<\/div>\n<\/div>\n<\/div>\n","protected":false},"excerpt":{"rendered":"<p>Beoszt\u00e1s: Tudom\u00e1nyos munkat\u00e1rs, klinikai szakorvos V\u00e9gzetts\u00e9g: Orvosi laborat\u00f3riumi diagnosztika szakorvos Fokozat: PhD Telefon: +36 20\/80-22-555 E-mail: <a href=\"mailto:gysinkovits@gmail.com\">gysinkovits@gmail.com<\/a> F\u0151 \u00e9rdekl\u0151d\u00e9si ter\u00fcletek: Trombotikus trombocitop\u00e9ni\u00e1s purpura patogenezis\u00e9nek kutat\u00e1sa, trombotikus mikroangiop\u00e1ti\u00e1k differenci\u00e1ldiagnosztik\u00e1ja, komplementrendszer vizsg\u00e1lata Bemutatkoz\u00e1s 2010 okt\u00f3ber\u00e9ben TDK hallgat\u00f3k\u00e9nt kapcsol\u00f3dtam be a III. Sz. Belgy\u00f3gy\u00e1szati Klinika Kutat\u00f3laborat\u00f3rium\u00e1nak munk\u00e1j\u00e1ba, ahol a komplementrendszer trombotikus mikroangiop\u00e1ti\u00e1kban j\u00e1tszott szerep\u00e9vel foglalkoztam, ezzel kapcsolatos eredm\u00e9nyeim k\u00e9pezt\u00e9k &hellip;<\/p>\n","protected":false},"author":1,"featured_media":0,"parent":19,"menu_order":3,"comment_status":"closed","ping_status":"closed","template":"","meta":{"_acf_changed":false,"footnotes":""},"categories":[],"tags":[],"class_list":["post-56","page","type-page","status-publish","hentry"],"acf":[],"_links":{"self":[{"href":"https:\/\/semmelweis.hu\/kutlab\/wp-json\/wp\/v2\/pages\/56","targetHints":{"allow":["GET"]}}],"collection":[{"href":"https:\/\/semmelweis.hu\/kutlab\/wp-json\/wp\/v2\/pages"}],"about":[{"href":"https:\/\/semmelweis.hu\/kutlab\/wp-json\/wp\/v2\/types\/page"}],"author":[{"embeddable":true,"href":"https:\/\/semmelweis.hu\/kutlab\/wp-json\/wp\/v2\/users\/1"}],"replies":[{"embeddable":true,"href":"https:\/\/semmelweis.hu\/kutlab\/wp-json\/wp\/v2\/comments?post=56"}],"version-history":[{"count":8,"href":"https:\/\/semmelweis.hu\/kutlab\/wp-json\/wp\/v2\/pages\/56\/revisions"}],"predecessor-version":[{"id":2236,"href":"https:\/\/semmelweis.hu\/kutlab\/wp-json\/wp\/v2\/pages\/56\/revisions\/2236"}],"up":[{"embeddable":true,"href":"https:\/\/semmelweis.hu\/kutlab\/wp-json\/wp\/v2\/pages\/19"}],"wp:attachment":[{"href":"https:\/\/semmelweis.hu\/kutlab\/wp-json\/wp\/v2\/media?parent=56"}],"wp:term":[{"taxonomy":"category","embeddable":true,"href":"https:\/\/semmelweis.hu\/kutlab\/wp-json\/wp\/v2\/categories?post=56"},{"taxonomy":"post_tag","embeddable":true,"href":"https:\/\/semmelweis.hu\/kutlab\/wp-json\/wp\/v2\/tags?post=56"}],"curies":[{"name":"wp","href":"https:\/\/api.w.org\/{rel}","templated":true}]}}