{"id":45,"date":"2016-01-08T00:00:00","date_gmt":"2016-01-07T23:00:00","guid":{"rendered":"http:\/\/semmelweis.hu\/kutlab\/cv-honlapra_cl\/"},"modified":"2025-07-30T10:58:20","modified_gmt":"2025-07-30T08:58:20","slug":"cervenak-laszlo","status":"publish","type":"page","link":"https:\/\/semmelweis.hu\/kutlab\/munkatarsak\/cervenak-laszlo\/","title":{"rendered":"Dr. Cervenak L\u00e1szl\u00f3"},"content":{"rendered":"<p><img loading=\"lazy\" decoding=\"async\" class=\"wp-image-1212 alignleft\" src=\"https:\/\/semmelweis.hu\/kutlab\/files\/2022\/11\/CL_20220927_153306-285x400.jpg\" alt=\"\" width=\"129\" height=\"181\" srcset=\"https:\/\/semmelweis.hu\/kutlab\/files\/2022\/11\/CL_20220927_153306-285x400.jpg 285w, https:\/\/semmelweis.hu\/kutlab\/files\/2022\/11\/CL_20220927_153306-729x1024.jpg 729w, https:\/\/semmelweis.hu\/kutlab\/files\/2022\/11\/CL_20220927_153306-768x1079.jpg 768w, https:\/\/semmelweis.hu\/kutlab\/files\/2022\/11\/CL_20220927_153306-213x300.jpg 213w, https:\/\/semmelweis.hu\/kutlab\/files\/2022\/11\/CL_20220927_153306-1093x1536.jpg 1093w, https:\/\/semmelweis.hu\/kutlab\/files\/2022\/11\/CL_20220927_153306-1457x2048.jpg 1457w, https:\/\/semmelweis.hu\/kutlab\/files\/2022\/11\/CL_20220927_153306.jpg 1776w\" sizes=\"auto, (max-width: 129px) 100vw, 129px\" \/>V\u00e9gzetts\u00e9g: Biol\u00f3gus (MSc)<\/p>\n<p>Fokozat: PhD (Immunol\u00f3gia, ELTE, 2003)<\/p>\n<p>Beoszt\u00e1s: Tudom\u00e1nyos tan\u00e1csad\u00f3<\/p>\n<p>Munkak\u00f6r: Sejtbiol\u00f3giai \u00e9s Sejtter\u00e1pi\u00e1s csoportvezet\u0151<\/p>\n<p>E-mail: <a href=\"mailto:cervenak.laszlo@semmelweis.hu\">cervenak.laszlo@semmelweis.hu<\/a><\/p>\n<p><strong>Tudom\u00e1nyos \u00e9rdekl\u0151d\u00e9si ter\u00fcletek:<\/strong> Az immunol\u00f3gia, a vaszkul\u00e1ris biol\u00f3gia \u00e9s a gyullad\u00e1si reakci\u00f3k hat\u00e1rter\u00fclete; endot\u00e9lsejt fiziol\u00f3gia\/patofiziol\u00f3gia; mezenchim\u00e1lis \u0151ssejtek immunmodul\u00e1l\u00f3 hat\u00e1s\u00e1nak vizsg\u00e1lata; \u0151ssejt-transzplant\u00e1ci\u00f3 gyakorlati vonatkoz\u00e1sai.<\/p>\n<p><strong>Pubik\u00e1ci\u00f3k<\/strong>: <a href=\"https:\/\/www.scopus.com\/authid\/detail.uri?authorId=55894737800\">Cervenak L\u00e1szl\u00f3 publik\u00e1ci\u00f3s list\u00e1ja (Scopus)<\/a><\/p>\n<p><strong>Orcid ID:<\/strong> <a href=\"https:\/\/orcid.org\/0000-0003-0166-8697\">0000-0003-0166-8697<\/a><\/p>\n","protected":false},"excerpt":{"rendered":"<p>V\u00e9gzetts\u00e9g: Biol\u00f3gus (MSc)<br \/>\nFokozat: PhD (Immunol\u00f3gia, ELTE, 2003)<br \/>\nBeoszt\u00e1s: Tudom\u00e1nyos tan\u00e1csad\u00f3<br \/>\nMunkak\u00f6r: Sejtbiol\u00f3giai \u00e9s Sejtter\u00e1pi\u00e1s csoportvezet\u0151<br \/>\nE-mail: <a href=\"mailto:cervenak.laszlo@semmelweis.hu\">cervenak.laszlo@semmelweis.hu<\/a><br \/>\nTudom\u00e1nyos \u00e9rdekl\u0151d\u00e9si ter\u00fcletek: Az immunol\u00f3gia, a vaszkul\u00e1ris biol\u00f3gia \u00e9s a gyullad\u00e1si reakci\u00f3k hat\u00e1rter\u00fclete; endot\u00e9lsejt fiziol\u00f3gia\/patofiziol\u00f3gia; mezenchim\u00e1lis \u0151ssejtek immunmodul\u00e1l\u00f3 hat\u00e1s\u00e1nak vizsg\u00e1lata; \u0151ssejt-transzplant\u00e1ci\u00f3 gyakorlati vonatkoz\u00e1sai.<br \/>\nPubik\u00e1ci\u00f3k: <a href=\"https:\/\/www.scopus.com\/authid\/detail.uri?authorId=55894737800\">Cervenak L\u00e1szl\u00f3 publik\u00e1ci\u00f3s list\u00e1ja (Scopus)<\/a><br \/>\nOrcid ID: <a href=\"https:\/\/orcid.org\/0000-0003-0166-8697\">0000-0003-0166-8697<\/a><\/p>\n","protected":false},"author":1,"featured_media":0,"parent":19,"menu_order":2,"comment_status":"closed","ping_status":"closed","template":"","meta":{"_acf_changed":false,"footnotes":""},"categories":[],"tags":[],"class_list":["post-45","page","type-page","status-publish","hentry"],"acf":[],"_links":{"self":[{"href":"https:\/\/semmelweis.hu\/kutlab\/wp-json\/wp\/v2\/pages\/45","targetHints":{"allow":["GET"]}}],"collection":[{"href":"https:\/\/semmelweis.hu\/kutlab\/wp-json\/wp\/v2\/pages"}],"about":[{"href":"https:\/\/semmelweis.hu\/kutlab\/wp-json\/wp\/v2\/types\/page"}],"author":[{"embeddable":true,"href":"https:\/\/semmelweis.hu\/kutlab\/wp-json\/wp\/v2\/users\/1"}],"replies":[{"embeddable":true,"href":"https:\/\/semmelweis.hu\/kutlab\/wp-json\/wp\/v2\/comments?post=45"}],"version-history":[{"count":7,"href":"https:\/\/semmelweis.hu\/kutlab\/wp-json\/wp\/v2\/pages\/45\/revisions"}],"predecessor-version":[{"id":1959,"href":"https:\/\/semmelweis.hu\/kutlab\/wp-json\/wp\/v2\/pages\/45\/revisions\/1959"}],"up":[{"embeddable":true,"href":"https:\/\/semmelweis.hu\/kutlab\/wp-json\/wp\/v2\/pages\/19"}],"wp:attachment":[{"href":"https:\/\/semmelweis.hu\/kutlab\/wp-json\/wp\/v2\/media?parent=45"}],"wp:term":[{"taxonomy":"category","embeddable":true,"href":"https:\/\/semmelweis.hu\/kutlab\/wp-json\/wp\/v2\/categories?post=45"},{"taxonomy":"post_tag","embeddable":true,"href":"https:\/\/semmelweis.hu\/kutlab\/wp-json\/wp\/v2\/tags?post=45"}],"curies":[{"name":"wp","href":"https:\/\/api.w.org\/{rel}","templated":true}]}}

Dr. Cervenak László

<p><img loading="lazy" decoding="async" class="wp-image-1212 alignleft" src="https://semmelweis.hu/kutlab/files/2022/11/CL_20220927_153306-285x400.jpg" alt="" width="129" height="181" srcset="https://semmelweis.hu/kutlab/files/2022/11/CL_20220927_153306-285x400.jpg 285w, https://semmelweis.hu/kutlab/files/2022/11/CL_20220927_153306-729x1024.jpg 729w, https://semmelweis.hu/kutlab/files/2022/11/CL_20220927_153306-768x1079.jpg 768w, https://semmelweis.hu/kutlab/files/2022/11/CL_20220927_153306-213x300.jpg 213w, https://semmelweis.hu/kutlab/files/2022/11/CL_20220927_153306-1093x1536.jpg 1093w, https://semmelweis.hu/kutlab/files/2022/11/CL_20220927_153306-1457x2048.jpg 1457w, https://semmelweis.hu/kutlab/files/2022/11/CL_20220927_153306.jpg 1776w" sizes="auto, (max-width: 129px) 100vw, 129px" />Végzettség: Biológus (MSc)</p>
<p>Fokozat: PhD (Immunológia, ELTE, 2003)</p>
<p>Beosztás: Tudományos tanácsadó</p>
<p>Munkakör: Sejtbiológiai és Sejtterápiás csoportvezető</p>
<p>E-mail: <a href="mailto:cervenak.laszlo@semmelweis.hu">cervenak.laszlo@semmelweis.hu</a></p>
<p><strong>Tudományos érdeklődési területek:</strong> Az immunológia, a vaszkuláris biológia és a gyulladási reakciók határterülete; endotélsejt fiziológia/patofiziológia; mezenchimális őssejtek immunmoduláló hatásának vizsgálata; őssejt-transzplantáció gyakorlati vonatkozásai.</p>
<p><strong>Pubikációk</strong>: <a href="https://www.scopus.com/authid/detail.uri?authorId=55894737800">Cervenak László publikációs listája (Scopus)</a></p>
<p><strong>Orcid ID:</strong> <a href="https://orcid.org/0000-0003-0166-8697">0000-0003-0166-8697</a></p>

<p>Végzettség: Biológus (MSc)<br />
Fokozat: PhD (Immunológia, ELTE, 2003)<br />
Beosztás: Tudományos tanácsadó<br />
Munkakör: Sejtbiológiai és Sejtterápiás csoportvezető<br />
E-mail: <a href="mailto:cervenak.laszlo@semmelweis.hu">cervenak.laszlo@semmelweis.hu</a><br />
Tudományos érdeklődési területek: Az immunológia, a vaszkuláris biológia és a gyulladási reakciók határterülete; endotélsejt fiziológia/patofiziológia; mezenchimális őssejtek immunmoduláló hatásának vizsgálata; őssejt-transzplantáció gyakorlati vonatkozásai.<br />
Pubikációk: <a href="https://www.scopus.com/authid/detail.uri?authorId=55894737800">Cervenak László publikációs listája (Scopus)</a><br />
Orcid ID: <a href="https://orcid.org/0000-0003-0166-8697">0000-0003-0166-8697</a></p>
