{"id":33,"date":"2016-01-08T00:00:00","date_gmt":"2016-01-07T23:00:00","guid":{"rendered":"http:\/\/semmelweis.hu\/kutlab\/co-workers\/"},"modified":"2026-04-24T12:32:19","modified_gmt":"2026-04-24T10:32:19","slug":"co-workers","status":"publish","type":"page","link":"https:\/\/semmelweis.hu\/kutlab\/en\/co-workers\/","title":{"rendered":"Co-workers"},"content":{"rendered":"<div class=\"contacts_list\">\n<div style=\"clear: both;margin-bottom: 10px;border-top: 1px solid #ccc;padding-top: 10px\">\n<div style=\"float: right;margin: 0 0 10px 10px\"><a href=\"122-40821\"><img decoding=\"async\" src=\"\/kutlab\/files\/2016\/01\/newPZ1.jpg\" alt=\"\" width=\"79\" \/><\/a><\/div>\n<table style=\"width: 600px;clear: left;float: left\" border=\"0\" cellspacing=\"0\" cellpadding=\"0\">\n<tbody>\n<tr>\n<td colspan=\"2\"><a class=\"contact_name\" href=\"122-40821\">Zolt\u00e1n Proh\u00e1szka, MD<\/a><\/td>\n<\/tr>\n<tr>\n<td>Position:<\/td>\n<td>Professor of immunology, head of laboratory<\/td>\n<\/tr>\n<tr>\n<td>Degree:<\/td>\n<td>PhD (immunology), DSc<\/td>\n<\/tr>\n<tr>\n<td>Phone:<\/td>\n<td>+3620-8250962<\/td>\n<\/tr>\n<tr>\n<td>E-mail:<\/td>\n<td>prohaszka.zoltan@semmelweis.hu<\/td>\n<\/tr>\n<\/tbody>\n<\/table>\n<\/div>\n<div style=\"clear: both;margin-bottom: 10px;border-top: 1px solid #ccc;padding-top: 10px\">\n<div style=\"float: right;margin: 0 0 10px 10px\"><a href=\"CL_EN\/index\"><img decoding=\"async\" src=\"\/kutlab\/files\/2016\/01\/35695.jpg\" alt=\"\" width=\"79\" \/><\/a><\/div>\n<table style=\"width: 600px;clear: left;float: left\" border=\"0\" cellspacing=\"0\" cellpadding=\"0\">\n<tbody>\n<tr>\n<td colspan=\"2\"><a class=\"contact_name\" href=\"https:\/\/semmelweis.hu\/kutlab\/en\/laszlo-cervenak\/\">L\u00e1szl\u00f3 Cervenak<\/a><\/td>\n<\/tr>\n<tr>\n<td>Position:<\/td>\n<td>Senior researcher, head of Endothelial Cell Group<\/td>\n<\/tr>\n<tr>\n<td>Degree:<\/td>\n<td>MSc (biology), PhD (immunology)<\/td>\n<\/tr>\n<tr>\n<td>Phone:<\/td>\n<td>+3620-8250960<\/td>\n<\/tr>\n<tr>\n<td>E-mail:<\/td>\n<td><a href=\"mailto:cela@kut.sote.hu\">cela@kut.sote.hu<\/a><\/td>\n<\/tr>\n<\/tbody>\n<\/table>\n<\/div>\n<div style=\"clear: both;margin-bottom: 10px;border-top: 1px solid #ccc;padding-top: 10px\">\n<div style=\"float: right;margin: 0 0 10px 10px\"><a href=\"122-45794\"><img decoding=\"async\" src=\"\/kutlab\/files\/2016\/01\/Dczyn_Mrti.JPG.jpg\" alt=\"\" width=\"79\" \/><\/a><\/div>\n<table style=\"width: 600px;clear: left;float: left\" border=\"0\" cellspacing=\"0\" cellpadding=\"0\">\n<tbody>\n<tr>\n<td colspan=\"2\"><a class=\"contact_name\" href=\"122-45794\">D\u00f3czy Andr\u00e1sn\u00e9<\/a><\/td>\n<\/tr>\n<tr>\n<td>Position:<\/td>\n<td>Laboratory Assistant<\/td>\n<\/tr>\n<tr>\n<td>Degree:<\/td>\n<td>Laboratory Assistant<\/td>\n<\/tr>\n<tr>\n<td>Phone:<\/td>\n<td>06(20)8250702<\/td>\n<\/tr>\n<tr>\n<td>E-mail:<\/td>\n<td><a href=\"mailto:marti@kut.sote.hu\">marti@kut.sote.hu<\/a><\/td>\n<\/tr>\n<\/tbody>\n<\/table>\n<\/div>\n<div style=\"clear: both;margin-bottom: 10px;border-top: 1px solid #ccc;padding-top: 10px\">\n<div style=\"float: right;margin: 0 0 10px 10px\"><a href=\"122-45788\"><img decoding=\"async\" src=\"\/kutlab\/files\/2016\/01\/DSC_7375_36074.jpg\" alt=\"\" width=\"79\" \/><\/a><\/div>\n<table style=\"width: 600px;clear: left;float: left\" border=\"0\" cellspacing=\"0\" cellpadding=\"0\">\n<tbody>\n<tr>\n<td colspan=\"2\"><a class=\"contact_name\" href=\"122-45788\">Henriette Farkas<\/a><\/td>\n<\/tr>\n<tr>\n<td>Position:<\/td>\n<td>Professor<\/td>\n<\/tr>\n<tr>\n<td>Degree:<\/td>\n<td>Medical Doctor, PhD, DSc<\/td>\n<\/tr>\n<tr>\n<td>Phone:<\/td>\n<td>+36208250922<\/td>\n<\/tr>\n<tr>\n<td>E-mail:<\/td>\n<td><a href=\"mailto:farkash@kut.sote.hu\">farkash@kut.sote.hu<\/a><\/td>\n<\/tr>\n<\/tbody>\n<\/table>\n<\/div>\n<div style=\"clear: both;margin-bottom: 10px;border-top: 1px solid #ccc;padding-top: 10px\">\n<div style=\"float: right;margin: 0 0 10px 10px\"><a href=\"122-45796\"><img decoding=\"async\" src=\"\/kutlab\/files\/2016\/01\/35481.jpg\" alt=\"\" width=\"79\" \/><\/a><\/div>\n<table style=\"width: 600px;clear: left;float: left\" border=\"0\" cellspacing=\"0\" cellpadding=\"0\">\n<tbody>\n<tr>\n<td colspan=\"2\"><a class=\"contact_name\" href=\"122-45796\">Holeczky Rudolfn\u00e9<\/a><\/td>\n<\/tr>\n<tr>\n<td>Position:<\/td>\n<td>Financial Assistant<\/td>\n<\/tr>\n<tr>\n<td>Degree:<\/td>\n<td>&nbsp;<\/td>\n<\/tr>\n<tr>\n<td>Phone:<\/td>\n<td>+36 20\/826-0697<\/td>\n<\/tr>\n<tr>\n<td>E-mail:<\/td>\n<td><a href=\"mailto:holeczky.rudolfne@semmelweis.hu\">holeczky.rudolfne@semmelweis.hu<\/a><\/td>\n<\/tr>\n<\/tbody>\n<\/table>\n<\/div>\n<div style=\"clear: both;margin-bottom: 10px;border-top: 1px solid #ccc;padding-top: 10px\">\n<div style=\"float: right;margin: 0 0 10px 10px\"><a href=\"hanga-reka-horvath\"><img decoding=\"async\" src=\"\/kutlab\/files\/2023\/12\/HHR.jpg\" alt=\"\" width=\"79\" \/><\/a><\/div>\n<table style=\"width: 600px;clear: left;float: left\" border=\"0\" cellspacing=\"0\" cellpadding=\"0\">\n<tbody>\n<tr>\n<td colspan=\"2\"><a class=\"contact_name\" href=\"hanga-reka-horvath\">Hanga R\u00e9ka Horv\u00e1th<\/a><\/td>\n<\/tr>\n<tr>\n<td>Position:<\/td>\n<td>PhD student<\/td>\n<\/tr>\n<tr>\n<td>Degree:<\/td>\n<td>Medical doctor<\/td>\n<\/tr>\n<tr>\n<td>E-mail:<\/td>\n<td><a href=\"mailto:horvathhanga125@gmail.com\">horvathhanga125@gmail.com<\/a><\/td>\n<\/tr>\n<\/tbody>\n<\/table>\n<\/div>\n<div style=\"clear: both;margin-bottom: 10px;border-top: 1px solid #ccc;padding-top: 10px\">\n<div style=\"float: right;margin: 0 0 10px 10px\">\u00a0<\/div>\n<p><img loading=\"lazy\" decoding=\"async\" class=\"alignright wp-image-1981\" src=\"https:\/\/semmelweis.hu\/kutlab\/files\/2024\/04\/KajdacsiE-scaled.jpg\" alt=\"\" width=\"112\" height=\"168\" srcset=\"https:\/\/semmelweis.hu\/kutlab\/files\/2024\/04\/KajdacsiE-scaled.jpg 1707w, https:\/\/semmelweis.hu\/kutlab\/files\/2024\/04\/KajdacsiE-267x400.jpg 267w, https:\/\/semmelweis.hu\/kutlab\/files\/2024\/04\/KajdacsiE-683x1024.jpg 683w, https:\/\/semmelweis.hu\/kutlab\/files\/2024\/04\/KajdacsiE-768x1152.jpg 768w, https:\/\/semmelweis.hu\/kutlab\/files\/2024\/04\/KajdacsiE-1024x1536.jpg 1024w, https:\/\/semmelweis.hu\/kutlab\/files\/2024\/04\/KajdacsiE-1365x2048.jpg 1365w, https:\/\/semmelweis.hu\/kutlab\/files\/2024\/04\/KajdacsiE-753x1130.jpg 753w\" sizes=\"auto, (max-width: 112px) 100vw, 112px\" \/><\/p>\n<table style=\"width: 600px;clear: left;float: left\" border=\"0\" cellspacing=\"0\" cellpadding=\"0\">\n<tbody>\n<tr>\n<td colspan=\"2\"><a class=\"contact_name\" href=\"122-45790\">Erika Kajd\u00e1csi<\/a><\/td>\n<\/tr>\n<tr>\n<td>Position:<\/td>\n<td>Research Fellow, Head of the Hemopoetic Stem Cell Group<\/td>\n<\/tr>\n<tr>\n<td>Degree:<\/td>\n<td>Biologist (MSc), PhD<\/td>\n<\/tr>\n<tr>\n<td>Phone:<\/td>\n<td>+36-20-663-28-02<\/td>\n<\/tr>\n<tr>\n<td>E-mail:<\/td>\n<td><a href=\"mailto:erika.kajdacsi@semmelweis.hu\">erika.kajdacsi@semmelweis.hu<\/a><\/td>\n<\/tr>\n<\/tbody>\n<\/table>\n<\/div>\n<div style=\"clear: both;margin-bottom: 10px;border-top: 1px solid #ccc;padding-top: 10px\">\n<div style=\"float: right;margin: 0 0 10px 10px\"><a href=\"122-46522\"><img decoding=\"async\" src=\"\/kutlab\/files\/2016\/01\/Kertszn_Erika.JPG.jpg\" alt=\"\" width=\"79\" \/><\/a><\/div>\n<table style=\"width: 43.7121%;clear: left;float: left;height: 155px\" border=\"0\" cellspacing=\"0\" cellpadding=\"0\">\n<tbody>\n<tr style=\"height: 31px\">\n<td style=\"height: 31px;width: 98.3607%\" colspan=\"2\"><a class=\"contact_name\" href=\"122-46522\">Kert\u00e9sz L\u00e1szl\u00f3n\u00e9<\/a><\/td>\n<\/tr>\n<tr style=\"height: 31px\">\n<td style=\"height: 31px;width: 17.0492%\">Position:<\/td>\n<td style=\"height: 31px;width: 81.3115%\">Laboratory Assistant<\/td>\n<\/tr>\n<tr style=\"height: 31px\">\n<td style=\"height: 31px;width: 17.0492%\">Degree:<\/td>\n<td style=\"height: 31px;width: 81.3115%\">\u00a0<\/td>\n<\/tr>\n<tr style=\"height: 31px\">\n<td style=\"height: 31px;width: 17.0492%\">Phone:<\/td>\n<td style=\"height: 31px;width: 81.3115%\">+36 20\/947-5646<\/td>\n<\/tr>\n<tr style=\"height: 31px\">\n<td style=\"height: 31px;width: 17.0492%\">E-mail:<\/td>\n<td style=\"height: 31px;width: 81.3115%\"><a href=\"mailto:kertesz.laszlone@med.semmelweis-univ.hu\">kertesz.laszlone@med.semmelweis-univ.hu<\/a><\/td>\n<\/tr>\n<\/tbody>\n<\/table>\n<\/div>\n<div style=\"clear: both;margin-bottom: 10px;border-top: 1px solid #ccc;padding-top: 10px\">\n<div>\n<table style=\"border-collapse: collapse;width: 43.8545%\">\n<tbody>\n<tr>\n<td style=\"width: 48.2414%\" colspan=\"2\"><a href=\"https:\/\/semmelweis.hu\/kutlab\/en\/co-workers\/katalin-marossy\/\">Katalin Marossy<\/a><\/td>\n<\/tr>\n<tr>\n<td style=\"width: 13.9273%\">Position:<\/td>\n<td style=\"width: 34.3141%\">Biologist<\/td>\n<\/tr>\n<tr>\n<td style=\"width: 13.9273%\">Degree:<\/td>\n<td style=\"width: 34.3141%\">Biologist (MSc)<\/td>\n<\/tr>\n<tr>\n<td style=\"width: 13.9273%\">E-mail:<\/td>\n<td style=\"width: 34.3141%\"><a href=\"mailto:marossy.katalin@semmelweis.hu\">marossy.katalin@semmelweis.hu<\/a><\/td>\n<\/tr>\n<\/tbody>\n<\/table>\n<hr \/>\n<\/div>\n<div style=\"float: right;margin: 0 0 10px 10px\"><a href=\"122-46524\"><img decoding=\"async\" src=\"\/kutlab\/files\/2016\/01\/Mez_Blanka.JPG.jpg\" alt=\"\" width=\"79\" \/><\/a><\/div>\n<table style=\"width: 44.0031%;clear: left;float: left\" border=\"0\" cellspacing=\"0\" cellpadding=\"0\">\n<tbody>\n<tr>\n<td style=\"width: 99.0766%\" colspan=\"2\"><a class=\"contact_name\" href=\"122-46524\">Blanka Mez\u0151<\/a><\/td>\n<\/tr>\n<tr>\n<td style=\"width: 24.7934%\">Position:<\/td>\n<td style=\"width: 74.2832%\">PhD Student<\/td>\n<\/tr>\n<tr>\n<td style=\"width: 24.7934%\">Degree:<\/td>\n<td style=\"width: 74.2832%\">Molecular Biologist (MSc)<\/td>\n<\/tr>\n<tr>\n<td style=\"width: 24.7934%\">Phone:<\/td>\n<td style=\"width: 74.2832%\">+36 70\/426-3308<\/td>\n<\/tr>\n<tr>\n<td style=\"width: 24.7934%\">E-mail:<\/td>\n<td style=\"width: 74.2832%\"><a href=\"mailto:mezoblanka@gmail.com\">mezoblanka@gmail.com<\/a><\/td>\n<\/tr>\n<\/tbody>\n<\/table>\n<\/div>\n<div style=\"clear: both;margin-bottom: 10px;border-top: 1px solid #ccc;padding-top: 10px\">\n<div style=\"clear: both;margin-bottom: 10px;border-top: 1px solid #ccc;padding-top: 10px\">\n<div>\n<hr \/>\n<\/div>\n<p><img loading=\"lazy\" decoding=\"async\" class=\"alignright\" src=\"https:\/\/semmelweis.hu\/kutlab\/files\/2025\/01\/miklos_janos.jpg\" alt=\"\" width=\"84\" height=\"173\" \/><\/p>\n<table style=\"width: 44.6576%;clear: left;float: left;height: 168px\" border=\"0\" cellspacing=\"0\" cellpadding=\"0\">\n<tbody>\n<tr style=\"height: 33px\">\n<td style=\"width: 56.8369%;height: 33px\" colspan=\"2\"><a href=\"https:\/\/semmelweis.hu\/kutlab\/en\/co-workers\/janos-miklos\/\">J\u00e1nos Mikl\u00f3s<\/a><\/td>\n<\/tr>\n<tr style=\"height: 38px\">\n<td style=\"width: 15.9986%;height: 38px\">Position:<\/td>\n<td style=\"width: 40.8383%;text-align: left;height: 38px\">\n<p>Laboratory Analyst<\/p>\n<\/td>\n<\/tr>\n<tr style=\"height: 31px\">\n<td style=\"width: 15.9986%;height: 31px\">Degree:<\/td>\n<td style=\"width: 40.8383%;height: 31px\">Clinical Laboratory Scientist (MSc)<\/td>\n<\/tr>\n<tr style=\"height: 33px\">\n<td style=\"width: 15.9986%;height: 33px\">Phone:<\/td>\n<td style=\"width: 40.8383%;height: 33px\">+36 20\/663-2242<\/td>\n<\/tr>\n<tr style=\"height: 33px\">\n<td style=\"width: 15.9986%;height: 33px\">E-mail:<\/td>\n<td style=\"width: 40.8383%;height: 33px\"><a href=\"mailto:miklos.janos@semmelweis.hu\">miklos.janos@semmelweis.hu<\/a><\/td>\n<\/tr>\n<\/tbody>\n<\/table>\n<\/div>\n<div style=\"clear: both;margin-bottom: 10px;border-top: 1px solid #ccc;padding-top: 10px\">\n<div style=\"clear: both;margin-bottom: 10px;border-top: 1px solid #ccc;padding-top: 10px\"><a href=\"https:\/\/semmelweis.hu\/kutlab\/files\/2025\/07\/NagySimonPeter.jpg\"><img loading=\"lazy\" decoding=\"async\" class=\" wp-image-2199 alignright\" src=\"https:\/\/semmelweis.hu\/kutlab\/files\/2025\/07\/NagySimonPeter-267x400.jpg\" alt=\"\" width=\"109\" height=\"164\" srcset=\"https:\/\/semmelweis.hu\/kutlab\/files\/2025\/07\/NagySimonPeter-267x400.jpg 267w, https:\/\/semmelweis.hu\/kutlab\/files\/2025\/07\/NagySimonPeter-682x1024.jpg 682w, https:\/\/semmelweis.hu\/kutlab\/files\/2025\/07\/NagySimonPeter-768x1152.jpg 768w, https:\/\/semmelweis.hu\/kutlab\/files\/2025\/07\/NagySimonPeter-1024x1536.jpg 1024w, https:\/\/semmelweis.hu\/kutlab\/files\/2025\/07\/NagySimonPeter-753x1130.jpg 753w, https:\/\/semmelweis.hu\/kutlab\/files\/2025\/07\/NagySimonPeter.jpg 1333w\" sizes=\"auto, (max-width: 109px) 100vw, 109px\" \/><\/a><\/p>\n<table style=\"width: 81.6194%;clear: left;float: left;height: 140px\" border=\"0\" cellspacing=\"0\" cellpadding=\"0\">\n<tbody>\n<tr style=\"height: 33px\">\n<td style=\"width: 135.871%;height: 33px\" colspan=\"2\"><a href=\"https:\/\/semmelweis.hu\/kutlab\/en\/co-workers\/simon-peter-nagy\/\">Simon Peter Nagy, MD<\/a><\/td>\n<\/tr>\n<tr style=\"height: 38px\">\n<td style=\"width: 28.5227%;height: 10px\">Position:<\/td>\n<td style=\"width: 107.349%;text-align: left;height: 10px\">Resident for Clinical Laboratory Medicine, PhD Student<\/td>\n<\/tr>\n<tr style=\"height: 31px\">\n<td style=\"width: 28.5227%;height: 31px\">Degree:<\/td>\n<td style=\"width: 107.349%;height: 31px\">Medical Doctor<\/td>\n<\/tr>\n<tr style=\"height: 33px\">\n<td style=\"width: 28.5227%;height: 33px\">Phone:<\/td>\n<td style=\"width: 107.349%;height: 33px\">+36 20\/663-2129<\/td>\n<\/tr>\n<tr style=\"height: 33px\">\n<td style=\"width: 28.5227%;height: 33px\">E-mail:<\/td>\n<td style=\"width: 107.349%;height: 33px\"><a href=\"mailto:nagy.simon.peter@semmelweis.hu\">nagy.simon.peter@semmelweis.hu<\/a><\/td>\n<\/tr>\n<\/tbody>\n<\/table>\n<\/div>\n<div style=\"clear: both;margin-bottom: 10px;border-top: 1px solid #ccc;padding-top: 10px\"><img loading=\"lazy\" decoding=\"async\" class=\"alignright\" src=\"https:\/\/semmelweis.hu\/kutlab\/files\/2022\/11\/sinkovits-gyorgy-index-268x400.jpg\" alt=\"\" width=\"110\" height=\"164\" \/><\/p>\n<table style=\"width: 81.8377%;clear: left;float: left;height: 143px\" border=\"0\" cellspacing=\"0\" cellpadding=\"0\">\n<tbody>\n<tr>\n<td style=\"width: 99.8339%\" colspan=\"2\"><a class=\"contact_name\" href=\"https:\/\/semmelweis.hu\/kutlab\/en\/co-workers\/gyorgy-sinkovits\/\">Gy\u00f6rgy Sinkovits, MD<\/a><\/td>\n<\/tr>\n<tr>\n<td style=\"width: 28.4053%\">Position:<\/td>\n<td style=\"width: 71.4286%\">Research Fellow<\/td>\n<\/tr>\n<tr>\n<td style=\"width: 28.4053%\">Degree:<\/td>\n<td style=\"width: 71.4286%\">Specialist for Clinical Laboratory Medicine<\/td>\n<\/tr>\n<tr>\n<td style=\"width: 28.4053%\">Phone:<\/td>\n<td style=\"width: 71.4286%\">+36 20\/80-22-555<\/td>\n<\/tr>\n<tr>\n<td style=\"width: 28.4053%\">E-mail:<\/td>\n<td style=\"width: 71.4286%\"><a href=\"mailto:sinkovits.gyorgy@semmelweis.hu\">sinkovits.gyorgy@semmelweis.hu<\/a><\/td>\n<\/tr>\n<\/tbody>\n<\/table>\n<\/div>\n<div style=\"clear: both;margin-bottom: 10px;border-top: 1px solid #ccc;padding-top: 10px\"><img loading=\"lazy\" decoding=\"async\" class=\"alignright\" src=\"https:\/\/semmelweis.hu\/kutlab\/files\/2024\/09\/EdinaSzabo-1.jpeg\" alt=\"\" width=\"112\" height=\"168\" \/><\/p>\n<table style=\"width: 44.671%;clear: left;float: left\" border=\"0\" cellspacing=\"0\" cellpadding=\"0\">\n<tbody>\n<tr>\n<td style=\"width: 100.673%\" colspan=\"2\"><a class=\"contact_name\" href=\"122-46558\">Edina Szab\u00f3<\/a><\/td>\n<\/tr>\n<tr>\n<td style=\"width: 25.9012%\">Position:<\/td>\n<td style=\"width: 74.7719%\">Laboratory Analyst<\/td>\n<\/tr>\n<tr>\n<td style=\"width: 25.9012%\">Degree:<\/td>\n<td style=\"width: 74.7719%\">Medical Research Laboratory Analyst (BSc)<\/td>\n<\/tr>\n<tr>\n<td style=\"width: 25.9012%\">Phone:<\/td>\n<td style=\"width: 74.7719%\">+36 20\/666-3869<\/td>\n<\/tr>\n<tr>\n<td style=\"width: 25.9012%\">E-mail:<\/td>\n<td style=\"width: 74.7719%\"><a href=\"mailto:szabo.edina@semmelweis.hu\">szabo.edina@semmelweis.hu<\/a><\/td>\n<\/tr>\n<\/tbody>\n<\/table>\n<\/div>\n<div style=\"clear: both;margin-bottom: 10px;border-top: 1px solid #ccc;padding-top: 10px\">\n<table style=\"width: 600px;clear: left;float: left\" border=\"0\" cellspacing=\"0\" cellpadding=\"0\">\n<tbody>\n<tr>\n<td colspan=\"2\"><a class=\"contact_name\" href=\"122-45795\">Zsuzsanna \u00c9va Szendrei<\/a><\/td>\n<\/tr>\n<tr>\n<td>Position:<\/td>\n<td>Laboratory Analyst<\/td>\n<\/tr>\n<tr>\n<td>Degree:<\/td>\n<td>Laboratory Analyst<\/td>\n<\/tr>\n<tr>\n<td>Phone:<\/td>\n<td>&nbsp;<\/td>\n<\/tr>\n<tr>\n<td>E-mail:<\/td>\n<td>&nbsp;<\/td>\n<\/tr>\n<\/tbody>\n<\/table>\n<\/div>\n<div style=\"clear: both;margin-bottom: 10px;border-top: 1px solid #ccc;padding-top: 10px\">\n<div style=\"float: right;margin: 0 0 10px 10px\"><a href=\"122-45791\"><img loading=\"lazy\" decoding=\"async\" class=\"\" src=\"\/kutlab\/files\/2016\/01\/ASz.jpg\" alt=\"\" width=\"90\" height=\"116\" \/><\/a><\/div>\n<table style=\"width: 45.1733%;clear: left;float: left\" border=\"0\" cellspacing=\"0\" cellpadding=\"0\">\n<tbody>\n<tr>\n<td style=\"width: 101.653%\" colspan=\"2\"><a class=\"contact_name\" href=\"122-45791\">\u00c1gnes Szil\u00e1gyi<\/a><\/td>\n<\/tr>\n<tr>\n<td style=\"width: 21.9835%\">Position:<\/td>\n<td style=\"width: 79.6694%\">Senior Research Fellow<\/td>\n<\/tr>\n<tr>\n<td style=\"width: 21.9835%\">Degree:<\/td>\n<td style=\"width: 79.6694%\">Biologist (MSc), PhD<\/td>\n<\/tr>\n<tr>\n<td style=\"width: 21.9835%\">Phone:<\/td>\n<td style=\"width: 79.6694%\">+36 20\/825-0961<\/td>\n<\/tr>\n<tr>\n<td style=\"width: 21.9835%\">E-mail:<\/td>\n<td style=\"width: 79.6694%\"><a href=\"mailto:szilagyi.agnes@semmelweis.hu\">szilagyi.agnes@semmelweis.hu<\/a><\/td>\n<\/tr>\n<\/tbody>\n<\/table>\n<\/div>\n<div style=\"clear: both;margin-bottom: 10px;border-top: 1px solid #ccc;padding-top: 10px\">\n<div style=\"float: right;margin: 0 0 10px 10px\"><a href=\"122-45792\"><img decoding=\"async\" src=\"\/kutlab\/files\/2016\/01\/Bea_DNGimg_1775.jpg\" alt=\"\" width=\"79\" \/><\/a><\/div>\n<table style=\"width: 45.0213%;clear: left;float: left;height: 155px\" border=\"0\" cellspacing=\"0\" cellpadding=\"0\">\n<tbody>\n<tr style=\"height: 31px\">\n<td style=\"height: 31px;width: 101.311%\" colspan=\"2\"><a class=\"contact_name\" href=\"122-45792\">Be\u00e1ta Tak\u00e1cs<\/a><\/td>\n<\/tr>\n<tr style=\"height: 31px\">\n<td style=\"height: 31px;width: 21.1309%\">Position:<\/td>\n<td style=\"height: 31px;width: 80.1806%\">Laboratory Analyst<\/td>\n<\/tr>\n<tr style=\"height: 31px\">\n<td style=\"height: 31px;width: 21.1309%\">Degree:<\/td>\n<td style=\"height: 31px;width: 80.1806%\">Clinical Laboratory Scientist (MSc)<\/td>\n<\/tr>\n<tr style=\"height: 31px\">\n<td style=\"height: 31px;width: 21.1309%\">Phone:<\/td>\n<td style=\"height: 31px;width: 80.1806%\">+36 20\/666-3227<\/td>\n<\/tr>\n<tr style=\"height: 31px\">\n<td style=\"height: 31px;width: 21.1309%\">E-mail:<\/td>\n<td style=\"height: 31px;width: 80.1806%\"><a href=\"mailto:beatakacs23@gmail.com\">beatakacs23@gmail.com<\/a><\/td>\n<\/tr>\n<\/tbody>\n<\/table>\n<\/div>\n<div style=\"clear: both;margin-bottom: 10px;border-top: 1px solid #ccc;padding-top: 10px\">\n<div style=\"float: right;margin: 0 0 10px 10px\"><a href=\"122-45793\"><img decoding=\"async\" src=\"\/kutlab\/files\/2016\/01\/35521.jpg\" alt=\"\" width=\"79\" \/><\/a><\/div>\n<table style=\"width: 45.1%;clear: left;float: left\" border=\"0\" cellspacing=\"0\" cellpadding=\"0\">\n<tbody>\n<tr>\n<td style=\"width: 101.488%\" colspan=\"2\"><a class=\"contact_name\" href=\"122-45793\">Lilian \u00c1gnes Varga<\/a><\/td>\n<\/tr>\n<tr>\n<td style=\"width: 25.6598%\">Position:<\/td>\n<td style=\"width: 75.8278%\">Senior Research Fellow<\/td>\n<\/tr>\n<tr>\n<td style=\"width: 25.6598%\">Degree:<\/td>\n<td style=\"width: 75.8278%\">Biologist (MSc), PhD<\/td>\n<\/tr>\n<tr>\n<td style=\"width: 25.6598%\">Phone:<\/td>\n<td style=\"width: 75.8278%\">\u00a0<\/td>\n<\/tr>\n<tr>\n<td style=\"width: 25.6598%\">E-mail:<\/td>\n<td style=\"width: 75.8278%\"><a href=\"mailto:lvarga@kut.sote.hu\">lvarga@kut.sote.hu<\/a><\/td>\n<\/tr>\n<\/tbody>\n<\/table>\n<\/div>\n<div style=\"clear: both;margin-bottom: 10px;border-top: 1px solid #ccc;padding-top: 10px\">\n<div style=\"float: right;margin: 0 0 10px 10px\"><a href=\"122-46527\"><img loading=\"lazy\" decoding=\"async\" class=\"\" src=\"https:\/\/semmelweis.hu\/kutlab\/files\/2026\/04\/43A0254.jpg\" alt=\"\" width=\"100\" height=\"149\" \/><\/a><\/div>\n<table style=\"width: 45.54%;clear: left;float: left\" border=\"0\" cellspacing=\"0\" cellpadding=\"0\">\n<tbody>\n<tr>\n<td style=\"width: 102.479%\" colspan=\"2\"><a class=\"contact_name\" href=\"122-46527\">N\u00f3ra Veszeli<\/a><\/td>\n<\/tr>\n<tr>\n<td style=\"width: 24.6281%\">Position:<\/td>\n<td style=\"width: 77.8512%\">Research Fellow<\/td>\n<\/tr>\n<tr>\n<td style=\"width: 24.6281%\">Degree:<\/td>\n<td style=\"width: 77.8512%\">Biologist (MSc), PhD<\/td>\n<\/tr>\n<tr>\n<td style=\"width: 24.6281%\">Phone:<\/td>\n<td style=\"width: 77.8512%\">+36 20\/825-9130<\/td>\n<\/tr>\n<tr>\n<td style=\"width: 24.6281%\">E-mail:<\/td>\n<td style=\"width: 77.8512%\"><a href=\"mailto:veszeli.nora88@gmail.com\">veszeli.nora88@gmail.com<\/a><\/td>\n<\/tr>\n<\/tbody>\n<\/table>\n<\/div>\n<div style=\"clear: both;margin-bottom: 10px;border-top: 1px solid #ccc;padding-top: 10px\"><img loading=\"lazy\" decoding=\"async\" class=\"alignright\" src=\"https:\/\/semmelweis.hu\/kutlab\/files\/2026\/04\/Lili-korhaz-kep.jpg\" alt=\"\" width=\"112\" height=\"168\" \/><\/p>\n<table style=\"width: 45.54%;clear: left;float: left\" border=\"0\" cellspacing=\"0\" cellpadding=\"0\">\n<tbody>\n<tr>\n<td style=\"width: 102.479%\" colspan=\"2\"><a href=\"https:\/\/semmelweis.hu\/kutlab\/en\/co-workers\/lili-voloncs-mindszenthy\/\">Lili Voloncs-Mindszenthy<\/a><\/td>\n<\/tr>\n<tr>\n<td style=\"width: 24.6281%\">Position:<\/td>\n<td style=\"width: 77.8512%\">PhD Student<\/td>\n<\/tr>\n<tr>\n<td style=\"width: 24.6281%\">Degree:<\/td>\n<td style=\"width: 77.8512%\">Medical Doctor<\/td>\n<\/tr>\n<tr>\n<td style=\"width: 24.6281%\">Phone:<\/td>\n<td style=\"width: 77.8512%\">&#8211;<\/td>\n<\/tr>\n<tr>\n<td style=\"width: 24.6281%\">E-mail:<\/td>\n<td style=\"width: 77.8512%\"><a href=\"mailto:lili.voloncs@stud.semmelweis.hu\">lili.voloncs@stud.semmelweis.hu<\/a><\/td>\n<\/tr>\n<\/tbody>\n<\/table>\n<\/div>\n<div style=\"clear: both;margin-bottom: 10px;border-top: 1px solid #ccc;padding-top: 10px\">\n<div style=\"float: right;margin: 0 0 10px 10px\"><a href=\"122-45787\"><img decoding=\"async\" src=\"\/kutlab\/files\/2016\/01\/35694.jpg\" alt=\"\" width=\"79\" \/><\/a><\/div>\n<table style=\"width: 600px;clear: left;float: left\" border=\"0\" cellspacing=\"0\" cellpadding=\"0\">\n<tbody>\n<tr>\n<td colspan=\"2\"><a class=\"contact_name\" href=\"122-45787\">Dorottya Csuka<\/a><\/td>\n<\/tr>\n<tr>\n<td>Position:<\/td>\n<td>Senior Research Fellow<\/td>\n<\/tr>\n<tr>\n<td>Degree:<\/td>\n<td>Molecular Biologist (MSc), PhD<\/td>\n<\/tr>\n<tr>\n<td>Phone:<\/td>\n<td>+36-20-825-0693<\/td>\n<\/tr>\n<tr>\n<td>E-mail:<\/td>\n<td><a href=\"mailto:csuka.dorottya@semmelweis.hu\">csuka.dorottya@semmelweis.hu<\/a><\/td>\n<\/tr>\n<\/tbody>\n<\/table>\n<\/div>\n<\/div>\n<p>&nbsp;<\/p>\n<p>&nbsp;<\/p>\n<\/div>\n<\/div>\n","protected":false},"excerpt":{"rendered":"<p><a href=\"122-40821\"><\/a> <a class=\"contact_name\" href=\"122-40821\">Zolt\u00e1n Proh\u00e1szka, MD<\/a> Position: Professor of immunology, head of laboratory Degree: PhD (immunology), DSc Phone: +3620-8250962 E-mail: prohaszka.zoltan@semmelweis.hu <a href=\"CL_EN\/index\"><\/a> <a class=\"contact_name\" href=\"https:\/\/semmelweis.hu\/kutlab\/en\/laszlo-cervenak\/\">L\u00e1szl\u00f3 Cervenak<\/a> Position: Senior researcher, head of Endothelial Cell Group Degree: MSc (biology), PhD (immunology) Phone: +3620-8250960 E-mail: <a href=\"mailto:cela@kut.sote.hu\">cela@kut.sote.hu<\/a> <a href=\"122-45794\"><\/a> <a class=\"contact_name\" href=\"122-45794\">D\u00f3czy Andr\u00e1sn\u00e9<\/a> Position: Laboratory Assistant Degree: Laboratory Assistant Phone: 06(20)8250702 E-mail: <a href=\"mailto:marti@kut.sote.hu\">marti@kut.sote.hu<\/a> <a href=\"122-45788\"><\/a> <a class=\"contact_name\" href=\"122-45788\">Henriette Farkas<\/a> Position: Professor Degree: Medical Doctor, PhD, DSc Phone: +36208250922 E-mail: <a href=\"mailto:farkash@kut.sote.hu\">farkash@kut.sote.hu<\/a> <a href=\"122-45796\"><\/a> <a class=\"contact_name\" href=\"122-45796\">Holeczky Rudolfn\u00e9<\/a> Position: Financial Assistant Degree: &nbsp; &hellip;<\/p>\n","protected":false},"author":158,"featured_media":0,"parent":0,"menu_order":0,"comment_status":"closed","ping_status":"closed","template":"","meta":{"_acf_changed":false,"footnotes":""},"categories":[],"tags":[],"class_list":["post-33","page","type-page","status-publish","hentry"],"acf":[],"_links":{"self":[{"href":"https:\/\/semmelweis.hu\/kutlab\/wp-json\/wp\/v2\/pages\/33","targetHints":{"allow":["GET"]}}],"collection":[{"href":"https:\/\/semmelweis.hu\/kutlab\/wp-json\/wp\/v2\/pages"}],"about":[{"href":"https:\/\/semmelweis.hu\/kutlab\/wp-json\/wp\/v2\/types\/page"}],"author":[{"embeddable":true,"href":"https:\/\/semmelweis.hu\/kutlab\/wp-json\/wp\/v2\/users\/158"}],"replies":[{"embeddable":true,"href":"https:\/\/semmelweis.hu\/kutlab\/wp-json\/wp\/v2\/comments?post=33"}],"version-history":[{"count":15,"href":"https:\/\/semmelweis.hu\/kutlab\/wp-json\/wp\/v2\/pages\/33\/revisions"}],"predecessor-version":[{"id":2269,"href":"https:\/\/semmelweis.hu\/kutlab\/wp-json\/wp\/v2\/pages\/33\/revisions\/2269"}],"wp:attachment":[{"href":"https:\/\/semmelweis.hu\/kutlab\/wp-json\/wp\/v2\/media?parent=33"}],"wp:term":[{"taxonomy":"category","embeddable":true,"href":"https:\/\/semmelweis.hu\/kutlab\/wp-json\/wp\/v2\/categories?post=33"},{"taxonomy":"post_tag","embeddable":true,"href":"https:\/\/semmelweis.hu\/kutlab\/wp-json\/wp\/v2\/tags?post=33"}],"curies":[{"name":"wp","href":"https:\/\/api.w.org\/{rel}","templated":true}]}}