{"id":1878,"date":"2023-12-07T12:10:23","date_gmt":"2023-12-07T11:10:23","guid":{"rendered":"https:\/\/semmelweis.hu\/kutlab\/?page_id=1878"},"modified":"2023-12-07T16:06:37","modified_gmt":"2023-12-07T15:06:37","slug":"c1-inh-ae-workshop","status":"publish","type":"page","link":"https:\/\/semmelweis.hu\/kutlab\/betegellatas\/angiodema-kozpont\/c1-inh-ae-workshop\/","title":{"rendered":"C1-INH Deficiency &amp; Angioedema Workshop"},"content":{"rendered":"<p>A C1-INH Deficiency &amp; Angioedema Workshop jelenleg az egyetlen olyan \u00f6n\u00e1ll\u00f3, nemzetk\u00f6zi f\u00f3rum, amely a bradikinin medi\u00e1lt angio\u00f6d\u00e9m\u00e1s ritka betegs\u00e9gekkel, k\u00f6zt\u00fck f\u00f3kuszban a HANO-s k\u00f3rk\u00e9pekkel foglalkozik.<\/p>\n<p>A konferenci\u00e1k f\u0151 szervez\u0151je az Orsz\u00e1gos Angio\u00f6d\u00e9ma Referencia \u00e9s Kiv\u00e1l\u00f3s\u00e1gi K\u00f6zpont. Imm\u00e1r tizenh\u00e1rom alkalommal ny\u00fajtott ez a konferencia lehet\u0151s\u00e9get a tal\u00e1lkoz\u00e1sra a vil\u00e1g minden t\u00e1j\u00e1r\u00f3l \u00e9rkez\u0151, e betegs\u00e9gekkel foglalkoz\u00f3 eg\u00e9szs\u00e9g\u00fcgyi szakembereknek. A legut\u00f3bbi, 2023 m\u00e1jus\u00e1ban rendezett Workshopra t\u00f6bb, mint 40 orsz\u00e1gb\u00f3l t\u00f6bb, mint 400 r\u00e9sztvev\u0151 l\u00e1togatott Budapestre, hogy megossz\u00e1k egym\u00e1ssal ismereteiket az angio\u00f6d\u00e9m\u00e1s betegs\u00e9gekkel kapcsolatban. A k\u00f6vetkez\u0151 Workshopra 2025 tavasz\u00e1n sor, a tervek szerint Budapesten, szem\u00e9lyes form\u00e1ban.<\/p>\n<p>Az els\u0151 konferencia megszervez\u00e9s\u00e9re 1999-ben Visegr\u00e1don ker\u00fclt sor azt k\u00f6vet\u0151en, hogy egy 15 tag\u00fa nemzetk\u00f6zi szakember-g\u00e1rda 1998-ban Rodoszon l\u00e9trehozta a C1-INH Deficiency Working Group-ot. M\u00e1r az els\u0151, visegr\u00e1di Workshop-on is r\u00e9szt vettek az orvosok, kutat\u00f3k, gy\u00f3gyszerc\u00e9gek k\u00e9pvisel\u0151i mellett a betegszervezetek k\u00e9pvisel\u0151i is. Ez a k\u00f6z\u00f6s gondolkod\u00e1sra nagyon eredm\u00e9nyesen hatott. A visegr\u00e1di Workshop-ot minden m\u00e1sodik \u00e9vben \u00fajabb tal\u00e1lkoz\u00f3 k\u00f6vette az \u00e9rdekl\u0151d\u00e9s fokozatos n\u00f6veked\u00e9se mellett. M\u00e1ra ez a rendezv\u00e9ny egy magas sz\u00ednvonal\u00fa tudom\u00e1nyos, szakmai f\u00f3rumm\u00e1 v\u00e1lt.<\/p>\n","protected":false},"excerpt":{"rendered":"<p>A C1-INH Deficiency &amp; Angioedema Workshop jelenleg az egyetlen olyan \u00f6n\u00e1ll\u00f3, nemzetk\u00f6zi f\u00f3rum, amely a bradikinin medi\u00e1lt angio\u00f6d\u00e9m\u00e1s ritka betegs\u00e9gekkel, k\u00f6zt\u00fck f\u00f3kuszban a HANO-s k\u00f3rk\u00e9pekkel foglalkozik. A konferenci\u00e1k f\u0151 szervez\u0151je az Orsz\u00e1gos Angio\u00f6d\u00e9ma Referencia \u00e9s Kiv\u00e1l\u00f3s\u00e1gi K\u00f6zpont. Imm\u00e1r tizenh\u00e1rom alkalommal ny\u00fajtott ez a konferencia lehet\u0151s\u00e9get a tal\u00e1lkoz\u00e1sra a vil\u00e1g minden t\u00e1j\u00e1r\u00f3l \u00e9rkez\u0151, e betegs\u00e9gekkel foglalkoz\u00f3 &hellip;<\/p>\n","protected":false},"author":102149,"featured_media":0,"parent":1851,"menu_order":7,"comment_status":"closed","ping_status":"closed","template":"","meta":{"_acf_changed":false,"footnotes":""},"categories":[],"tags":[],"class_list":["post-1878","page","type-page","status-publish","hentry"],"acf":[],"_links":{"self":[{"href":"https:\/\/semmelweis.hu\/kutlab\/wp-json\/wp\/v2\/pages\/1878","targetHints":{"allow":["GET"]}}],"collection":[{"href":"https:\/\/semmelweis.hu\/kutlab\/wp-json\/wp\/v2\/pages"}],"about":[{"href":"https:\/\/semmelweis.hu\/kutlab\/wp-json\/wp\/v2\/types\/page"}],"author":[{"embeddable":true,"href":"https:\/\/semmelweis.hu\/kutlab\/wp-json\/wp\/v2\/users\/102149"}],"replies":[{"embeddable":true,"href":"https:\/\/semmelweis.hu\/kutlab\/wp-json\/wp\/v2\/comments?post=1878"}],"version-history":[{"count":2,"href":"https:\/\/semmelweis.hu\/kutlab\/wp-json\/wp\/v2\/pages\/1878\/revisions"}],"predecessor-version":[{"id":1881,"href":"https:\/\/semmelweis.hu\/kutlab\/wp-json\/wp\/v2\/pages\/1878\/revisions\/1881"}],"up":[{"embeddable":true,"href":"https:\/\/semmelweis.hu\/kutlab\/wp-json\/wp\/v2\/pages\/1851"}],"wp:attachment":[{"href":"https:\/\/semmelweis.hu\/kutlab\/wp-json\/wp\/v2\/media?parent=1878"}],"wp:term":[{"taxonomy":"category","embeddable":true,"href":"https:\/\/semmelweis.hu\/kutlab\/wp-json\/wp\/v2\/categories?post=1878"},{"taxonomy":"post_tag","embeddable":true,"href":"https:\/\/semmelweis.hu\/kutlab\/wp-json\/wp\/v2\/tags?post=1878"}],"curies":[{"name":"wp","href":"https:\/\/api.w.org\/{rel}","templated":true}]}}

<p>A C1-INH Deficiency &amp; Angioedema Workshop jelenleg az egyetlen olyan önálló, nemzetközi fórum, amely a bradikinin mediált angioödémás ritka betegségekkel, köztük fókuszban a HANO-s kórképekkel foglalkozik.</p>
<p>A konferenciák fő szervezője az Országos Angioödéma Referencia és Kiválósági Központ. Immár tizenhárom alkalommal nyújtott ez a konferencia lehetőséget a találkozásra a világ minden tájáról érkező, e betegségekkel foglalkozó egészségügyi szakembereknek. A legutóbbi, 2023 májusában rendezett Workshopra több, mint 40 országból több, mint 400 résztvevő látogatott Budapestre, hogy megosszák egymással ismereteiket az angioödémás betegségekkel kapcsolatban. A következő Workshopra 2025 tavaszán sor, a tervek szerint Budapesten, személyes formában.</p>
<p>Az első konferencia megszervezésére 1999-ben Visegrádon került sor azt követően, hogy egy 15 tagú nemzetközi szakember-gárda 1998-ban Rodoszon létrehozta a C1-INH Deficiency Working Group-ot. Már az első, visegrádi Workshop-on is részt vettek az orvosok, kutatók, gyógyszercégek képviselői mellett a betegszervezetek képviselői is. Ez a közös gondolkodásra nagyon eredményesen hatott. A visegrádi Workshop-ot minden második évben újabb találkozó követte az érdeklődés fokozatos növekedése mellett. Mára ez a rendezvény egy magas színvonalú tudományos, szakmai fórummá vált.</p>

<p>A C1-INH Deficiency &amp; Angioedema Workshop jelenleg az egyetlen olyan önálló, nemzetközi fórum, amely a bradikinin mediált angioödémás ritka betegségekkel, köztük fókuszban a HANO-s kórképekkel foglalkozik. A konferenciák fő szervezője az Országos Angioödéma Referencia és Kiválósági Központ. Immár tizenhárom alkalommal nyújtott ez a konferencia lehetőséget a találkozásra a világ minden tájáról érkező, e betegségekkel foglalkozó &hellip;</p>
