{"id":1854,"date":"2023-12-06T16:27:34","date_gmt":"2023-12-06T15:27:34","guid":{"rendered":"https:\/\/semmelweis.hu\/kutlab\/?page_id=1854"},"modified":"2023-12-07T16:13:58","modified_gmt":"2023-12-07T15:13:58","slug":"akut-hano-gyerek","status":"publish","type":"page","link":"https:\/\/semmelweis.hu\/kutlab\/betegellatas\/angiodema-kozpont\/akut-hano-gyerek\/","title":{"rendered":"Gyermekek akut ell\u00e1t\u00e1sa"},"content":{"rendered":"<div class=\"keretes w-100\">\n<p><strong>Ell\u00e1t\u00e1s helye:<\/strong> <a href=\"https:\/\/heimpalkorhaz.hu\/\">Heim P\u00e1l Orsz\u00e1gos Gyermekgy\u00f3gy\u00e1szati Int\u00e9zet<\/a> &#8211; II. sz\u00e1m\u00fa Belgy\u00f3gy\u00e1szati Oszt\u00e1ly<br \/>\n<strong>Oszt\u00e1lyvezet\u0151:<\/strong> Dr. Fekete Ferenc, PhD<br \/>\n<strong>C\u00edm:<\/strong> 1131 Budapest Madar\u00e1sz V. u. 22-24. Jobb sz\u00e1rny f\u00f6ldszint<br \/>\n<strong>Telefon:<\/strong> +36-1-450-37-21<br \/>\n<strong>Felel\u0151s orvos:<\/strong> Dr. Fejes J\u00e1nos, Dr. Visy Be\u00e1ta, PhD<br \/>\n<strong>Feladata:<\/strong> A 18 \u00e9v alatti HAE-s betegek k\u00f3rh\u00e1zi kivizsg\u00e1l\u00e1sa, s\u00fcrg\u0151ss\u00e9gi ell\u00e1t\u00e1sa.<\/p>\n<\/div>\n","protected":false},"excerpt":{"rendered":"<p>Ell\u00e1t\u00e1s helye: <a href=\"https:\/\/heimpalkorhaz.hu\/\">Heim P\u00e1l Orsz\u00e1gos Gyermekgy\u00f3gy\u00e1szati Int\u00e9zet<\/a> &#8211; II. sz\u00e1m\u00fa Belgy\u00f3gy\u00e1szati Oszt\u00e1ly<br \/>\nOszt\u00e1lyvezet\u0151: Dr. Fekete Ferenc, PhD<br \/>\nC\u00edm: 1131 Budapest Madar\u00e1sz V. u. 22-24. Jobb sz\u00e1rny f\u00f6ldszint<br \/>\nTelefon: +36-1-450-37-21<br \/>\nFelel\u0151s orvos: Dr. Fejes J\u00e1nos, Dr. Visy Be\u00e1ta, PhD<br \/>\nFeladata: A 18 \u00e9v alatti HAE-s betegek k\u00f3rh\u00e1zi kivizsg\u00e1l\u00e1sa, s\u00fcrg\u0151ss\u00e9gi ell\u00e1t\u00e1sa.<\/p>\n","protected":false},"author":102149,"featured_media":0,"parent":1851,"menu_order":2,"comment_status":"closed","ping_status":"closed","template":"","meta":{"_acf_changed":false,"footnotes":""},"categories":[],"tags":[],"class_list":["post-1854","page","type-page","status-publish","hentry"],"acf":[],"_links":{"self":[{"href":"https:\/\/semmelweis.hu\/kutlab\/wp-json\/wp\/v2\/pages\/1854","targetHints":{"allow":["GET"]}}],"collection":[{"href":"https:\/\/semmelweis.hu\/kutlab\/wp-json\/wp\/v2\/pages"}],"about":[{"href":"https:\/\/semmelweis.hu\/kutlab\/wp-json\/wp\/v2\/types\/page"}],"author":[{"embeddable":true,"href":"https:\/\/semmelweis.hu\/kutlab\/wp-json\/wp\/v2\/users\/102149"}],"replies":[{"embeddable":true,"href":"https:\/\/semmelweis.hu\/kutlab\/wp-json\/wp\/v2\/comments?post=1854"}],"version-history":[{"count":4,"href":"https:\/\/semmelweis.hu\/kutlab\/wp-json\/wp\/v2\/pages\/1854\/revisions"}],"predecessor-version":[{"id":1936,"href":"https:\/\/semmelweis.hu\/kutlab\/wp-json\/wp\/v2\/pages\/1854\/revisions\/1936"}],"up":[{"embeddable":true,"href":"https:\/\/semmelweis.hu\/kutlab\/wp-json\/wp\/v2\/pages\/1851"}],"wp:attachment":[{"href":"https:\/\/semmelweis.hu\/kutlab\/wp-json\/wp\/v2\/media?parent=1854"}],"wp:term":[{"taxonomy":"category","embeddable":true,"href":"https:\/\/semmelweis.hu\/kutlab\/wp-json\/wp\/v2\/categories?post=1854"},{"taxonomy":"post_tag","embeddable":true,"href":"https:\/\/semmelweis.hu\/kutlab\/wp-json\/wp\/v2\/tags?post=1854"}],"curies":[{"name":"wp","href":"https:\/\/api.w.org\/{rel}","templated":true}]}}

Gyermekek akut ellátása

<div class="keretes w-100">
<p><strong>Ellátás helye:</strong> <a href="https://heimpalkorhaz.hu/">Heim Pál Országos Gyermekgyógyászati Intézet</a> &#8211; II. számú Belgyógyászati Osztály<br />
<strong>Osztályvezető:</strong> Dr. Fekete Ferenc, PhD<br />
<strong>Cím:</strong> 1131 Budapest Madarász V. u. 22-24. Jobb szárny földszint<br />
<strong>Telefon:</strong> +36-1-450-37-21<br />
<strong>Felelős orvos:</strong> Dr. Fejes János, Dr. Visy Beáta, PhD<br />
<strong>Feladata:</strong> A 18 év alatti HAE-s betegek kórházi kivizsgálása, sürgősségi ellátása.</p>
</div>

<p>Ellátás helye: <a href="https://heimpalkorhaz.hu/">Heim Pál Országos Gyermekgyógyászati Intézet</a> &#8211; II. számú Belgyógyászati Osztály<br />
Osztályvezető: Dr. Fekete Ferenc, PhD<br />
Cím: 1131 Budapest Madarász V. u. 22-24. Jobb szárny földszint<br />
Telefon: +36-1-450-37-21<br />
Felelős orvos: Dr. Fejes János, Dr. Visy Beáta, PhD<br />
Feladata: A 18 év alatti HAE-s betegek kórházi kivizsgálása, sürgősségi ellátása.</p>
