{"id":1852,"date":"2023-12-06T16:24:34","date_gmt":"2023-12-06T15:24:34","guid":{"rendered":"https:\/\/semmelweis.hu\/kutlab\/?page_id=1852"},"modified":"2023-12-07T16:12:00","modified_gmt":"2023-12-07T15:12:00","slug":"hano-ambulancia","status":"publish","type":"page","link":"https:\/\/semmelweis.hu\/kutlab\/betegellatas\/angiodema-kozpont\/hano-ambulancia\/","title":{"rendered":"Angio\u00f6d\u00e9ma szakambulancia"},"content":{"rendered":"<div class=\"keretes w-100\">\n<p><strong>Szervezeti egys\u00e9g:<\/strong> Semmelweis Egyetem, Belgy\u00f3gy\u00e1szati \u00e9s Hematol\u00f3giai Klinika<br \/>\n<strong>Klinika igazgat\u00f3:<\/strong> Prof. Dr. Masszi Tam\u00e1s PhD, DSc.<br \/>\n<strong>Helye:<\/strong> Semmelweis Egyetem, Bels\u0151 Klinikai T\u00f6mb, B \u00e9p\u00fclet 1. emelet, 6. rendel\u0151<br \/>\n<strong>C\u00edm:<\/strong> 1088. Budapest, Szentkir\u00e1lyi u. 46.<br \/>\n<strong>Tel:<\/strong> +36 1 459-1500<br \/>\n<strong>Szakambulancia vezet\u0151je:<\/strong> Prof. Dr. Farkas Henriette PhD, DSc. (e-mail: <a href=\"mailto:farkas.henriette@med.semmelweis-univ.hu\">farkas.henriette@med.semmelweis-univ.hu<\/a>)<br \/>\n<strong>Asszisztens:<\/strong> Bali Judit<\/p>\n<\/div>\n<p>A Szakambulancia tev\u00e9kenys\u00e9ge az al\u00e1bbiakat foglalja mag\u00e1ban:<\/p>\n<ul>\n<li>a k\u00fcl\u00f6nb\u00f6z\u0151 t\u00edpus\u00fa angio\u00f6d\u00e9m\u00e1ban szenved\u0151 betegek kivizsg\u00e1l\u00e1sa, differenci\u00e1ldiagnosztik\u00e1ja<\/li>\n<li>a magyar HANO-s betegek gondoz\u00e1sa, rendszeres ellen\u0151rz\u00e9se \u00e9s akut ell\u00e1t\u00e1s\u00e1nak megszervez\u00e9se<\/li>\n<li>a magyarorsz\u00e1gi HANO-s popul\u00e1ci\u00f3 klinikai felm\u00e9r\u00e9se<\/li>\n<li>a betegek ell\u00e1t\u00e1sa a biztons\u00e1gukat szolg\u00e1l\u00f3 eszk\u00f6z\u00f6kkel: pl. otthonukban tarthat\u00f3 \u00e9letment\u0151 injekci\u00f3val, s\u00fcrg\u0151ss\u00e9gi ell\u00e1t\u00e1s teend\u0151ir\u0151l t\u00e1j\u00e9koztat\u00f3 t\u00f6bbnyelv\u0171 inform\u00e1ci\u00f3s k\u00e1rty\u00e1val, betegnapl\u00f3val<\/li>\n<li>a betegadatok nyilv\u00e1ntart\u00e1s\u00e1nak (HANO Regiszter) elk\u00e9sz\u00edt\u00e9se \u00e9s folyamatos friss\u00edt\u00e9se<\/li>\n<li>a HANO-s betegek kivizsg\u00e1l\u00e1si algoritmus\u00e1nak kialak\u00edt\u00e1sa, \u00faj diagnosztikus elj\u00e1r\u00e1sok bevezet\u00e9se<\/li>\n<li>a HANO-s betegek ter\u00e1pi\u00e1s aj\u00e1nl\u00e1s\u00e1nak kidolgoz\u00e1sa<\/li>\n<li>napi 24 \u00f3r\u00e1s forr\u00f3vonal telefon\u00fcgyelet biztos\u00edt\u00e1sa<\/li>\n<\/ul>\n","protected":false},"excerpt":{"rendered":"<p>Szervezeti egys\u00e9g: Semmelweis Egyetem, Belgy\u00f3gy\u00e1szati \u00e9s Hematol\u00f3giai Klinika Klinika igazgat\u00f3: Prof. Dr. Masszi Tam\u00e1s PhD, DSc. Helye: Semmelweis Egyetem, Bels\u0151 Klinikai T\u00f6mb, B \u00e9p\u00fclet 1. emelet, 6. rendel\u0151 C\u00edm: 1088. Budapest, Szentkir\u00e1lyi u. 46. Tel: +36 1 459-1500 Szakambulancia vezet\u0151je: Prof. Dr. Farkas Henriette PhD, DSc. (e-mail: <a href=\"mailto:farkas.henriette@med.semmelweis-univ.hu\">farkas.henriette@med.semmelweis-univ.hu<\/a> ) Asszisztens: Bali Judit A Szakambulancia tev\u00e9kenys\u00e9ge az &hellip;<\/p>\n","protected":false},"author":102149,"featured_media":0,"parent":1851,"menu_order":1,"comment_status":"closed","ping_status":"closed","template":"","meta":{"_acf_changed":false,"footnotes":""},"categories":[],"tags":[],"class_list":["post-1852","page","type-page","status-publish","hentry"],"acf":[],"_links":{"self":[{"href":"https:\/\/semmelweis.hu\/kutlab\/wp-json\/wp\/v2\/pages\/1852","targetHints":{"allow":["GET"]}}],"collection":[{"href":"https:\/\/semmelweis.hu\/kutlab\/wp-json\/wp\/v2\/pages"}],"about":[{"href":"https:\/\/semmelweis.hu\/kutlab\/wp-json\/wp\/v2\/types\/page"}],"author":[{"embeddable":true,"href":"https:\/\/semmelweis.hu\/kutlab\/wp-json\/wp\/v2\/users\/102149"}],"replies":[{"embeddable":true,"href":"https:\/\/semmelweis.hu\/kutlab\/wp-json\/wp\/v2\/comments?post=1852"}],"version-history":[{"count":4,"href":"https:\/\/semmelweis.hu\/kutlab\/wp-json\/wp\/v2\/pages\/1852\/revisions"}],"predecessor-version":[{"id":1934,"href":"https:\/\/semmelweis.hu\/kutlab\/wp-json\/wp\/v2\/pages\/1852\/revisions\/1934"}],"up":[{"embeddable":true,"href":"https:\/\/semmelweis.hu\/kutlab\/wp-json\/wp\/v2\/pages\/1851"}],"wp:attachment":[{"href":"https:\/\/semmelweis.hu\/kutlab\/wp-json\/wp\/v2\/media?parent=1852"}],"wp:term":[{"taxonomy":"category","embeddable":true,"href":"https:\/\/semmelweis.hu\/kutlab\/wp-json\/wp\/v2\/categories?post=1852"},{"taxonomy":"post_tag","embeddable":true,"href":"https:\/\/semmelweis.hu\/kutlab\/wp-json\/wp\/v2\/tags?post=1852"}],"curies":[{"name":"wp","href":"https:\/\/api.w.org\/{rel}","templated":true}]}}

Angioödéma szakambulancia

<div class="keretes w-100">
<p><strong>Szervezeti egység:</strong> Semmelweis Egyetem, Belgyógyászati és Hematológiai Klinika<br />
<strong>Klinika igazgató:</strong> Prof. Dr. Masszi Tamás PhD, DSc.<br />
<strong>Helye:</strong> Semmelweis Egyetem, Belső Klinikai Tömb, B épület 1. emelet, 6. rendelő<br />
<strong>Cím:</strong> 1088. Budapest, Szentkirályi u. 46.<br />
<strong>Tel:</strong> +36 1 459-1500<br />
<strong>Szakambulancia vezetője:</strong> Prof. Dr. Farkas Henriette PhD, DSc. (e-mail: <a href="mailto:farkas.henriette@med.semmelweis-univ.hu">farkas.henriette@med.semmelweis-univ.hu</a>)<br />
<strong>Asszisztens:</strong> Bali Judit</p>
</div>
<p>A Szakambulancia tevékenysége az alábbiakat foglalja magában:</p>
<ul>
<li>a különböző típusú angioödémában szenvedő betegek kivizsgálása, differenciáldiagnosztikája</li>
<li>a magyar HANO-s betegek gondozása, rendszeres ellenőrzése és akut ellátásának megszervezése</li>
<li>a magyarországi HANO-s populáció klinikai felmérése</li>
<li>a betegek ellátása a biztonságukat szolgáló eszközökkel: pl. otthonukban tartható életmentő injekcióval, sürgősségi ellátás teendőiről tájékoztató többnyelvű információs kártyával, betegnaplóval</li>
<li>a betegadatok nyilvántartásának (HANO Regiszter) elkészítése és folyamatos frissítése</li>
<li>a HANO-s betegek kivizsgálási algoritmusának kialakítása, új diagnosztikus eljárások bevezetése</li>
<li>a HANO-s betegek terápiás ajánlásának kidolgozása</li>
<li>napi 24 órás forróvonal telefonügyelet biztosítása</li>
</ul>

<p>Szervezeti egység: Semmelweis Egyetem, Belgyógyászati és Hematológiai Klinika Klinika igazgató: Prof. Dr. Masszi Tamás PhD, DSc. Helye: Semmelweis Egyetem, Belső Klinikai Tömb, B épület 1. emelet, 6. rendelő Cím: 1088. Budapest, Szentkirályi u. 46. Tel: +36 1 459-1500 Szakambulancia vezetője: Prof. Dr. Farkas Henriette PhD, DSc. (e-mail: <a href="mailto:farkas.henriette@med.semmelweis-univ.hu">farkas.henriette@med.semmelweis-univ.hu</a> ) Asszisztens: Bali Judit A Szakambulancia tevékenysége az &hellip;</p>
