{"id":183,"date":"2016-01-08T00:00:00","date_gmt":"2016-01-07T23:00:00","guid":{"rendered":"http:\/\/semmelweis.hu\/kutlab\/122-32430\/"},"modified":"2023-07-18T09:15:08","modified_gmt":"2023-07-18T07:15:08","slug":"122-32430","status":"publish","type":"page","link":"https:\/\/semmelweis.hu\/kutlab\/betegellatas\/hemolitikus-uremia\/husrol-orvosoknak\/122-32430\/","title":{"rendered":"Mikor gondoljunk HUS-ra?"},"content":{"rendered":"<p><span style=\"font-size: medium\"><span style=\"color: #000000\"><span style=\"font-family: Times New Roman\"><strong>A HUS diagn\u00f3zist <\/strong>a k\u00f6vetkez\u0151 t\u00fcnetek egy\u00fcttes fenn\u00e1ll\u00e1sa eset\u00e9n lehet kimondani: 1, Thrombocytopenia; 2, Microangiopathi\u00e1s hemolitikus an\u00e9mia; 3, Vesek\u00e1rosod\u00e1s jelei, <\/span><\/span><\/span><\/p>\n<p><span style=\"font-size: medium\"><span style=\"color: #000000\"><span style=\"font-family: Times New Roman\"> 1, Thrombocyta sz\u00e1m &lt;150 G\/L<\/span><\/span><\/span><\/p>\n<p><span style=\"font-size: medium\"><span style=\"color: #000000\"><span style=\"font-family: Times New Roman\"> 2, \u00c9letkornak \u00e9s nemnek megfelel\u0151 hat\u00e1r\u00e9rt\u00e9k szerinti an\u00e9mia, direkt Coombs negativit\u00e1s, fragmentocyt\u00e1k vagy schistocyt\u00e1k jelenl\u00e9te a perif\u00e9ri\u00e1s kenetben, LDH aktivit\u00e1s \u00e9s indirekt bilirubin fokoz\u00f3d\u00e1s, szabad plazma hemoglobin, haptoglobin szint cs\u00f6kkent<\/span><\/span><\/span><\/p>\n<p><span style=\"font-size: medium\"><span style=\"color: #000000\"><span style=\"font-family: Times New Roman\"> 3, \u00c1ltal\u00e1ban hirtelen kezdet\u0171 oligo-an\u00faria, emelkedett sz\u00e9rum kreatinin \u00e9s\/vagy karbamid \u00e9rt\u00e9kek, cs\u00f6kkent kreatinin clearence, glomerul\u00e1ris k\u00e1rosod\u00e1s jeleivel<\/span><\/span><\/span><\/p>\n<p><span style=\"font-size: medium\"><span style=\"color: #000000\"><span style=\"font-family: Times New Roman\"> A szindr\u00f3m\u00e1nak nem krit\u00e9riuma neurol\u00f3giai t\u00fcnetek fenn\u00e1ll\u00e1sa \u00e9s a l\u00e1z, b\u00e1r ezek gyakran megfigyelhet\u0151 jelek. A HUS szindr\u00f3ma nem \u00f6n\u00e1l\u00f3 diagn\u00f3zis, annak h\u00e1tter\u00e9ben sz\u00e1mos rizik\u00f3t\u00e9nyez\u0151 \u00e9s k\u00f6zvetlen kiv\u00e1lt\u00f3 ok is \u00e1llhat, melyek tiszt\u00e1z\u00e1sa \u00e9s kezel\u00e9se alapvet\u0151en fontos.\u00a0<\/span><\/span><\/span><\/p>\n","protected":false},"excerpt":{"rendered":"<p>A HUS diagn\u00f3zist a k\u00f6vetkez\u0151 t\u00fcnetek egy\u00fcttes fenn\u00e1ll\u00e1sa eset\u00e9n lehet kimondani: 1, Thrombocytopenia; 2, Microangiopathi\u00e1s hemolitikus an\u00e9mia; 3, Vesek\u00e1rosod\u00e1s jelei, 1, Thrombocyta sz\u00e1m &lt;150 G\/L 2, \u00c9letkornak \u00e9s nemnek megfelel\u0151 hat\u00e1r\u00e9rt\u00e9k szerinti an\u00e9mia, direkt Coombs negativit\u00e1s, fragmentocyt\u00e1k vagy schistocyt\u00e1k jelenl\u00e9te a perif\u00e9ri\u00e1s kenetben, LDH aktivit\u00e1s \u00e9s indirekt bilirubin fokoz\u00f3d\u00e1s, szabad plazma hemoglobin, haptoglobin szint cs\u00f6kkent &hellip;<\/p>\n","protected":false},"author":1,"featured_media":0,"parent":150,"menu_order":1,"comment_status":"closed","ping_status":"closed","template":"","meta":{"_acf_changed":false,"footnotes":""},"categories":[],"tags":[],"class_list":["post-183","page","type-page","status-publish","hentry"],"acf":[],"_links":{"self":[{"href":"https:\/\/semmelweis.hu\/kutlab\/wp-json\/wp\/v2\/pages\/183","targetHints":{"allow":["GET"]}}],"collection":[{"href":"https:\/\/semmelweis.hu\/kutlab\/wp-json\/wp\/v2\/pages"}],"about":[{"href":"https:\/\/semmelweis.hu\/kutlab\/wp-json\/wp\/v2\/types\/page"}],"author":[{"embeddable":true,"href":"https:\/\/semmelweis.hu\/kutlab\/wp-json\/wp\/v2\/users\/1"}],"replies":[{"embeddable":true,"href":"https:\/\/semmelweis.hu\/kutlab\/wp-json\/wp\/v2\/comments?post=183"}],"version-history":[{"count":4,"href":"https:\/\/semmelweis.hu\/kutlab\/wp-json\/wp\/v2\/pages\/183\/revisions"}],"predecessor-version":[{"id":1562,"href":"https:\/\/semmelweis.hu\/kutlab\/wp-json\/wp\/v2\/pages\/183\/revisions\/1562"}],"up":[{"embeddable":true,"href":"https:\/\/semmelweis.hu\/kutlab\/wp-json\/wp\/v2\/pages\/150"}],"wp:attachment":[{"href":"https:\/\/semmelweis.hu\/kutlab\/wp-json\/wp\/v2\/media?parent=183"}],"wp:term":[{"taxonomy":"category","embeddable":true,"href":"https:\/\/semmelweis.hu\/kutlab\/wp-json\/wp\/v2\/categories?post=183"},{"taxonomy":"post_tag","embeddable":true,"href":"https:\/\/semmelweis.hu\/kutlab\/wp-json\/wp\/v2\/tags?post=183"}],"curies":[{"name":"wp","href":"https:\/\/api.w.org\/{rel}","templated":true}]}}