{"id":18,"date":"2016-01-08T00:00:00","date_gmt":"2016-01-07T23:00:00","guid":{"rendered":"http:\/\/semmelweis.hu\/kutlab\/bemutatkozas\/"},"modified":"2023-07-28T13:15:57","modified_gmt":"2023-07-28T11:15:57","slug":"bemutatkozas","status":"publish","type":"page","link":"https:\/\/semmelweis.hu\/kutlab\/bemutatkozas\/","title":{"rendered":"Bemutatkoz\u00e1s"},"content":{"rendered":"<p><a href=\"https:\/\/semmelweis.hu\/kutlab\/files\/2023\/07\/RS5177_IMG_5492-scr.jpg\"><img loading=\"lazy\" decoding=\"async\" class=\"alignright size-medium wp-image-1663\" src=\"https:\/\/semmelweis.hu\/kutlab\/files\/2023\/07\/RS5177_IMG_5492-scr-267x400.jpg\" alt=\"\" width=\"267\" height=\"400\" srcset=\"https:\/\/semmelweis.hu\/kutlab\/files\/2023\/07\/RS5177_IMG_5492-scr-267x400.jpg 267w, https:\/\/semmelweis.hu\/kutlab\/files\/2023\/07\/RS5177_IMG_5492-scr.jpg 500w\" sizes=\"auto, (max-width: 267px) 100vw, 267px\" \/><\/a>A Semmelweis Egyetem Belgy\u00f3gy\u00e1szati \u00e9s Hematol\u00f3giai Klinika Kutat\u00f3laborat\u00f3riuma az int\u00e9zm\u00e9ny alaptev\u00e9kenys\u00e9geinek h\u00e1rmas egys\u00e9g\u00e9ben <em>(oktat\u00e1s, kutat\u00e1s, betegell\u00e1t\u00e1s)<\/em> l\u00e1tja el feladatait.<\/p>\n<h4><strong>Kutat\u00e1si tev\u00e9kenys\u00e9g\u00fcnk<\/strong><\/h4>\n<p>A laborat\u00f3riumban 4 kutat\u00f3csoportban folyik <a href=\"https:\/\/semmelweis.hu\/kutlab\/kutatas\/\"><b>kutat\u00f3munka<\/b><\/a>, kutat\u00e1si feladatainkat ny\u00edlt p\u00e1ly\u00e1zati rendszerekben elnyert t\u00e1mogat\u00e1sok \u00e9s partnereinkkel k\u00f6t\u00f6tt egy\u00fcttm\u0171k\u00f6d\u00e9si szerz\u0151d\u00e9sek keretei k\u00f6z\u00f6tt v\u00e9gezz\u00fck. \u00daj \u00e9s hasznos\u00edthat\u00f3 eredm\u00e9nyeink alapj\u00e1n az ut\u00f3bbi \u00e9vekben t\u00f6bb szabadalom beny\u00fajt\u00e1s\u00e1ra \u00e9s hasznos\u00edt\u00e1s\u00e1ra is sor ker\u00fclt laborat\u00f3riumunkb\u00f3l. Az egyes munkacsoportok \u00e9rdekl\u0151d\u00e9si ter\u00fclet\u00e9t, t\u00e9m\u00e1it, j\u00e1rtass\u00e1g\u00e1t, p\u00e1ly\u00e1zatait, munkat\u00e1rsait \u00e9s publik\u00e1ci\u00f3it a <a href=\"https:\/\/semmelweis.hu\/kutlab\/kutatas\/\">kutat\u00e1s<\/a> men\u00fcpontban \u00f6sszegezt\u00fck.<\/p>\n<h4><strong>Szerep\u00fcnk a betegell\u00e1t\u00e1sban<\/strong><\/h4>\n<p>A Belgy\u00f3gy\u00e1szati \u00e9s Hematol\u00f3giai Klinik\u00e1n foly\u00f3 <a href=\"https:\/\/semmelweis.hu\/kutlab\/betegellatas\/\"><b>betegell\u00e1t\u00e1sban<\/b><\/a> laborat\u00f3riumunk munkat\u00e1rsai k\u00e9t ter\u00fcleten vesznek r\u00e9szt. Egyr\u00e9szt a <a href=\"https:\/\/semmelweis.hu\/kutlab\/kapcsolat\/\"><strong>F\u00fcst Gy\u00f6rgy Komplement Diagnosztikai Laborat\u00f3riumban<\/strong><\/a> hazai \u00e9s K\u00f6z\u00e9p-Eur\u00f3pai viszonylatban egyed\u00fcl\u00e1ll\u00f3 teljess\u00e9gben foglalkozunk a komplementrendszer vizsg\u00e1lat\u00e1val immunk\u00e9miai \u00e9s molekul\u00e1ris biol\u00f3giai m\u00f3dszerekkel. A komplementrendszer vizsg\u00e1lata autoimmun betegs\u00e9gekben, egyes fert\u0151z\u0151 betegs\u00e9gek kapcs\u00e1n \u00e9s egyes ritka betegs\u00e9gek eset\u00e9n\u00a0 indokolt.<\/p>\n<p>M\u00e1sr\u00e9szt a Belgy\u00f3gy\u00e1szati \u00e9s Hematol\u00f3giai Klinik\u00e1n foly\u00f3 j\u00e1r\u00f3- \u00e9s fekv\u0151beteg ell\u00e1t\u00e1s keretein bel\u00fcl v\u00e9gezz\u00fck az <a href=\"https:\/\/semmelweis.hu\/kutlab\/betegellatas\/hae\/\"><strong>Orsz\u00e1gos Angio\u00f6d\u00e9ma K\u00f6zpontban<\/strong><\/a> t\u00f6rt\u00e9n\u0151 betegell\u00e1t\u00e1st.<\/p>\n<p>A fent felsorolt betegs\u00e9gekr\u0151l, az el\u00e9rhet\u0151 laborat\u00f3riumi vizsg\u00e1latokr\u00f3l \u00e9s az ezekkel kapcsolatos \u00e1ltal\u00e1nos tudnival\u00f3kr\u00f3l helyezt\u00fcnk el inform\u00e1ci\u00f3kat a \u201e<a href=\"https:\/\/semmelweis.hu\/kutlab\/betegellatas\/\">betegell\u00e1t\u00e1s<\/a>\u201d men\u00fcpontban.<\/p>\n<h4><strong>Oktat\u00e1si feladataink<\/strong><\/h4>\n<p><a href=\"https:\/\/semmelweis.hu\/kutlab\/oktatas\/\"><b>Oktat\u00e1si feladatainkat<\/b> <\/a>a gradu\u00e1lis, posztgradu\u00e1lis \u00e9s szakorvos k\u00e9pz\u00e9sben tartott el\u0151ad\u00e1saink, tudom\u00e1nyos di\u00e1kk\u00f6r\u00f6s t\u00e9mavezet\u0151i, konzulensi \u00e9s PhD t\u00e9mavezet\u0151i feladataink jelentik. Az egyes t\u00e9m\u00e1kat, el\u0151ad\u00e1sokat \u00e9s kurzusokat az <a href=\"https:\/\/semmelweis.hu\/kutlab\/oktatas\/\">oktat\u00e1s<\/a> men\u00fcpontban foglaltuk \u00f6ssze.<\/p>\n<h4><strong>T\u00f6rt\u00e9net\u00fcnk<\/strong><\/h4>\n<p>A diagnosztikai laborat\u00f3rium t\u00f6rt\u00e9nete t\u00f6bb, mint \u00f6tven \u00e9vvel ezel\u0151tt kezd\u0151d\u00f6tt&#8230; A laborat\u00f3rium alap\u00edt\u00f3ja Prof. dr. F\u00fcst Gy\u00f6rgy volt. <a href=\"https:\/\/semmelweis.hu\/kutlab\/bemutatkozas\/fust-gyorgy\/\">Olvasson tov\u00e1bb az munk\u00e1ss\u00e1g\u00e1r\u00f3l \u2192<\/a><\/p>\n<div class=\"keretes w-100\">\n<p>B\u00edzunk benne, hogy megtal\u00e1lja azt az inform\u00e1ci\u00f3t, amelyet keres! Amennyiben sz\u00fcks\u00e9ge lenne tov\u00e1bbi adatokra vagy seg\u00edts\u00e9gre, b\u00e1tran keressen fel minket a \u201e<a href=\"https:\/\/semmelweis.hu\/kutlab\/kapcsolat\/\">kapcsolat<\/a>\u201d men\u00fcpontban megadott el\u00e9rhet\u0151s\u00e9geken!<\/p>\n<\/div>\n","protected":false},"excerpt":{"rendered":"<p><a href=\"https:\/\/semmelweis.hu\/kutlab\/files\/2023\/07\/RS5177_IMG_5492-scr.jpg\"><\/a> A Semmelweis Egyetem Belgy\u00f3gy\u00e1szati \u00e9s Hematol\u00f3giai Klinika Kutat\u00f3laborat\u00f3riuma az int\u00e9zm\u00e9ny alaptev\u00e9kenys\u00e9geinek h\u00e1rmas egys\u00e9g\u00e9ben (oktat\u00e1s, kutat\u00e1s, betegell\u00e1t\u00e1s) l\u00e1tja el feladatait. Kutat\u00e1si tev\u00e9kenys\u00e9g\u00fcnk A laborat\u00f3riumban 4 kutat\u00f3csoportban folyik <a href=\"https:\/\/semmelweis.hu\/kutlab\/kutatas\/\">kutat\u00f3munka<\/a> , kutat\u00e1si feladatainkat ny\u00edlt p\u00e1ly\u00e1zati rendszerekben elnyert t\u00e1mogat\u00e1sok \u00e9s partnereinkkel k\u00f6t\u00f6tt egy\u00fcttm\u0171k\u00f6d\u00e9si szerz\u0151d\u00e9sek keretei k\u00f6z\u00f6tt v\u00e9gezz\u00fck. \u00daj \u00e9s hasznos\u00edthat\u00f3 eredm\u00e9nyeink alapj\u00e1n az ut\u00f3bbi \u00e9vekben t\u00f6bb szabadalom beny\u00fajt\u00e1s\u00e1ra \u00e9s hasznos\u00edt\u00e1s\u00e1ra &hellip;<\/p>\n","protected":false},"author":158,"featured_media":0,"parent":0,"menu_order":0,"comment_status":"closed","ping_status":"closed","template":"template-fullwidth.php","meta":{"_acf_changed":false,"footnotes":""},"categories":[],"tags":[],"class_list":["post-18","page","type-page","status-publish","hentry"],"acf":[],"_links":{"self":[{"href":"https:\/\/semmelweis.hu\/kutlab\/wp-json\/wp\/v2\/pages\/18","targetHints":{"allow":["GET"]}}],"collection":[{"href":"https:\/\/semmelweis.hu\/kutlab\/wp-json\/wp\/v2\/pages"}],"about":[{"href":"https:\/\/semmelweis.hu\/kutlab\/wp-json\/wp\/v2\/types\/page"}],"author":[{"embeddable":true,"href":"https:\/\/semmelweis.hu\/kutlab\/wp-json\/wp\/v2\/users\/158"}],"replies":[{"embeddable":true,"href":"https:\/\/semmelweis.hu\/kutlab\/wp-json\/wp\/v2\/comments?post=18"}],"version-history":[{"count":12,"href":"https:\/\/semmelweis.hu\/kutlab\/wp-json\/wp\/v2\/pages\/18\/revisions"}],"predecessor-version":[{"id":1824,"href":"https:\/\/semmelweis.hu\/kutlab\/wp-json\/wp\/v2\/pages\/18\/revisions\/1824"}],"wp:attachment":[{"href":"https:\/\/semmelweis.hu\/kutlab\/wp-json\/wp\/v2\/media?parent=18"}],"wp:term":[{"taxonomy":"category","embeddable":true,"href":"https:\/\/semmelweis.hu\/kutlab\/wp-json\/wp\/v2\/categories?post=18"},{"taxonomy":"post_tag","embeddable":true,"href":"https:\/\/semmelweis.hu\/kutlab\/wp-json\/wp\/v2\/tags?post=18"}],"curies":[{"name":"wp","href":"https:\/\/api.w.org\/{rel}","templated":true}]}}