{"id":1749,"date":"2023-07-28T12:18:12","date_gmt":"2023-07-28T10:18:12","guid":{"rendered":"https:\/\/semmelweis.hu\/kutlab\/?page_id=1749"},"modified":"2023-07-28T12:18:57","modified_gmt":"2023-07-28T10:18:57","slug":"fust-gyorgy","status":"publish","type":"page","link":"https:\/\/semmelweis.hu\/kutlab\/bemutatkozas\/fust-gyorgy\/","title":{"rendered":"F\u00fcst Gy\u00f6rgy &#8211; laborat\u00f3riumunk alap\u00edt\u00f3ja"},"content":{"rendered":"<p><strong><a href=\"https:\/\/semmelweis.hu\/kutlab\/files\/2023\/07\/Fust-Gyorgy_DSC_6689.jpg\"><img loading=\"lazy\" decoding=\"async\" class=\"alignright size-medium wp-image-1747\" src=\"https:\/\/semmelweis.hu\/kutlab\/files\/2023\/07\/Fust-Gyorgy_DSC_6689-266x400.jpg\" alt=\"\" width=\"266\" height=\"400\" srcset=\"https:\/\/semmelweis.hu\/kutlab\/files\/2023\/07\/Fust-Gyorgy_DSC_6689-266x400.jpg 266w, https:\/\/semmelweis.hu\/kutlab\/files\/2023\/07\/Fust-Gyorgy_DSC_6689-680x1024.jpg 680w, https:\/\/semmelweis.hu\/kutlab\/files\/2023\/07\/Fust-Gyorgy_DSC_6689-768x1156.jpg 768w, https:\/\/semmelweis.hu\/kutlab\/files\/2023\/07\/Fust-Gyorgy_DSC_6689-1020x1536.jpg 1020w, https:\/\/semmelweis.hu\/kutlab\/files\/2023\/07\/Fust-Gyorgy_DSC_6689-753x1134.jpg 753w, https:\/\/semmelweis.hu\/kutlab\/files\/2023\/07\/Fust-Gyorgy_DSC_6689.jpg 1200w\" sizes=\"auto, (max-width: 266px) 100vw, 266px\" \/><\/a>Dr. F\u00fcst Gy\u00f6rgy<\/strong><\/p>\n<p><strong>1937. november 14. -2012. j\u00falius 5.<\/strong><\/p>\n<p>F\u00fcst Gy\u00f6rgy professzor \u00far hal\u00e1l\u00e1val p\u00f3tolhatatlan vesztes\u00e9g \u00e9rte a hazai \u00e9s hat\u00e1ron t\u00fali immunol\u00f3gusok k\u00f6z\u00f6ss\u00e9g\u00e9t. P\u00e1lyafut\u00e1sa sor\u00e1n t\u00f6bbsz\u00f6r \u00e9s t\u00f6bb helyen teremtett maga k\u00f6r\u00fcl olyan szellemi \u00e9s fizikai atmoszf\u00e9r\u00e1t, melynek haszna \u00e9s kisug\u00e1rz\u00e1sa folyamatosan \u00e9rz\u00e9kelhet\u0151 volt \u00e9s sok\u00e1ig az is marad. Nem csup\u00e1n iskol\u00e1t teremtett, hanem embers\u00e9g\u00e9vel, \u0151szinte becs\u00fcletess\u00e9g\u00e9vel \u00e9s lelkesed\u00e9s\u00e9vel tan\u00edtott, hossz\u00fa id\u0151re \u00e9s alapjaiban meghat\u00e1rozva sokak kutat\u00f3v\u00e1 v\u00e1l\u00e1s\u00e1t. Tan\u00edtv\u00e1nyai \u00f6r\u00f6kk\u00e9 hi\u00e1nyolni fogj\u00e1k b\u00f6lcs tan\u00e1csait, l\u00e9nyegre koncentr\u00e1l\u00f3 javaslatait \u00e9s szel\u00edd, sokszor szellemes \u00fatmutat\u00e1sait.<\/p>\n<p>F\u00fcst Gy\u00f6rgy Budapesten sz\u00fcletett 1937. nov. 14-\u00e9n, a budapesti K\u00f6lcsey Gimn\u00e1ziumban \u00e9retts\u00e9gizett 1956-ban, \u00e9s 1962-ben szerzett \u00e1ltal\u00e1nos orvosi diplom\u00e1t a Budapesti Orvostudom\u00e1nyi Egyetemen. Els\u0151 munkahelye az Orsz\u00e1gos K\u00f6zeg\u00e9szs\u00e9g\u00fcgyi Int\u00e9zet szerol\u00f3giai oszt\u00e1lya volt, itt alakult ki els\u0151 kapcsolata a humor\u00e1lis immunit\u00e1s kutat\u00e1s\u00e1val \u00e9s a kutat\u00e1si eredm\u00e9nyek gyakorlati alkalmaz\u00e1s\u00e1val. Kutat\u00f3i munk\u00e1ss\u00e1g\u00e1nak kezdet\u00e9n v\u00e9gigk\u00eds\u00e9rte a komplementrendszer r\u00e9szletes felismer\u00e9s\u00e9nek l\u00e9p\u00e9seit, \u00e9s az \u00faj ismereteket folyamatosan \u00e1t\u00fcltette a gyakorlati alkalmaz\u00e1s ter\u00fclet\u00e9re: sz\u00e1mos tudom\u00e1nyos kollabor\u00e1ci\u00f3ban vett r\u00e9szt ezen a ter\u00fcleten \u00e9s diagnosztikai alkalmaz\u00e1sokat is fejlesztett. Ehhez a szakter\u00fclethez teljes p\u00e1lyafut\u00e1sa sor\u00e1n h\u0171 maradt, \u00edgy igaz\u00e1n ezen a ter\u00fcleten mutatkozik meg iskolateremt\u0151 teljes\u00edtm\u00e9nye.<\/p>\n<p>A k\u00e9s\u0151bbiekre n\u00e9zve d\u00f6nt\u0151 hat\u00e1s\u00fanak bizonyult egy\u00fcttm\u0171k\u00f6d\u00e9se Gergely J\u00e1nos professzor \u00farral a hetvenes \u00e9vek elej\u00e9n. Gergely professzor \u00far 1973-ban felk\u00e9r\u00e9st kapott az ELTE Immunol\u00f3giai Tansz\u00e9k\u00e9nek megszervez\u00e9s\u00e9re, \u00edgy az Orsz\u00e1gos Haematol\u00f3giai \u00e9s V\u00e9rtranszf\u00fazi\u00f3s Int\u00e9zet Immunk\u00e9miai Oszt\u00e1ly\u00e1t f\u00e9lig elhagyva, azonban annak tov\u00e1bbi m\u0171k\u00f6d\u00e9s\u00e9r\u0151l gondoskodva, F\u00fcst Gy\u00f6rgy\u00f6t megh\u00edvta az Immunk\u00e9miai Oszt\u00e1ly munkat\u00e1rsai k\u00f6z\u00e9. Igen term\u00e9keny, j\u00f3 hangulat\u00fa \u00e9s a j\u00f6v\u0151t megalapoz\u00f3 \u00e9veket t\u00f6lt\u00f6ttek munkat\u00e1rsaikkal egy\u00fctt ebben az id\u0151ben. F\u00fcst professzor \u00far 1974 \u00e9s 1995 k\u00f6z\u00f6tt dolgozott az Orsz\u00e1gos Haematol\u00f3giai, V\u00e9rtranszf\u00fazi\u00f3s \u00e9s Immunol\u00f3giai Int\u00e9zetben, kezdetben mint tudom\u00e1nyos f\u0151munkat\u00e1rs, k\u00e9s\u0151bb mint az Immunol\u00f3giai Oszt\u00e1ly vezet\u0151je.<\/p>\n<p>A l\u00e9nyeges, az ut\u00f3kor sz\u00e1m\u00e1ra is meghat\u00e1roz\u00f3 jelent\u0151s\u00e9g\u0171 alkot\u00e1sai k\u00f6z\u00f6tt tal\u00e1n az els\u0151 az volt, hogy a hetvenes \u00e9vekben nemzetk\u00f6zi viszonylatban is \u00fatt\u00f6r\u0151 m\u00f3don teremtette meg a komplementrendszer diagnosztikai vizsg\u00e1lat\u00e1nak felt\u00e9teleit Magyarorsz\u00e1gon. \u00d6n\u00e1ll\u00f3 vizsg\u00e1lati elj\u00e1r\u00e1sokat dolgozott ki vagy adapt\u00e1lt nemzetk\u00f6zi p\u00e9ld\u00e1k alapj\u00e1n. Neki k\u00f6sz\u00f6nhet\u0151, hogy haz\u00e1nkban nemzetk\u00f6zi viszonylatban els\u0151k k\u00f6z\u00f6tt ny\u00edlt lehet\u0151s\u00e9g a herediter angio\u00f6d\u00e9ma (HANO) diagnosztiz\u00e1l\u00e1s\u00e1ra, mely ter\u00fclet mindv\u00e9gig sz\u00edv\u00fcgye maradt. 1987-ben meg\u00edrta az els\u0151 magyar nyelv\u0171 komplement diagnosztikai szakk\u00f6nyvet, \u00e9s folyamatosan energi\u00e1t \u00e1ldozott a komplementrendszer jellegzetess\u00e9geinek megismertet\u00e9s\u00e9re, tov\u00e1bbk\u00e9pz\u00e9sre \u00e9s oktat\u00e1sra. T\u00f6bb tan\u00edtv\u00e1nya (Varga Lilian, Hidv\u00e9gi T\u00fcnde, Schmidt B\u00e9la, Proh\u00e1szka Zolt\u00e1n) is folytatta-folytatja a komplement diagnosztikai fejleszt\u00e9seket \u00e9s alkalmazz\u00e1k ma is az elj\u00e1r\u00e1sokat. Integr\u00e1lta a magyarorsz\u00e1gi komplement kutat\u00e1st a nemzetk\u00f6zi \u00e9lvonalba, melyet j\u00f3l jelez, hogy az \u00e1ltala 1986-ban Balatonf\u00fcreden elind\u00edtott \u201eRole of Complement in Human Diseases\u201d konferenciasorozat 2011-ben imm\u00e1ron 13-adszor ker\u00fclt megrendez\u00e9sre, erre volt tal\u00e1n a legb\u00fcszk\u00e9bb.<\/p>\n<p>Az 1980-as \u00e9vekben a kor kih\u00edv\u00e1sainak megfelel\u0151en Magyarorsz\u00e1gr\u00f3l az els\u0151k k\u00f6z\u00f6tt kezdett a HIV\/AIDS probl\u00e9mak\u00f6rrel, azon bel\u00fcl f\u0151k\u00e9nt diagnosztikai k\u00e9rd\u00e9sekkel foglalkozni. Az OHVII-ben megalap\u00edtotta a HIV diagnosztikai laborat\u00f3riumot, melynek b\u00e1zis\u00e1n alakult meg k\u00e9s\u0151bb a V\u00e9rell\u00e1t\u00f3 Szolg\u00e1lat HIV verifik\u00e1ci\u00f3s Laborat\u00f3riuma. Els\u0151k\u00e9nt vett r\u00e9szt klinikus \u00e9s mikrobiol\u00f3gus koll\u00e9g\u00e1kkal magyar nyelv\u0171 HIV-t\u00e9m\u00e1j\u00fa k\u00f6nyv meg\u00edr\u00e1s\u00e1ban, feles\u00e9g\u00e9vel szerkesztett \u00e9s adott ki ismeretterjeszt\u0151 foly\u00f3iratot (AIDS H\u00edrad\u00f3) a t\u00e9mak\u00f6rben. Tan\u00edtv\u00e1nyai (Ujhelyi Eszter, Tarj\u00e1n Veronika) mind a mai napig a HIV diagnosztika ter\u00fclet\u00e9n tev\u00e9kenykednek. 1985 \u00e9s 1995 k\u00f6z\u00f6tt t\u00f6bb cikluson kereszt\u00fcl a Nemzeti AIDS Bizotts\u00e1g (kor\u00e1bban Szakmai AIDS Bizotts\u00e1g) titk\u00e1ra volt, rengeteg energi\u00e1t \u00e9s szabadid\u0151t \u00e1ldozva a feladattal j\u00e1r\u00f3 k\u00f6telezetts\u00e9geknek. A NAB szerepe elvitathatatlan a mai kedvez\u0151 HIV\/AIDS j\u00e1rv\u00e1ny\u00fcgyi helyzet l\u00e9trehoz\u00e1s\u00e1ban, az akkori er\u0151fesz\u00edt\u00e9seknek \u00e9s az er\u0151forr\u00e1sok \u00e1tgondolt eloszt\u00e1s\u00e1nak mind a mai napig \u00e9rezhet\u0151 hat\u00e1sai vannak. Az OHVII-ben is megmutatkozott m\u00e1r tudom\u00e1nyos iskolateremt\u0151 k\u00e9pess\u00e9ge, amit jelez a vezet\u00e9s\u00e9vel ott k\u00e9sz\u00fclt kandidat\u00far\u00e1k \u00e9s doktori munk\u00e1k magas sz\u00e1ma (7 kandidat\u00fara, 2 doktori munka).<\/p>\n<p>A fels\u0151oktat\u00e1sban 1995 ut\u00e1n kezdett intenz\u00edven tev\u00e9kenykedni, amikor elv\u00e1llalta a III. Sz. Belgy\u00f3gy\u00e1szati Klinika Kutat\u00f3laborat\u00f3rium\u00e1nak vezet\u00e9s\u00e9t Romics L\u00e1szl\u00f3 professzor \u00far megh\u00edv\u00e1s\u00e1ra. Kutat\u00e1si t\u00e9m\u00e1i aktu\u00e1lis n\u00e9peg\u00e9szs\u00e9g\u00fcgyi k\u00e9rd\u00e9sekhez \u00e9s modern, nemzetk\u00f6zi \u00f6sszehasonl\u00edt\u00e1sban is kiemelked\u0151 k\u00e9rd\u00e9sfeltev\u00e9sekhez kapcsol\u00f3dtak. Helyes t\u00e9mav\u00e1laszt\u00e1ssal \u00e9s k\u00f6vetkezetes tudom\u00e1nyszervez\u0151i munk\u00e1val biztos\u00edtotta, hogy a kutat\u00f3laborat\u00f3riumban elt\u00f6lt\u00f6tt 17 \u00e9v alatt 15 PhD hallgat\u00f3 fejezte be munk\u00e1j\u00e1t \u00e9s szerzett fokozatot, k\u00e9t munkat\u00e1rsa az MTA doktora fokozatot is megszerezte. Rendk\u00edv\u00fcli hat\u00e9konys\u00e1ggal \u00e9s az \u00faj kih\u00edv\u00e1soknak megfelelve alkalmazkodott az egyetemi k\u00f6rnyezethez. A kor szav\u00e1t meg\u00e9rtve haszn\u00e1lni, kutatni majd tan\u00edtani kezdett egyes genetikai m\u00f3dszereket, internetes genomikai er\u0151forr\u00e1sokat \u00e9s az ezekhez kapcsol\u00f3d\u00f3 biostatisztikai \u00e9s bioinformatikai lehet\u0151s\u00e9geket. \u00d6n\u00e1ll\u00f3 biostatisztikai kurzust szervezett \u00e9s folyamatosan hangs\u00falyt fektetett munkat\u00e1rsai k\u00e9pz\u00e9s\u00e9re, a kutat\u00e1s pontos megtervez\u00e9s\u00e9nek \u00e1tad\u00e1s\u00e1ra \u00e9s az eredm\u00e9nyek megfelel\u0151 \u00e9rt\u00e9kel\u00e9s\u00e9re. Kutat\u00f3munk\u00e1ja sor\u00e1n F\u00fcst Gy\u00f6rgy mindig nagy hangs\u00falyt fektetett az egy\u00fcttm\u0171k\u00f6d\u00e9sekre. Egy vele k\u00e9sz\u00fclt riportban a k\u00f6vetkez\u0151ket mondta: \u201e\u00c1ltal\u00e1ban szomor\u00faan j\u00f6ttem el a magyar, de a nemzetk\u00f6zi konferenci\u00e1kr\u00f3l is, ha nem \u00e1llapodtam meg senkivel sem kollabor\u00e1ci\u00f3ban\u201d. Szinte az \u00f6sszes l\u00e9nyeges eredm\u00e9ny\u00e9t sikeres csapat \u00e9letre h\u00edv\u00e1s\u00e1val, egybentart\u00e1s\u00e1val \u00e9rte el. Az egy\u00fcttm\u0171k\u00f6d\u00e9sekben rendre t\u00f6bbet adott a maga tud\u00e1s\u00e1b\u00f3l \u00e9s lehet\u0151s\u00e9geib\u0151l, mint amit elv\u00e1rt a partnerekt\u0151l, sokan k\u00f6sz\u00f6nhetik sikereiket \u00e9s eredm\u00e9nyeiket \u00f6nzetlen t\u00e1mogat\u00e1s\u00e1nak, \u00fatmutat\u00e1s\u00e1nak.<\/p>\n<p>Tudom\u00e1nypolitikai tev\u00e9kenys\u00e9ge is kimagasl\u00f3 volt. Meghat\u00e1roz\u00f3 szerepet j\u00e1tszott a Magyar Immunol\u00f3giai T\u00e1rsas\u00e1g munk\u00e1j\u00e1ban annak megalakul\u00e1sa \u00f3ta, 2004-2007 k\u00f6z\u00f6tt a MIT eln\u00f6ke volt. A t\u00e1rsas\u00e1g t\u00f6rt\u00e9net\u00e9t bemutat\u00f3 k\u00f6nyv egyik szerkeszt\u0151jek\u00e9nt diktafonnal j\u00e1rta az orsz\u00e1got \u00e9s k\u00e9sz\u00edtett interj\u00fat a MIT meghat\u00e1roz\u00f3 alakjaival. Az Eur\u00f3pai Komplement H\u00e1l\u00f3zat vezet\u0151s\u00e9gi tagja \u00e9s eln\u00f6ke volt (1986-2002), t\u00f6bb akad\u00e9miai bizotts\u00e1g (az MTA Orvosi Oszt\u00e1ly II. Bizotts\u00e1g\u00e1nak titk\u00e1ra volt 1996-2007 k\u00f6z\u00f6tt) \u00e9s szakmai koll\u00e9gium munk\u00e1j\u00e1ban is r\u00e9szt vett, az OTKA Bizotts\u00e1g \u00e9s sz\u00e1mos tudom\u00e1nyos t\u00e1rsas\u00e1g tagja volt.<\/p>\n<p>Dr. F\u00fcst Gy\u00f6rgy \u00e9let\u00fatja a hazai \u00e9s nemzetk\u00f6zi tudom\u00e1nyos k\u00f6z\u00f6ss\u00e9g sz\u00e1m\u00e1ra is ir\u00e1nymutat\u00f3, p\u00e9lda\u00e9rt\u00e9k\u0171 volt. Tan\u00edtv\u00e1nyai megtanulhatt\u00e1k t\u0151le a l\u00e9nyegre val\u00f3 koncentr\u00e1l\u00e1s k\u00e9pess\u00e9g\u00e9t, az eredm\u00e9nyek abszol\u00fat tisztelet\u00e9t \u00e9s a racion\u00e1lis tudom\u00e1nyos gondolkod\u00e1st. Munkat\u00e1rsait mindig a m\u00e1sik f\u00e9l egy\u00e9nis\u00e9g\u00e9t figyelembe vev\u0151 ir\u00e1nymutat\u00e1ssal, mindazon\u00e1ltal konzekvens pontoss\u00e1ggal vezette p\u00e1ly\u00e1jukon, teret engedve \u00f6n\u00e1ll\u00f3 \u00f6tleteiknek, de mindv\u00e9gig koncentr\u00e1lva az el\u00e9rend\u0151 c\u00e9lra. A legapr\u00f3bb tudom\u00e1nyos eredm\u00e9nyt is olyan lelkesed\u00e9ssel fogadta, hogy az di\u00e1kjainak, munkat\u00e1rsainak sz\u00e1rnyakat adott. \u00d6nzetlen\u00fcl tudott \u00f6r\u00fclni m\u00e1s siker\u00e9nek is. Mindig kik\u00e9rte m\u00e1sok v\u00e9lem\u00e9ny\u00e9t miel\u0151tt b\u00e1rmiben d\u00f6nt\u00f6tt volna \u00e9s az esetleges kritik\u00e1t mindig pozit\u00edvan fogadta \u00e9s \u00f6nkritikusan elfogadta. Fantasztikus koncentr\u00e1l\u00f3k\u00e9pess\u00e9g\u00e9t bizony\u00edtja, hogy k\u00e9pes volt egyszerre \u00f6t-hat cikken, feladaton is dolgozni, \u00e9s ha r\u00e1n\u00e9zett egy el\u00e9tett oldalra a szeme azonnal megtal\u00e1lta a hib\u00e1t. Purit\u00e1n \u00e9letet \u00e9lt, szer\u00e9ny volt, ami csak az igaz\u00e1n nagy tud\u00f3sokra jellemz\u0151, de rendk\u00edv\u00fcl sz\u00ednes egy\u00e9nis\u00e9g. Felfedez\u0151, k\u00edv\u00e1ncsi t\u00edpus, ami \u00e9let\u00e9nek nem csak a szakmai oldal\u00e1ra volt igaz. A k\u00fclf\u00f6ldi konferenci\u00e1kon egy idegenvezet\u0151t is megsz\u00e9gyen\u00edt\u0151 t\u00e1j\u00e9kozotts\u00e1ggal mutatta meg az adott v\u00e1ros nevezetess\u00e9geit, 65 \u00e9vesen kezdett spanyolul tanulni, rajongott a zen\u00e9\u00e9rt, a sz\u00ednh\u00e1z\u00e9rt \u00e9s a sz\u00e9pirodalm\u00e9rt. Unok\u00e1ival egy\u00fctt \u00edrtak \u00e9s adtak ki egy mesek\u00f6nyvet, ez is mutatja mennyire szeretett j\u00e1tszani \u00e9s hogy milyen sok energi\u00e1t ford\u00edtott szellemi fejl\u0151d\u00e9s\u00fckre. Kiv\u00e1l\u00f3 szak\u00e1cs volt, naprak\u00e9szen tudta a sportesem\u00e9nyek eredm\u00e9nyeit, \u00f6nmaga is rendszeresen \u00faszott. Egy hete m\u00e9g a k\u00f6vetkez\u0151 konferencia \u00fatiprogramj\u00e1t tervezgette, de v\u00e9g\u00fcl n\u00e9lk\u00fcl\u00fcnk utazott el \u00e9s nagyon messzire. F\u00e9lbemaradtak a megkezdett munk\u00e1k, mag\u00e1val vitte a meg\u00e1lmodott terveket, a kincseit, a kifogyhatatlan \u00f6tleteket, amelyekb\u0151l nek\u00fcnk is mindig b\u0151kez\u0171en adott. Nagyon magasra tette a l\u00e9cet \u00e9s elengedte a kez\u00fcnket, de k\u00f6teless\u00e9g\u00fcnknek \u00e9rezz\u00fck munk\u00e1j\u00e1nak folytat\u00e1s\u00e1t azzal a lelk\u00fclettel \u00e9s c\u00e9llal, amit t\u0151le kaptunk. A gy\u00e1sz \u00e9s a s\u00falyos vesztes\u00e9g hom\u00e1lyos\u00edtj\u00e1k a jelen pillanatait, azonban akik ismert\u00fck \u00e9s szerett\u00fck, nem felejtj\u00fck. Sem a munk\u00e1t, amit v\u00e9gzett, sem a lelk\u00fcletet, ahogy azt v\u00e9gezte.<\/p>\n<p>K\u00f6zvetlen munkat\u00e1rsak<\/p>\n<p>&nbsp;<\/p>\n","protected":false},"excerpt":{"rendered":"<p><a href=\"https:\/\/semmelweis.hu\/kutlab\/files\/2023\/07\/Fust-Gyorgy_DSC_6689.jpg\"><\/a> Dr. F\u00fcst Gy\u00f6rgy 1937. november 14. -2012. j\u00falius 5. F\u00fcst Gy\u00f6rgy professzor \u00far hal\u00e1l\u00e1val p\u00f3tolhatatlan vesztes\u00e9g \u00e9rte a hazai \u00e9s hat\u00e1ron t\u00fali immunol\u00f3gusok k\u00f6z\u00f6ss\u00e9g\u00e9t. P\u00e1lyafut\u00e1sa sor\u00e1n t\u00f6bbsz\u00f6r \u00e9s t\u00f6bb helyen teremtett maga k\u00f6r\u00fcl olyan szellemi \u00e9s fizikai atmoszf\u00e9r\u00e1t, melynek haszna \u00e9s kisug\u00e1rz\u00e1sa folyamatosan \u00e9rz\u00e9kelhet\u0151 volt \u00e9s sok\u00e1ig az is marad. Nem csup\u00e1n iskol\u00e1t teremtett, hanem &hellip;<\/p>\n","protected":false},"author":12,"featured_media":0,"parent":18,"menu_order":0,"comment_status":"closed","ping_status":"closed","template":"","meta":{"_acf_changed":false,"footnotes":""},"categories":[],"tags":[],"class_list":["post-1749","page","type-page","status-publish","hentry"],"acf":[],"_links":{"self":[{"href":"https:\/\/semmelweis.hu\/kutlab\/wp-json\/wp\/v2\/pages\/1749","targetHints":{"allow":["GET"]}}],"collection":[{"href":"https:\/\/semmelweis.hu\/kutlab\/wp-json\/wp\/v2\/pages"}],"about":[{"href":"https:\/\/semmelweis.hu\/kutlab\/wp-json\/wp\/v2\/types\/page"}],"author":[{"embeddable":true,"href":"https:\/\/semmelweis.hu\/kutlab\/wp-json\/wp\/v2\/users\/12"}],"replies":[{"embeddable":true,"href":"https:\/\/semmelweis.hu\/kutlab\/wp-json\/wp\/v2\/comments?post=1749"}],"version-history":[{"count":2,"href":"https:\/\/semmelweis.hu\/kutlab\/wp-json\/wp\/v2\/pages\/1749\/revisions"}],"predecessor-version":[{"id":1751,"href":"https:\/\/semmelweis.hu\/kutlab\/wp-json\/wp\/v2\/pages\/1749\/revisions\/1751"}],"up":[{"embeddable":true,"href":"https:\/\/semmelweis.hu\/kutlab\/wp-json\/wp\/v2\/pages\/18"}],"wp:attachment":[{"href":"https:\/\/semmelweis.hu\/kutlab\/wp-json\/wp\/v2\/media?parent=1749"}],"wp:term":[{"taxonomy":"category","embeddable":true,"href":"https:\/\/semmelweis.hu\/kutlab\/wp-json\/wp\/v2\/categories?post=1749"},{"taxonomy":"post_tag","embeddable":true,"href":"https:\/\/semmelweis.hu\/kutlab\/wp-json\/wp\/v2\/tags?post=1749"}],"curies":[{"name":"wp","href":"https:\/\/api.w.org\/{rel}","templated":true}]}}