{"id":1176,"date":"2022-11-10T12:43:20","date_gmt":"2022-11-10T11:43:20","guid":{"rendered":"https:\/\/semmelweis.hu\/kutlab\/?page_id=1176"},"modified":"2025-07-30T10:59:37","modified_gmt":"2025-07-30T08:59:37","slug":"dr-demeter-flora","status":"publish","type":"page","link":"https:\/\/semmelweis.hu\/kutlab\/munkatarsak\/dr-demeter-flora\/","title":{"rendered":"Dr. Demeter Fl\u00f3ra"},"content":{"rendered":"<p><img loading=\"lazy\" decoding=\"async\" class=\"alignnone wp-image-1989 \" src=\"https:\/\/semmelweis.hu\/kutlab\/files\/2024\/06\/20240411_110249010_iOS_1-267x400.jpg\" alt=\"\" width=\"100\" height=\"150\" srcset=\"https:\/\/semmelweis.hu\/kutlab\/files\/2024\/06\/20240411_110249010_iOS_1-267x400.jpg 267w, https:\/\/semmelweis.hu\/kutlab\/files\/2024\/06\/20240411_110249010_iOS_1-683x1024.jpg 683w, https:\/\/semmelweis.hu\/kutlab\/files\/2024\/06\/20240411_110249010_iOS_1-768x1151.jpg 768w, https:\/\/semmelweis.hu\/kutlab\/files\/2024\/06\/20240411_110249010_iOS_1-1025x1536.jpg 1025w, https:\/\/semmelweis.hu\/kutlab\/files\/2024\/06\/20240411_110249010_iOS_1-753x1129.jpg 753w, https:\/\/semmelweis.hu\/kutlab\/files\/2024\/06\/20240411_110249010_iOS_1.jpg 1334w\" sizes=\"auto, (max-width: 100px) 100vw, 100px\" \/>V\u00e9gzetts\u00e9g: \u00c1ltal\u00e1nos orvos<\/p>\n<p>Munkak\u00f6r\/beoszt\u00e1s: PhD hallgat\u00f3<\/p>\n<p>E-mail: <a href=\"mailto:demeter.flora@semmelweis.hu\">demeter.flora@semmelweis.hu<\/a><\/p>\n<p>&nbsp;<\/p>\n<p><strong>Tudom\u00e1nyos \u00e9rdekl\u0151d\u00e9si ter\u00fcletek:<\/strong> A komplement rendszer \u00e9s a hipoxia egy\u00fcttes hat\u00e1sa az ateroszkler\u00f3zis talaj\u00e1n kialakul\u00f3 betegs\u00e9gekben; az endot\u00e9lsejtek fiziol\u00f3gi\u00e1ja \u00e9s patofiziol\u00f3gi\u00e1ja; gyullad\u00e1si reakci\u00f3k; immuntromb\u00f3zis; mezenchim\u00e1lis \u0151ssejtek immunmodul\u00e1l\u00f3 hat\u00e1s\u00e1nak vizsg\u00e1lata; \u0151ssejt-transzplant\u00e1ci\u00f3 gyakorlati vonatkoz\u00e1sai.<a href=\"https:\/\/semmelweis.hu\/kutlab\/munkatarsak-dr-demeter-flora-mediumok-osszetetele\/\">\u00a0<\/a><\/p>\n<p><strong>Orcid ID: <\/strong><a href=\"https:\/\/orcid.org\/0000-0003-0149-2871\">0000-0003-0149-2871<\/a><\/p>\n","protected":false},"excerpt":{"rendered":"<p>V\u00e9gzetts\u00e9g: \u00c1ltal\u00e1nos orvos<br \/>\nMunkak\u00f6r\/beoszt\u00e1s: PhD hallgat\u00f3<br \/>\nE-mail: <a href=\"mailto:demeter.flora@semmelweis.hu\">demeter.flora@semmelweis.hu<\/a><br \/>\n&nbsp;<br \/>\nTudom\u00e1nyos \u00e9rdekl\u0151d\u00e9si ter\u00fcletek: A komplement rendszer \u00e9s a hipoxia egy\u00fcttes hat\u00e1sa az ateroszkler\u00f3zis talaj\u00e1n kialakul\u00f3 betegs\u00e9gekben; az endot\u00e9lsejtek fiziol\u00f3gi\u00e1ja \u00e9s patofiziol\u00f3gi\u00e1ja; gyullad\u00e1si reakci\u00f3k; immuntromb\u00f3zis; mezenchim\u00e1lis \u0151ssejtek immunmodul\u00e1l\u00f3 hat\u00e1s\u00e1nak vizsg\u00e1lata; \u0151ssejt-transzplant\u00e1ci\u00f3 gyakorlati vonatkoz\u00e1sai.<a href=\"https:\/\/semmelweis.hu\/kutlab\/munkatarsak-dr-demeter-flora-mediumok-osszetetele\/\">\u00a0<\/a><br \/>\nOrcid ID: <a href=\"https:\/\/orcid.org\/0000-0003-0149-2871\">0000-0003-0149-2871<\/a><\/p>\n","protected":false},"author":101100,"featured_media":0,"parent":19,"menu_order":5,"comment_status":"closed","ping_status":"closed","template":"","meta":{"_acf_changed":false,"footnotes":""},"categories":[],"tags":[],"class_list":["post-1176","page","type-page","status-publish","hentry"],"acf":[],"_links":{"self":[{"href":"https:\/\/semmelweis.hu\/kutlab\/wp-json\/wp\/v2\/pages\/1176","targetHints":{"allow":["GET"]}}],"collection":[{"href":"https:\/\/semmelweis.hu\/kutlab\/wp-json\/wp\/v2\/pages"}],"about":[{"href":"https:\/\/semmelweis.hu\/kutlab\/wp-json\/wp\/v2\/types\/page"}],"author":[{"embeddable":true,"href":"https:\/\/semmelweis.hu\/kutlab\/wp-json\/wp\/v2\/users\/101100"}],"replies":[{"embeddable":true,"href":"https:\/\/semmelweis.hu\/kutlab\/wp-json\/wp\/v2\/comments?post=1176"}],"version-history":[{"count":10,"href":"https:\/\/semmelweis.hu\/kutlab\/wp-json\/wp\/v2\/pages\/1176\/revisions"}],"predecessor-version":[{"id":2156,"href":"https:\/\/semmelweis.hu\/kutlab\/wp-json\/wp\/v2\/pages\/1176\/revisions\/2156"}],"up":[{"embeddable":true,"href":"https:\/\/semmelweis.hu\/kutlab\/wp-json\/wp\/v2\/pages\/19"}],"wp:attachment":[{"href":"https:\/\/semmelweis.hu\/kutlab\/wp-json\/wp\/v2\/media?parent=1176"}],"wp:term":[{"taxonomy":"category","embeddable":true,"href":"https:\/\/semmelweis.hu\/kutlab\/wp-json\/wp\/v2\/categories?post=1176"},{"taxonomy":"post_tag","embeddable":true,"href":"https:\/\/semmelweis.hu\/kutlab\/wp-json\/wp\/v2\/tags?post=1176"}],"curies":[{"name":"wp","href":"https:\/\/api.w.org\/{rel}","templated":true}]}}

Dr. Demeter Flóra

<p><img loading="lazy" decoding="async" class="alignnone wp-image-1989 " src="https://semmelweis.hu/kutlab/files/2024/06/20240411_110249010_iOS_1-267x400.jpg" alt="" width="100" height="150" srcset="https://semmelweis.hu/kutlab/files/2024/06/20240411_110249010_iOS_1-267x400.jpg 267w, https://semmelweis.hu/kutlab/files/2024/06/20240411_110249010_iOS_1-683x1024.jpg 683w, https://semmelweis.hu/kutlab/files/2024/06/20240411_110249010_iOS_1-768x1151.jpg 768w, https://semmelweis.hu/kutlab/files/2024/06/20240411_110249010_iOS_1-1025x1536.jpg 1025w, https://semmelweis.hu/kutlab/files/2024/06/20240411_110249010_iOS_1-753x1129.jpg 753w, https://semmelweis.hu/kutlab/files/2024/06/20240411_110249010_iOS_1.jpg 1334w" sizes="auto, (max-width: 100px) 100vw, 100px" />Végzettség: Általános orvos</p>
<p>Munkakör/beosztás: PhD hallgató</p>
<p>E-mail: <a href="mailto:demeter.flora@semmelweis.hu">demeter.flora@semmelweis.hu</a></p>
<p>&nbsp;</p>
<p><strong>Tudományos érdeklődési területek:</strong> A komplement rendszer és a hipoxia együttes hatása az ateroszklerózis talaján kialakuló betegségekben; az endotélsejtek fiziológiája és patofiziológiája; gyulladási reakciók; immuntrombózis; mezenchimális őssejtek immunmoduláló hatásának vizsgálata; őssejt-transzplantáció gyakorlati vonatkozásai.<a href="https://semmelweis.hu/kutlab/munkatarsak-dr-demeter-flora-mediumok-osszetetele/"> </a></p>
<p><strong>Orcid ID: </strong><a href="https://orcid.org/0000-0003-0149-2871">0000-0003-0149-2871</a></p>

<p>Végzettség: Általános orvos<br />
Munkakör/beosztás: PhD hallgató<br />
E-mail: <a href="mailto:demeter.flora@semmelweis.hu">demeter.flora@semmelweis.hu</a><br />
&nbsp;<br />
Tudományos érdeklődési területek: A komplement rendszer és a hipoxia együttes hatása az ateroszklerózis talaján kialakuló betegségekben; az endotélsejtek fiziológiája és patofiziológiája; gyulladási reakciók; immuntrombózis; mezenchimális őssejtek immunmoduláló hatásának vizsgálata; őssejt-transzplantáció gyakorlati vonatkozásai.<a href="https://semmelweis.hu/kutlab/munkatarsak-dr-demeter-flora-mediumok-osszetetele/"> </a><br />
Orcid ID: <a href="https://orcid.org/0000-0003-0149-2871">0000-0003-0149-2871</a></p>
